-- Table structure for table `project_types`
--

CREATE TABLE `project_types` (
  `id` bigint(20) unsigned NOT NULL AUTO_INCREMENT,
  `name` text DEFAULT NULL,
  `active` tinyint(1) DEFAULT 0,
  `created_at` timestamp NULL DEFAULT NULL,
  `updated_at` timestamp NULL DEFAULT NULL,
  PRIMARY KEY (`id`)
) ENGINE=InnoDB AUTO_INCREMENT=10 DEFAULT CHARSET=utf8mb4 COLLATE=utf8mb4_unicode_ci;

--
-- Dumping data for table `project_types`
--

INSERT INTO `project_types` VALUES
(1,'{\"ar\":\"\\u0641\\u0644\\u0644 \\u062f\\u0628\\u0644\\u0643\\u0633\",\"en\":\"Duplex Villas\"}',1,'2025-04-08 06:33:21','2025-04-08 06:33:21'),
(2,'{\"ar\":\"\\u0641\\u0644\\u0644\",\"en\":\"Villas\"}',1,'2025-04-08 06:33:34','2025-04-08 06:42:53'),
(3,'{\"ar\":\"\\u0643\\u0645\\u0628\\u0627\\u0648\\u0646\\u062f \\u0634\\u0642\\u0642\",\"en\":\"Appartments Compound\"}',1,'2025-04-08 06:34:29','2025-04-08 06:34:29'),
(4,'{\"ar\":\"\\u0645\\u062c\\u0645\\u0639 \\u0645\\u0643\\u062a\\u0628\\u064a\",\"en\":\"Offices Complex\"}',1,'2025-04-08 06:35:53','2025-04-08 06:45:37'),
(5,'{\"ar\":\"\\u0643\\u0645\\u0628\\u0627\\u0648\\u0646\\u062f \\u0641\\u0644\\u0644\",\"en\":\"Villas Compound\"}',1,'2025-04-08 06:36:40','2025-04-08 06:36:40'),
(6,'{\"ar\":\"\\u0639\\u0645\\u0627\\u0626\\u0631 \\u0634\\u0642\\u0642\",\"en\":\"Apartment Complex\"}',1,'2025-04-08 06:38:37','2025-04-08 06:38:37'),
(7,'{\"ar\":\"\\u0623\\u062f\\u0648\\u0627\\u0631 \\u0645\\u0641\\u0635\\u0648\\u0644\\u0629\",\"en\":\"Floors\"}',1,'2025-04-08 06:39:17','2025-04-08 06:39:17'),
(8,'{\"ar\":\"\\u0636\\u0627\\u062d\\u064a\\u0629 \\u0633\\u0643\\u064a\\u0646\\u0629\",\"en\":\"Residential Community\"}',1,'2025-04-08 06:45:13','2025-04-08 06:45:13'),
(9,'{\"ar\":\"\\u062c\\u0627\\u0645\\u0639\",\"en\":\"Masjed\"}',1,'2025-04-08 06:48:52','2025-04-08 06:48:52');

--
-- Table structure for table `project_types_projects`
--

CREATE TABLE `project_types_projects` (
  `id` bigint(20) unsigned NOT NULL AUTO_INCREMENT,
  `project_id` bigint(20) unsigned NOT NULL,
  `project_type_id` bigint(20) unsigned NOT NULL,
  `created_at` timestamp NULL DEFAULT NULL,
  `updated_at` timestamp NULL DEFAULT NULL,
  PRIMARY KEY (`id`),
  KEY `project_types_projects_project_id_foreign` (`project_id`),
  KEY `project_types_projects_project_type_id_foreign` (`project_type_id`),
  CONSTRAINT `project_types_projects_project_id_foreign` FOREIGN KEY (`project_id`) REFERENCES `projects` (`id`) ON DELETE CASCADE,
  CONSTRAINT `project_types_projects_project_type_id_foreign` FOREIGN KEY (`project_type_id`) REFERENCES `project_types` (`id`) ON DELETE CASCADE
) ENGINE=InnoDB AUTO_INCREMENT=18 DEFAULT CHARSET=utf8mb4 COLLATE=utf8mb4_unicode_ci;

--
-- Dumping data for table `project_types_projects`
--

INSERT INTO `project_types_projects` VALUES
(1,31,3,NULL,NULL),
(2,29,4,NULL,NULL),
(3,30,3,NULL,NULL),
(4,15,8,NULL,NULL),
(5,21,5,NULL,NULL),
(6,22,3,NULL,NULL),
(7,23,3,NULL,NULL),
(8,11,1,NULL,NULL),
(9,13,6,NULL,NULL),
(10,14,2,NULL,NULL),
(11,12,7,NULL,NULL),
(12,25,6,NULL,NULL),
(13,26,8,NULL,NULL),
(14,27,2,NULL,NULL),
(15,28,9,NULL,NULL),
(16,33,4,NULL,NULL),
(17,35,3,NULL,NULL);

--
-- Table structure for table `project_types_sprojects`
--

CREATE TABLE `project_types_sprojects` (
  `id` bigint(20) unsigned NOT NULL AUTO_INCREMENT,
  `project_type_id` bigint(20) unsigned NOT NULL,
  `s_project_id` bigint(20) unsigned NOT NULL,
  `created_at` timestamp NULL DEFAULT NULL,
  `updated_at` timestamp NULL DEFAULT NULL,
  PRIMARY KEY (`id`),
  KEY `project_types_sprojects_project_type_id_foreign` (`project_type_id`),
  KEY `project_types_sprojects_s_project_id_foreign` (`s_project_id`),
  CONSTRAINT `project_types_sprojects_project_type_id_foreign` FOREIGN KEY (`project_type_id`) REFERENCES `project_types` (`id`) ON DELETE CASCADE,
  CONSTRAINT `project_types_sprojects_s_project_id_foreign` FOREIGN KEY (`s_project_id`) REFERENCES `s_projects` (`id`) ON DELETE CASCADE
) ENGINE=InnoDB AUTO_INCREMENT=3 DEFAULT CHARSET=utf8mb4 COLLATE=utf8mb4_unicode_ci;

--
-- Dumping data for table `project_types_sprojects`
--

INSERT INTO `project_types_sprojects` VALUES
(1,3,54,NULL,NULL),
(2,5,57,NULL,NULL);

--
-- Table structure for table `projects`
--

CREATE TABLE `projects` (
  `id` bigint(20) unsigned NOT NULL AUTO_INCREMENT,
  `name` text NOT NULL,
  `title` text NOT NULL,
  `subtitle` text DEFAULT NULL,
  `slug` varchar(255) NOT NULL,
  `slug_ar` varchar(255) DEFAULT NULL,
  `type` enum('product','project') NOT NULL DEFAULT 'project',
  `owner_id` bigint(20) unsigned DEFAULT 0,
  `developer_id` bigint(20) unsigned DEFAULT 0,
  `contractor_id` bigint(20) unsigned DEFAULT 0,
  `template` varchar(255) DEFAULT NULL,
  `image` varchar(255) DEFAULT NULL,
  `video` varchar(255) DEFAULT NULL,
  `logo` varchar(255) DEFAULT NULL,
  `profile` text DEFAULT NULL,
  `t360` varchar(255) DEFAULT NULL,
  `land_size` varchar(255) DEFAULT NULL,
  `sizes` varchar(255) DEFAULT NULL,
  `map` text DEFAULT NULL,
  `feature_desc` text DEFAULT NULL,
  `models` text DEFAULT NULL,
  `units` text DEFAULT NULL,
  `header_desc` text DEFAULT NULL,
  `desc` text DEFAULT NULL,
  `style` text DEFAULT NULL,
  `gallery` text DEFAULT NULL,
  `active` tinyint(1) DEFAULT 0,
  `in_menu` tinyint(1) DEFAULT 0,
  `in_home` tinyint(1) DEFAULT NULL,
  `has_interest` tinyint(1) DEFAULT 0,
  `interest_image` varchar(255) DEFAULT NULL,
  `interest_logo` varchar(255) DEFAULT NULL,
  `pmap` text DEFAULT NULL,
  `ques` text DEFAULT NULL,
  `seo` text DEFAULT NULL,
  `property_type` text DEFAULT NULL,
  `pstatus` varchar(255) DEFAULT NULL,
  `rooms` varchar(255) DEFAULT NULL,
  `city_id` bigint(20) unsigned DEFAULT NULL,
  `district_id` bigint(20) unsigned DEFAULT NULL,
  `created_at` timestamp NULL DEFAULT NULL,
  `updated_at` timestamp NULL DEFAULT NULL,
  `order` int(11) NOT NULL DEFAULT 0,
  `fmap` text DEFAULT NULL,
  PRIMARY KEY (`id`)
) ENGINE=InnoDB AUTO_INCREMENT=36 DEFAULT CHARSET=utf8mb4 COLLATE=utf8mb4_unicode_ci;

--
-- Dumping data for table `projects`
--

INSERT INTO `projects` VALUES
(11,'{\"ar\":\"\\u0641\\u0644\\u0644 \\u0627\\u0644\\u0628\\u062f\\u0631\",\"en\":\"BADER VILLAS\"}','{\"ar\":\"\\u0641\\u0644\\u0644 \\u0627\\u0644\\u0628\\u062f\\u0631\",\"en\":\"BADER VILLAS\"}','{\"ar\":\"BADER VILLAS\",\"en\":\"\\u0641\\u0644\\u0644 \\u0627\\u0644\\u0628\\u062f\\u0631\"}','bader-villas','فلل-البدر','product',2,2,1,NULL,'projects/01JMWPAG9PFXZEF79PTW806ZF2.webp',NULL,'projects/01JMWPAG9R814S1ACVXMGEFHR6.png','{\"status\":true,\"url\":\"https:\\/\\/drive.google.com\\/file\\/d\\/1zS74JZGZnxAZg8ErXHj4bedZUZya5Ayo\\/view\",\"file\":null}','https://bit.ly/3Jiu3z3','350','{\"area\":\"95,100\",\"flat\":\"82,103\",\"units\":\"317\",\"value\":\"332\"}','<iframe src=\"https://www.google.com/maps/embed?pb=!1m18!1m12!1m3!1d3629.7071498975333!2d46.642706800000006!3d24.5302138!2m3!1f0!2f0!3f0!3m2!1i1024!2i768!4f13.1!3m3!1m2!1s0x0%3A0x63c8ef19172e02a5!2z2YHZhNmEINin2YTYqNiv2LE!5e0!3m2!1sar!2ssa!4v1661069195077!5m2!1sar!2ssa\" width=\"600\" height=\"450\" style=\"border:0;\" allowfullscreen=\"\" loading=\"lazy\" referrerpolicy=\"no-referrer-when-downgrade\"></iframe>','{\"ar\":null,\"en\":null}','{\"title\":{\"ar\":null,\"en\":null},\"desc\":{\"ar\":null,\"en\":null},\"list\":[]}','{\"project_id\":[],\"title\":{\"ar\":null,\"en\":null},\"desc\":{\"ar\":null,\"en\":null},\"url\":null}','{\"ar\":null,\"en\":null}','{\"ar\":\"\\u0633\\u0644\\u0633\\u0644\\u0629 \\u0641\\u0644\\u0644 \\u0627\\u0644\\u0628\\u062f\\u0631\\u060c \\u0635\\u0645\\u0645\\u062a \\u0644\\u062a\\u0645\\u0646\\u062d \\u0633\\u0627\\u0643\\u0646\\u064a\\u0647\\u0627 \\u0623\\u062c\\u0648\\u0627\\u0621 \\u0645\\u0641\\u0639\\u0645\\u0629 \\u0628\\u0627\\u0644\\u0631\\u0627\\u062d\\u0629 \\u0648\\u0627\\u0644\\u062e\\u0635\\u0648\\u0635\\u064a\\u0629\\u060c \\u062d\\u064a\\u062b \\u0646\\u0641\\u0630\\u062a \\u0648\\u0641\\u0642 \\u0645\\u0639\\u0627\\u064a\\u064a\\u0631 \\u0647\\u0646\\u062f\\u0633\\u064a\\u0629 \\u062d\\u062f\\u064a\\u062b\\u0629\\u060c \\u0648\\u062a\\u0635\\u0627\\u0645\\u064a\\u0645 \\u062f\\u0627\\u062e\\u0644\\u064a\\u0629 \\u0630\\u0643\\u064a\\u0629 \\u062a\\u0645\\u0646\\u062d \\u0627\\u0644\\u0627\\u0633\\u062a\\u063a\\u0644\\u0627\\u0644 \\u0627\\u0644\\u0627\\u0645\\u062b\\u0644 \\u0644\\u0644\\u0645\\u0633\\u0627\\u062d\\u0627\\u062a \\u0627\\u0644\\u062f\\u0627\\u062e\\u0644\\u064a\\u0629 \\u0648\\u0627\\u0644\\u062e\\u0627\\u0631\\u062c\\u064a\\u0629\\u060c \\u0636\\u0645\\u0646 \\u0645\\u0648\\u0627\\u0642\\u0639 \\u062d\\u064a\\u0648\\u064a\\u0629 \\u0645\\u062e\\u062a\\u0627\\u0631\\u0629 \\u0628\\u0639\\u0646\\u0627\\u064a\\u0629 \\u0641\\u064a \\u0645\\u062f\\u064a\\u0646\\u0629 \\u0627\\u0644\\u0631\\u064a\\u0627\\u0636.\",\"en\":\"Badr Villas series, designed to give its residents an atmosphere full of comfort and privacy, was implemented according to modern engineering standards, and smart interior designs that give optimum use of interior and exterior spaces, within carefully selected vital locations in the city of Riyadh.\"}','{\"navbar\":{\"gostick\":true,\"transparent\":true,\"bg\":null,\"sbg\":null,\"bo\":null},\"ibtn\":{\"status\":false,\"bg\":null},\"interest\":{\"bg\":null,\"box_bg\":null,\"input_bg\":null,\"input_bo\":null,\"button_bg\":null}}','[\"projects\\/0.93300600 1701592221.jpg\",\"projects\\/0.93657000 1701592221.webp\",\"projects\\/0.93815700 1701592221.webp\",\"projects\\/0.93943400 1701592221.webp\",\"projects\\/0.94077800 1701592221.webp\",\"projects\\/0.94163500 1701592221.webp\",\"projects\\/0.94271600 1701592221.webp\",\"projects\\/0.83036800 1700748911.webp\",\"projects\\/0.83085000 1700748911.webp\",\"projects\\/0.83206300 1700748911.webp\",\"projects\\/0.83244000 1700748911.webp\",\"projects\\/0.83273700 1700748911.webp\",\"projects\\/0.83310100 1700748911.webp\",\"projects\\/0.83348200 1700748911.webp\",\"projects\\/0.83392300 1700748911.webp\",\"projects\\/0.83430900 1700748911.webp\",\"projects\\/0.83466900 1700748911.webp\"]',1,0,1,1,NULL,NULL,'{\"status\":false,\"title\":{\"ar\":null,\"en\":null},\"desc\":{\"ar\":null,\"en\":null},\"latitude\":null,\"longitude\":null,\"zoom\":null}','{\"q_reason\":[],\"q_payment\":[],\"q_type\":[]}','{\"fullurl\":false,\"title\":{\"ar\":null,\"en\":null},\"stitle\":{\"ar\":null,\"en\":null},\"desc\":{\"ar\":null,\"en\":null},\"canonical\":null,\"image\":null}','[\"duplex\"]','sold_out','4',1,NULL,'2025-02-24 15:53:07','2025-11-12 08:29:34',11,'{\"status\":true,\"points\":\"38.10,88.46\"}'),
(12,'{\"ar\":\"\\u0641\\u0644\\u0644 \\u0623\\u062f\\u0648\\u0627\\u0631\",\"en\":\"ADWAR VILLAS\"}','{\"ar\":\"\\u0641\\u0644\\u0644 \\u0623\\u062f\\u0648\\u0627\\u0631\",\"en\":\"ADWAR VILLAS\"}','{\"ar\":\"ADWAR VILLAS\",\"en\":\"\\u0641\\u0644\\u0644 \\u0623\\u062f\\u0648\\u0627\\u0631\"}','adwar-villas','فلل-أدوار','product',2,2,1,NULL,'projects/01JMWQDHY1878CHMDP67TQVJ95.jpeg',NULL,'projects/01JMWQDHY3QBZXK492JQGTG81D.png','{\"status\":true,\"url\":\"https:\\/\\/drive.google.com\\/file\\/d\\/1ER50GkccgrlRvetScHqMgnbZMR5L2w5c\\/view\",\"file\":null}','https://bit.ly/3VpMSpw','275','{\"area\":\"49,000\",\"flat\":\"57,000\",\"units\":\"245\",\"value\":\"194.8\"}','<iframe src=\"https://www.google.com/maps/embed?pb=!1m14!1m8!1m3!1d7261.037235700729!2d46.6769054!3d24.5021307!3m2!1i1024!2i768!4f13.1!3m3!1m2!1s0x3e2f0df6a21130f9%3A0x3b40fd0d8cd0d501!2zMjTCsDMwJzA1LjAiTiA0NsKwNDAnMjcuMiJF!5e0!3m2!1sen!2ssa!4v1634825032589!5m2!1sen!2ssa\" width=\"600\" height=\"450\" style=\"border:0;\" allowfullscreen=\"\" loading=\"lazy\"></iframe>','{\"ar\":null,\"en\":null}','{\"title\":{\"ar\":null,\"en\":null},\"desc\":{\"ar\":null,\"en\":null},\"list\":[]}','{\"project_id\":[],\"title\":{\"ar\":null,\"en\":null},\"desc\":{\"ar\":null,\"en\":null},\"url\":null}','{\"ar\":null,\"en\":null}','{\"ar\":\"\\u0633\\u0644\\u0633\\u0644\\u0629 \\u0641\\u0644\\u0644 \\u0623\\u062f\\u0648\\u0627\\u0631\\u060c \\u062a\\u062d\\u0641\\u0629 \\u0647\\u0646\\u062f\\u0633\\u064a\\u0629 \\u0635\\u0645\\u0645\\u062a \\u0644\\u062a\\u062a\\u0646\\u0627\\u0633\\u0628 \\u0645\\u0639 \\u0627\\u062d\\u062a\\u064a\\u0627\\u062c\\u0627\\u062a \\u0627\\u0644\\u0639\\u0645\\u0644\\u0627\\u0621\\u060c \\u062d\\u064a\\u062b \\u062a\\u0639\\u0632\\u0632 \\u0645\\u0641\\u0647\\u0648\\u0645 \\u0627\\u0644\\u062e\\u0635\\u0648\\u0635\\u064a\\u0629 \\u0648\\u0643\\u0641\\u0627\\u0621\\u0629 \\u0627\\u0644\\u062a\\u0635\\u0645\\u064a\\u0645 \\u0627\\u0644\\u062f\\u0627\\u062e\\u0644\\u064a \\u0627\\u0644\\u0630\\u064a \\u064a\\u0639\\u0643\\u0633 \\u0627\\u0644\\u0627\\u0633\\u062a\\u063a\\u0644\\u0627\\u0644 \\u0627\\u0644\\u0627\\u0645\\u062b\\u0644 \\u0644\\u0644\\u0645\\u0633\\u0627\\u062d\\u0627\\u062a \\u0627\\u0644\\u062f\\u0627\\u062e\\u0644\\u064a\\u0629\\u060c \\u062a\\u062d\\u062a\\u0648\\u064a \\u0643\\u0644 \\u0641\\u064a\\u0644\\u0627 \\u0639\\u0644\\u0649 \\u0648\\u062d\\u062f\\u062a\\u064a\\u0646 \\u0645\\u0646\\u0641\\u0635\\u0644\\u062a\\u064a\\u0646 \\u062a\\u0645\\u0627\\u0645\\u064b\\u0627 \\u0644\\u062a\\u0636\\u0641\\u064a \\u0627\\u0644\\u062e\\u0635\\u0648\\u0635\\u064a\\u0629 \\u0648\\u0627\\u0644\\u0627\\u0645\\u0627\\u0646\\u060c \\u0636\\u0645\\u0646 \\u0645\\u0648\\u0627\\u0642\\u0639 \\u062d\\u064a\\u0648\\u064a\\u0629 \\u0648\\u0645\\u062e\\u062a\\u0627\\u0631\\u0629 \\u0641\\u064a \\u0645\\u062f\\u064a\\u0646\\u0629 \\u0627\\u0644\\u0631\\u064a\\u0627\\u0636.\",\"en\":\"Adwar Villas series, an architectural masterpiece designed to suit the needs of customers, as it enhances the concept of privacy and the efficiency of the interior design, which reflects the optimal use of the interior spaces. Each villa contains two completely separate units to give privacy and safety, within vital and selected locations in the city of Riyadh.\"}','{\"navbar\":{\"gostick\":true,\"transparent\":true,\"bg\":null,\"sbg\":null,\"bo\":null},\"ibtn\":{\"status\":false,\"bg\":null},\"interest\":{\"bg\":null,\"box_bg\":null,\"input_bg\":null,\"input_bo\":null,\"button_bg\":null}}','[\"projects\\/0.25266400 1701779444.jpg\",\"projects\\/0.25693800 1701779444.jpg\",\"projects\\/0.25762800 1701779444.jpg\",\"projects\\/0.25817600 1701779444.jpg\",\"projects\\/0.44768500 1701167291.jpg\",\"projects\\/0.16473900 1700751799.webp\",\"projects\\/0.16549100 1700751799.webp\",\"projects\\/0.16603500 1700751799.webp\",\"projects\\/0.16642300 1700751799.webp\",\"projects\\/0.16689100 1700751799.webp\",\"projects\\/0.16739400 1700751799.webp\",\"projects\\/0.16941800 1700751799.webp\",\"projects\\/0.16996900 1700751799.webp\"]',1,0,1,1,NULL,NULL,'{\"status\":false,\"title\":{\"ar\":null,\"en\":null},\"desc\":{\"ar\":null,\"en\":null},\"latitude\":null,\"longitude\":null,\"zoom\":null}','{\"q_reason\":[\"investment\",\"rent\",\"residential\"],\"q_payment\":[\"cash\",\"supported_bank\",\"non_supported_bank\"],\"q_type\":[]}','{\"fullurl\":false,\"title\":{\"ar\":null,\"en\":null},\"stitle\":{\"ar\":null,\"en\":null},\"desc\":{\"ar\":null,\"en\":null},\"canonical\":null,\"image\":null}','[]','sold_out',NULL,1,NULL,'2025-02-24 15:53:07','2025-11-12 08:29:23',14,'{\"status\":false,\"points\":null}'),
(13,'{\"ar\":\"\\u0633\\u0643\\u064a\\u0646\\u0629 \\u0631\\u064a\\u0632\\u064a\\u062f\\u0646\\u0633\",\"en\":\"SAKENAH RESIDENCE\"}','{\"ar\":\"\\u0633\\u0643\\u064a\\u0646\\u0629 \\u0631\\u064a\\u0632\\u064a\\u062f\\u0646\\u0633\",\"en\":\"SAKENAH RESIDENCE\"}','{\"ar\":\"SAKENAH RESIDENCE\",\"en\":\"\\u0633\\u0643\\u064a\\u0646\\u0629 \\u0631\\u064a\\u0632\\u064a\\u062f\\u0646\\u0633\"}','sakenah-residence','سكينة-ريزيدنس','product',2,2,1,NULL,'projects/01JMWR7A3F3MFT9PGHQWGYWDMC.jpeg',NULL,'projects/01JMWR7A3HNP215P1JGG99TP8D.webp','{\"status\":true,\"url\":\"https:\\/\\/drive.google.com\\/file\\/d\\/16ivDNc-nV0NDqqQRYy3tYRWcceasNgeC\\/view\",\"file\":null}','https://bit.ly/3xdPuyU','170','{\"area\":\"37,900\",\"flat\":\"64,430\",\"units\":\"379\",\"value\":\"227.4\"}','<iframe src=\"https://www.google.com/maps/embed?pb=!1m14!1m8!1m3!1d14518.736430657491!2d46.6442807!3d24.5310108!3m2!1i1024!2i768!4f13.1!3m3!1m2!1s0x3e2f11579cfa41a1%3A0x36ceeb30620693d3!2z2LPZg9mK2YbYqSDYsdmK2LLZitiv2YbYsyAxMjYgLyDYp9mE2LPZhNmK2YXYp9mGINin2YTYudmC2KfYsdmK2Kk!5e0!3m2!1sar!2ssa!4v1684647904321!5m2!1sar!2ssa\" width=\"600\" height=\"450\" style=\"border:0;\" allowfullscreen=\"\" loading=\"lazy\" referrerpolicy=\"no-referrer-when-downgrade\"></iframe>','{\"ar\":null,\"en\":null}','{\"title\":{\"ar\":null,\"en\":null},\"desc\":{\"ar\":null,\"en\":null},\"list\":[]}','{\"project_id\":[],\"title\":{\"ar\":null,\"en\":null},\"desc\":{\"ar\":null,\"en\":null},\"url\":null}','{\"ar\":null,\"en\":null}','{\"ar\":\"\\u0633\\u0644\\u0633\\u0644\\u0629 \\u0633\\u0643\\u064a\\u0646\\u0629 \\u0631\\u064a\\u0632\\u064a\\u062f\\u0646\\u0633\\u060c \\u0628\\u064a\\u0626\\u0629 \\u0645\\u062c\\u062a\\u0645\\u0639\\u064a\\u0629 \\u0633\\u0643\\u0646\\u064a\\u0629 \\u0635\\u0645\\u0645\\u062a \\u0644\\u062a\\u0648\\u0641\\u0631 \\u0623\\u0633\\u0644\\u0648\\u0628 \\u062d\\u064a\\u0627\\u0629 \\u0643\\u0631\\u064a\\u0645\\u0629 \\u0648\\u0622\\u0645\\u0646\\u0629\\u060c \\u062a\\u0645\\u062a\\u0627\\u0632 \\u0628\\u0645\\u0633\\u0627\\u062d\\u0627\\u062a \\u0645\\u062e\\u062a\\u0644\\u0641\\u0629 \\u0648\\u0646\\u0645\\u0627\\u0630\\u062c \\u0645\\u062a\\u0646\\u0648\\u0639\\u0629 \\u062a\\u0644\\u0628\\u064a \\u0627\\u062d\\u062a\\u064a\\u0627\\u062c\\u0627\\u062a \\u0627\\u0644\\u0639\\u0645\\u0644\\u0627\\u0621\\u060c \\u0644\\u062a\\u0642\\u062f\\u0645 \\u062a\\u062c\\u0631\\u0628\\u0629 \\u0633\\u0643\\u0646\\u064a\\u0629 \\u0645\\u0645\\u064a\\u0632\\u0629\\u060c \\u062d\\u0631\\u064a\\u0635\\u064a\\u0646 \\u0639\\u0644\\u0649 \\u0645\\u062a\\u0627\\u0646\\u0629 \\u0627\\u0644\\u0628\\u0646\\u0627\\u0621 \\u0648\\u062c\\u0645\\u0627\\u0644 \\u0627\\u0644\\u062a\\u0635\\u0645\\u064a\\u0645 \\u0648\\u062c\\u0648\\u062f\\u0629 \\u0627\\u0644\\u062a\\u0634\\u0637\\u064a\\u0628\\u060c \\u0641\\u064a \\u0645\\u0648\\u0627\\u0642\\u0639 \\u0645\\u062e\\u062a\\u0627\\u0631\\u0647 \\u0641\\u064a \\u0645\\u062f\\u064a\\u0646\\u0629 \\u0627\\u0644\\u0631\\u064a\\u0627\\u0636.\",\"en\":\"Sakenah Residence series, a residential community environment designed to provide a decent and safe lifestyle, characterized by different spaces and various models that meet the needs of customers, to provide a distinctive residential experience, keen on the durability of construction, beauty of design and quality of finishing, in selected locations in the city of Riyadh.\"}','{\"navbar\":{\"gostick\":true,\"transparent\":true,\"bg\":null,\"sbg\":null,\"bo\":null},\"ibtn\":{\"status\":false,\"bg\":null},\"interest\":{\"bg\":null,\"box_bg\":null,\"input_bg\":null,\"input_bo\":null,\"button_bg\":null}}','[\"projects\\/0.20120300 1701592554.jpg\",\"projects\\/0.20744500 1701592554.jpg\",\"projects\\/0.21224300 1701592554.jpg\",\"projects\\/0.21735900 1701592554.jpg\",\"projects\\/0.21943300 1701592554.jpg\",\"projects\\/0.22133000 1701592554.jpg\",\"projects\\/0.22615900 1701592554.jpg\",\"projects\\/0.23198500 1701592554.jpg\",\"projects\\/0.89635900 1700753877.webp\",\"projects\\/0.89728600 1700753877.webp\",\"projects\\/0.89789000 1700753877.webp\",\"projects\\/0.89877300 1700753877.webp\",\"projects\\/0.89923700 1700753877.webp\",\"projects\\/0.89966100 1700753877.webp\",\"projects\\/0.90010400 1700753877.webp\"]',1,0,1,1,NULL,NULL,'{\"status\":false,\"title\":{\"ar\":null,\"en\":null},\"desc\":{\"ar\":null,\"en\":null},\"latitude\":null,\"longitude\":null,\"zoom\":null}','{\"q_reason\":[\"investment\",\"rent\",\"residential\"],\"q_payment\":[],\"q_type\":[\"cash\",\"supported_bank\",\"non_supported_bank\"]}','{\"fullurl\":false,\"title\":{\"ar\":null,\"en\":null},\"stitle\":{\"ar\":null,\"en\":null},\"desc\":{\"ar\":null,\"en\":null},\"canonical\":null,\"image\":null}','[\"apartment\"]','available_for_sale',NULL,1,NULL,'2025-02-24 15:53:07','2025-08-10 05:55:07',12,'{\"status\":true,\"points\":\"18.03,87.65\"}'),
(14,'{\"ar\":\"\\u0641\\u0644\\u0644 \\u0627\\u0644\\u0631\\u062d\\u0628\\u0629\",\"en\":\"ALRAHBAH VILLAS\"}','{\"ar\":\"\\u0641\\u0644\\u0644 \\u0627\\u0644\\u0631\\u062d\\u0628\\u0629\",\"en\":\"ALRAHBAH VILLAS\"}','{\"ar\":\"ALRAHBAH VILLAS\",\"en\":\"\\u0641\\u0644\\u0644 \\u0627\\u0644\\u0631\\u062d\\u0628\\u0629\"}','alrahbah-villas','فلل-الرحبة','product',2,2,1,NULL,'projects/01JMWRDJAZ0E48FWBZWT82YP3F.webp',NULL,'projects/01JMWRDJB1B0T4K2SSB8BGTC57.png','{\"status\":false,\"url\":null,\"file\":null}','https://my.matterport.com/show/?m=Kq8BJpsGmxG','433','{\"area\":\"5,600\",\"flat\":\"7,600\",\"units\":\"13\",\"value\":\"32\"}','<iframe src=\"https://www.google.com/maps/embed?pb=!1m10!1m8!1m3!1d2158.7350778346586!2d46.6848316860833!3d24.501211041141413!3m2!1i1024!2i768!4f13.1!5e0!3m2!1sen!2ssa!4v1728909305633!5m2!1sen!2ssa\" width=\"600\" height=\"450\" style=\"border:0;\" allowfullscreen=\"\" loading=\"lazy\" referrerpolicy=\"no-referrer-when-downgrade\"></iframe>','{\"ar\":null,\"en\":null}','{\"title\":{\"ar\":null,\"en\":null},\"desc\":{\"ar\":null,\"en\":null},\"list\":[]}','{\"project_id\":[],\"title\":{\"ar\":null,\"en\":null},\"desc\":{\"ar\":null,\"en\":null},\"url\":null}','{\"ar\":null,\"en\":null}','{\"ar\":\"\\u0633\\u0644\\u0633\\u0644\\u0629 \\u0641\\u0644\\u0644 \\u0627\\u0644\\u0631\\u062d\\u0628\\u0629\\u060c \\u062a\\u062d\\u0641\\u0629 \\u0647\\u0646\\u062f\\u0633\\u064a\\u0629 \\u0635\\u0645\\u0645\\u062a \\u0644\\u062a\\u062a\\u0646\\u0627\\u0633\\u0628 \\u0645\\u0639 \\u0627\\u062d\\u062a\\u064a\\u0627\\u062c\\u0627\\u062a \\u0627\\u0644\\u0639\\u0645\\u0644\\u0627\\u0621\\u060c \\u062d\\u064a\\u062b \\u062a\\u0639\\u0632\\u0632 \\u0645\\u0641\\u0647\\u0648\\u0645 \\u0627\\u0644\\u062e\\u0635\\u0648\\u0635\\u064a\\u0629 \\u0648\\u0643\\u0641\\u0627\\u0621\\u0629 \\u0627\\u0644\\u062a\\u0635\\u0645\\u064a\\u0645 \\u0627\\u0644\\u062f\\u0627\\u062e\\u0644\\u064a \\u0627\\u0644\\u0630\\u064a \\u064a\\u0639\\u0643\\u0633 \\u0627\\u0644\\u0627\\u0633\\u062a\\u063a\\u0644\\u0627\\u0644 \\u0627\\u0644\\u0627\\u0645\\u062b\\u0644 \\u0644\\u0644\\u0645\\u0633\\u0627\\u062d\\u0627\\u062a \\u0627\\u0644\\u062f\\u0627\\u062e\\u0644\\u064a\\u0629\\u060c \\u0636\\u0645\\u0646 \\u0645\\u0648\\u0627\\u0642\\u0639 \\u062d\\u064a\\u0648\\u064a\\u0629 \\u0648\\u0645\\u062e\\u062a\\u0627\\u0631\\u0629 \\u0641\\u064a \\u0645\\u062f\\u064a\\u0646\\u0629 \\u0627\\u0644\\u0631\\u064a\\u0627\\u0636.\",\"en\":\"Al Rahba villas series, an architectural masterpiece designed to suit the needs of customers, as it enhances the concept of privacy and efficiency of the interior design, which reflects the optimal use of the interior spaces, within vital and selected locations in the city of Riyadh.\"}','{\"navbar\":{\"gostick\":true,\"transparent\":true,\"bg\":null,\"sbg\":null,\"bo\":null},\"ibtn\":{\"status\":false,\"bg\":null},\"interest\":{\"bg\":null,\"box_bg\":null,\"input_bg\":null,\"input_bo\":null,\"button_bg\":null}}','[\"projects\\/0.55002700 1700754660.webp\",\"projects\\/0.55049900 1700754660.webp\",\"projects\\/0.55102100 1700754660.webp\",\"projects\\/0.55154400 1700754660.webp\"]',1,0,1,0,NULL,NULL,'{\"status\":false,\"title\":{\"ar\":null,\"en\":null},\"desc\":{\"ar\":null,\"en\":null},\"latitude\":null,\"longitude\":null,\"zoom\":null}','{\"q_reason\":[],\"q_payment\":[],\"q_type\":[]}','{\"fullurl\":false,\"title\":{\"ar\":null,\"en\":null},\"stitle\":{\"ar\":null,\"en\":null},\"desc\":{\"ar\":null,\"en\":null},\"canonical\":null,\"image\":null}','[\"villa\"]','sold_out','4',1,NULL,'2025-02-24 15:53:07','2025-08-10 05:49:28',13,'{\"status\":true,\"points\":\"36.90,89.07\"}'),
(15,'{\"ar\":\"\\u0645\\u062e\\u0637\\u0637 \\u0646\\u062e\\u0628\\u0629 \\u0627\\u0644\\u0633\\u0644\\u064a\\u0645\\u0627\\u0646\",\"en\":\"Alsoliman Elite Plan\"}','{\"ar\":\"\\u0645\\u062e\\u0637\\u0637 \\u0646\\u062e\\u0628\\u0629 \\u0627\\u0644\\u0633\\u0644\\u064a\\u0645\\u0627\\u0646\",\"en\":\"Alsoliman Elite Plan\"}','{\"ar\":\"Alsoliman Elite Plan\",\"en\":\"\\u0645\\u062e\\u0637\\u0637 \\u0646\\u062e\\u0628\\u0629 \\u0627\\u0644\\u0633\\u0644\\u064a\\u0645\\u0627\\u0646\"}','alsoliman-elite-plan','مخطط-نخبة-السليمان','product',2,2,1,NULL,'projects/01JMWRMGX893WW8AXRN5SVAPEK.webp',NULL,'projects/01JMWRMGXBHWX24HN8NAZ8DVZ8.png','{\"status\":false,\"url\":null,\"file\":null}',NULL,'533237','{\"area\":\"533,237\",\"flat\":\"788,648\",\"units\":\"2,000\",\"value\":\"2,200\"}',NULL,'{\"ar\":null,\"en\":null}','{\"title\":{\"ar\":null,\"en\":null},\"desc\":{\"ar\":null,\"en\":null},\"list\":[]}','{\"project_id\":[],\"title\":{\"ar\":null,\"en\":null},\"desc\":{\"ar\":null,\"en\":null},\"url\":null}','{\"ar\":null,\"en\":null}','{\"ar\":\"\\u064a\\u0642\\u0639 \\u0645\\u062e\\u0637\\u0637 \\u0646\\u062e\\u0628\\u0629 \\u0627\\u0644\\u0633\\u0644\\u064a\\u0645\\u0627\\u0646 \\u062a\\u062d\\u062f\\u064a\\u062f\\u0627\\u064b \\u0641\\u064a \\u0634\\u0631\\u0642 \\u0645\\u062f\\u064a\\u0646\\u0629 \\u0627\\u0644\\u0631\\u064a\\u0627\\u0636 \\u0627\\u0644\\u062a\\u064a \\u062a\\u0639\\u062f \\u0627\\u0645\\u062a\\u062f\\u0627\\u062f\\u0627\\u064b \\u0644\\u0644\\u0646\\u0645\\u0648 \\u0627\\u0644\\u0633\\u0643\\u0627\\ufee7\\ufef2 \\u0627\\u0644\\u062d\\u062f\\u064a\\u062b\\u060c \\u064a\\u062a\\u0645\\u0631\\u0643\\u0632 \\u0645\\u062e\\u0637\\u0637 \\u0646\\u062e\\u0628\\u0629 \\u0627\\u0644\\u0633\\u0644\\u064a\\u0645\\u0627\\u0646 \\u0639\\u0644\\u0649 \\u0637\\u0631\\u064a\\u0642 \\u062e\\u0631\\u064a\\u0635 \\u0648\\u0628\\u0627\\u0644\\u0642\\u0631\\u0628 \\u0645\\u0646 \\u0637\\u0631\\u064a\\u0642 \\u0627\\u0644\\u062c\\u0646\\u0627\\u062f\\u0631\\u064a\\u0629 \\u0648\\u0637\\u0631\\u064a\\u0642 \\u0627\\u0644\\u0634\\u064a\\u062e \\u062c\\u0627\\u0628\\u0631 \\u0627\\u0644\\u0635\\u0628\\u0627\\u062d\\u060c \\u064a\\u0642\\u0639 \\u0641\\u064a \\u0645\\u0646\\u0637\\u0642\\u0629 \\u064a\\u0633\\u0648\\u062f\\u0647\\u0627 \\u0627\\u0644\\u0647\\u062f\\u0648\\u0621 \\u0648\\u0627\\u0644\\u0633\\u0643\\u064a\\u0646\\u0629\\u060c \\u0628\\u0639\\u064a\\u062f\\u0629 \\u0639\\u0646 \\u0636\\u0648\\u0636\\u0627\\u0621 \\u0627\\u0644\\u0645\\u062f\\u064a\\u0646\\u0629 \\u0648\\u0627\\u0644\\u0627\\u0632\\u062f\\u062d\\u0627\\u0645\\u0627\\u062a \\u0627\\u0644\\u0645\\u0631\\u0648\\u0631\\u064a\\u0629.\",\"en\":\"Alsoliman Elite Plan is located specifically in the east of the city of Riyadh, which is an extension of modern population growth.Alsoliman Elite Plan is centered on Khurais Road and near Al-Janadriyah Road and Sheikh Jaber Al-Sabah Road. It is located in an area where calm and tranquility prevail, far from the city\\u2019s noise and traffic congestion.\"}','{\"navbar\":{\"gostick\":true,\"transparent\":true,\"bg\":null,\"sbg\":null,\"bo\":null},\"ibtn\":{\"status\":false,\"bg\":null},\"interest\":{\"bg\":null,\"box_bg\":null,\"input_bg\":null,\"input_bo\":null,\"button_bg\":null}}','[\"projects\\/0.74031700 1718111782.webp\",\"projects\\/0.74451700 1718111782.webp\",\"projects\\/0.74505500 1718111782.webp\",\"projects\\/0.74570200 1718111782.webp\",\"projects\\/0.74605200 1718111782.webp\",\"projects\\/0.74658600 1718111782.webp\",\"projects\\/0.74702100 1718111782.webp\",\"projects\\/0.01002000 1707210366.jpg\",\"projects\\/0.01436900 1707210366.jpg\",\"projects\\/0.01482400 1707210366.jpg\",\"projects\\/0.01534000 1707210366.jpg\",\"projects\\/0.01569700 1707210366.jpg\",\"projects\\/0.01607100 1707210366.jpg\",\"projects\\/0.01655600 1707210366.jpg\",\"projects\\/0.01696600 1707210366.jpg\"]',1,0,1,1,NULL,NULL,'{\"status\":false,\"title\":{\"ar\":null,\"en\":null},\"desc\":{\"ar\":null,\"en\":null},\"latitude\":null,\"longitude\":null,\"zoom\":null}','{\"q_reason\":[\"investment\",\"rent\",\"residential\"],\"q_payment\":[],\"q_type\":[\"supported_bank\",\"cash\",\"non_supported_bank\"]}','{\"fullurl\":false,\"title\":{\"ar\":null,\"en\":null},\"stitle\":{\"ar\":null,\"en\":null},\"desc\":{\"ar\":null,\"en\":null},\"canonical\":null,\"image\":null}','[]','sold_out',NULL,1,NULL,'2025-02-24 15:53:07','2025-08-10 06:01:31',7,'{\"status\":true,\"points\":\"79.90,37.25\"}'),
(16,'{\"ar\":\"\\u0623\\u0631\\u064a\\u0633 \\u0643\\u0645\\u0628\\u0627\\u0648\\u0646\\u062f\",\"en\":\"Aress Compound\"}','{\"ar\":\"\\u0623\\u0631\\u064a\\u0633 \\u0643\\u0645\\u0628\\u0627\\u0648\\u0646\\u062f\",\"en\":\"Aress Compound\"}','{\"ar\":\"Aress Compound\",\"en\":\"\\u0623\\u0631\\u064a\\u0633 \\u0643\\u0645\\u0628\\u0627\\u0648\\u0646\\u062f\"}','aress-compound2','أريس-كمباوند2','product',6,2,1,NULL,'projects/01JMWSDSN9DMCW5YKW9XN3V1P6.png',NULL,'projects/01JMWSDSNCBJ8R869B3VSJ0GWF.jpeg','{\"status\":true,\"url\":\"https:\\/\\/drive.google.com\\/file\\/d\\/1UBrf2BM70AnfAOz7yeNFNhEZOmerxm21\\/view\",\"file\":null}',NULL,'0','{\"area\":\"10666\",\"flat\":\"31500\",\"units\":\"162\",\"value\":\"175\"}','<iframe src=\"https://www.google.com/maps/embed?pb=!1m17!1m12!1m3!1d7240.7306957168885!2d46.651107782080324!3d24.851368572750925!2m3!1f0!2f0!3f0!3m2!1i1024!2i768!4f13.1!3m2!1m1!2zMjTCsDUxJzA1LjQiTiA0NsKwMzknMDguNyJF!5e0!3m2!1sen!2ssa!4v1727331065830!5m2!1sen!2ssa\" width=\"600\" height=\"450\" style=\"border:0;\" allowfullscreen=\"\" loading=\"lazy\" referrerpolicy=\"no-referrer-when-downgrade\"></iframe>','{\"ar\":null,\"en\":null}','{\"title\":{\"ar\":null,\"en\":null},\"desc\":{\"ar\":null,\"en\":null},\"list\":[]}','{\"project_id\":[],\"title\":{\"ar\":null,\"en\":null},\"desc\":{\"ar\":null,\"en\":null},\"url\":null}','{\"ar\":null,\"en\":null}','{\"ar\":\"\\u0628\\u0641\\u0643\\u0631\\u0629 \\u0646\\u0648\\u0639\\u064a\\u0629 \\u0648\\u062c\\u0648\\u062f\\u0629 \\u0645\\u0639\\u0647\\u0648\\u062f\\u0629\\u060c \\u0634\\u0631\\u0643\\u0629 \\u0627\\u0644\\u0633\\u0644\\u064a\\u0645\\u0627\\u0646 \\u0627\\u0644\\u0639\\u0642\\u0627\\u0631\\u064a\\u0629 \\u062a\\u0641\\u062e\\u0631 \\u0628\\u062a\\u0642\\u062f\\u064a\\u0645 \\u0633\\u0644\\u0633\\u0644\\u0629 \\u0645\\u0645\\u064a\\u0632\\u0629 \\u0645\\u0646 \\u0645\\u0634\\u0627\\u0631\\u064a\\u0639 \\\"\\u0623\\u0631\\u064a\\u0633 \\u0643\\u0645\\u0628\\u0627\\u0648\\u0646\\u062f\\\" \\u0641\\u064a \\u0645\\u062f\\u064a\\u0646\\u0629 \\u0627\\u0644\\u0631\\u064a\\u0627\\u0636. \\u062d\\u064a\\u062b \\u0631\\u0648\\u0639\\u064a \\u0641\\u064a \\u0627\\u0644\\u0645\\u0634\\u0631\\u0648\\u0639 \\u0627\\u0644\\u062a\\u062e\\u0637\\u064a\\u0637 \\u0627\\u0644\\u062c\\u064a\\u062f \\u0648\\u0627\\u0644\\u0627\\u0633\\u062a\\u0641\\u0627\\u062f\\u0629 \\u0627\\u0644\\u0642\\u0635\\u0648\\u0649 \\u0645\\u0646 \\u0627\\u0644\\u0645\\u0633\\u0627\\u062d\\u0627\\u062a \\u0627\\u0644\\u062a\\u064a \\u062a\\u0648\\u0641 \\u0631 \\u0627\\u0644\\u0631\\u0627\\u062d\\u0629 \\u0648\\u0633\\u0647\\u0648\\u0644\\u0629 \\u0627\\u0644\\u0639\\u064a\\u0634 \\u0648\\u062a\\u0644\\u0628\\u064a \\u0643\\u0627\\u0641\\u0629 \\u0627\\u062d\\u062a\\u064a\\u0627\\u062c\\u0627\\u062a \\u0627\\u0644\\u0623\\u0633\\u0631\\u0629 \\u0648\\u062e\\u0635\\u0648\\u0635\\u064a\\u062a\\u0647\\u0627.\",\"en\":\"With a unique idea and quality, Alsoliman Real Estate Company is proud to present a distinguished series of \\u201cAressCompound\\u201d projects in the city of Riyadh. The project took into account good planning and maximum use of spaces that provide comfort and ease of living and meet all the family\\u2019s needs and privacy.\"}','{\"navbar\":{\"gostick\":true,\"transparent\":true,\"bg\":null,\"sbg\":null,\"bo\":null},\"ibtn\":{\"status\":false,\"bg\":null},\"interest\":{\"bg\":null,\"box_bg\":null,\"input_bg\":null,\"input_bo\":null,\"button_bg\":null}}','[\"projects\\/0.63911000 1707728952.png\",\"projects\\/0.64382100 1707728952.png\",\"projects\\/0.64575400 1707728952.png\"]',0,0,1,1,NULL,NULL,'{\"status\":false,\"title\":{\"ar\":null,\"en\":null},\"desc\":{\"ar\":null,\"en\":null},\"latitude\":null,\"longitude\":null,\"zoom\":null}','{\"q_reason\":[\"investment\",\"rent\",\"residential\"],\"q_payment\":[],\"q_type\":[\"supported_bank\",\"cash\",\"non_supported_bank\"]}','{\"fullurl\":false,\"title\":{\"ar\":null,\"en\":null},\"stitle\":{\"ar\":null,\"en\":null},\"desc\":{\"ar\":null,\"en\":null},\"canonical\":null,\"image\":null}','[\"apartment\"]','available_for_sale',NULL,1,NULL,'2025-02-24 15:53:07','2025-06-23 08:19:42',4,NULL),
(21,'{\"ar\":\"\\u064a\\u0645\\u0627\\u0645 \\u06a4\\u064a\\u0644\\u064a\\u062c\",\"en\":\"YAMAM VILLAGE\"}','{\"ar\":\"\\u064a\\u0645\\u0627\\u0645 \\u06a4\\u064a\\u0644\\u064a\\u062c\",\"en\":\"YAMAM VILLAGE\"}','{\"ar\":\"YAMAM VILLAGE\",\"en\":\"\\u064a\\u0645\\u0627\\u0645 \\u06a4\\u064a\\u0644\\u064a\\u062c\"}','yamam-village','يمام-ڤيليج','project',3,2,1,NULL,'projects/01JMRRVHSMAR4S4WTWJYE0YYQT.jpeg',NULL,'projects/01JMQMYET2P3QNR7TJ63WGQS45.png','{\"status\":false,\"url\":\"###\",\"file\":null}',NULL,NULL,'{\"area\":\"13770\",\"flat\":\"19740\",\"units\":\"40\",\"value\":\"150\"}','<iframe src=\"https://www.google.com/maps/embed?pb=!1m14!1m8!1m3!1d14484.335781006854!2d46.5809664!3d24.8268027!3m2!1i1024!2i768!4f13.1!3m3!1m2!1s0x0%3A0x526cc4ea976fedaa!2z2YrZhdin2YUg2qTZitmE2YrYrCBZYW1hbSBWaWxsYWdl!5e0!3m2!1sen!2ssa!4v1635151606114!5m2!1sen!2ssa\" width=\"600\" height=\"450\" style=\"border:0;\" allowfullscreen=\"\" loading=\"lazy\"></iframe>','{\"ar\":null,\"en\":null}','{\"title\":{\"ar\":null,\"en\":null},\"desc\":{\"ar\":null,\"en\":null},\"list\":[]}','{\"project_id\":[],\"title\":{\"ar\":null,\"en\":null},\"desc\":{\"ar\":null,\"en\":null},\"url\":null}','{\"ar\":null,\"en\":null}','{\"ar\":\"\\u0628\\u0639\\u062a\\u0627\\u0642\\u0629 \\u0627\\u0644\\u0645\\u0627\\u0636\\u064a \\u0648\\u0639\\u0635\\u0631\\u064a\\u0629 \\u0627\\u0644\\u062d\\u0627\\u0636\\u0631\\u060c \\u0628\\u0647\\u0645\\u0651\\u0629 \\u0627\\u0644\\u0634\\u0628\\u0627\\u0628 \\u0648\\u0630\\u0648\\u0642 \\u0627\\u0644\\u0623\\u062c\\u062f\\u0627\\u062f\\u060c \\u062a\\u0645 \\u0628\\u0646\\u0627\\u0621 \\u0645\\u0634\\u0631\\u0648\\u0639 \\u064a\\u0645\\u0627\\u0645 \\u0627\\u0644\\u0630\\u064a \\u0631\\u064f\\u0633\\u0645\\u062a \\u0645\\u0639\\u0627\\u0644\\u0645\\u0647 \\u0628\\u0647\\u0646\\u062f\\u0633\\u0629 \\u062c\\u0630\\u0627\\u0628\\u0629 \\u0644\\u064a\\u0631\\u0627\\u0639\\u064a \\u0645\\u062e\\u062a\\u0644\\u0641 \\u0627\\u0644\\u0623\\u0630\\u0648\\u0627\\u0642 \\u0648\\u0627\\u0644\\u0625\\u0645\\u0643\\u0627\\u0646\\u064a\\u0627\\u062a\\u060c \\u0648\\u0644\\u0623\\u0646 \\u0644\\u0644\\u0641\\u062e\\u0627\\u0645\\u0629 \\u0648\\u0627\\u0644\\u0631\\u0641\\u0627\\u0647\\u064a\\u0629 \\u0639\\u0646\\u0648\\u0627\\u0646 \\u0623\\u0628\\u062a\\u064f\\u0643\\u0631\\u062a \\u0645\\u062a\\u0639\\u0629 \\u062a\\u0641\\u0627\\u0635\\u064a\\u0644 \\u0627\\u0644\\u062d\\u064a\\u0627\\u0629 \\u0628\\u062a\\u0623\\u0633\\u064a\\u0633 \\u0646\\u0645\\u0627\\u0630\\u062c \\u0645\\u062a\\u0639\\u062f\\u062f\\u0629 \\u0645\\u0646 \\u0627\\u0644\\u0641\\u0644\\u0644\\u060c \\u0645\\u0646 \\u062e\\u0644\\u0627\\u0644 \\u062a\\u0648\\u0641\\u0631 \\u0646\\u0638\\u0627\\u0645 \\u0627\\u0644\\u0628\\u064a\\u062a \\u0627\\u0644\\u0630\\u0643\\u064a\\u060c \\u063a\\u0631\\u0641\\u0629 \\u0628\\u062e\\u0627\\u0631\\u060c \\u0645\\u0633\\u0628\\u062d \\u0623\\u0637\\u0641\\u0627\\u0644\\u060c \\u062c\\u0627\\u0643\\u0648\\u0632\\u064a\\u060c \\u062d\\u0636\\u0627\\u0646\\u0629 \\u0623\\u0637\\u0641\\u0627\\u0644\\u060c \\u0643\\u0627\\u0641\\u064a\\u0647 \\u0648\\u0645\\u0637\\u0639\\u0645\\u060c \\u0645\\u0646\\u0637\\u0642\\u0629 \\u0623\\u0644\\u0639\\u0627\\u0628\\u060c \\u0645\\u062c\\u0644\\u0633\\u060c \\u0645\\u0631\\u0643\\u0632 \\u0631\\u062c\\u0627\\u0644 \\u0623\\u0639\\u0645\\u0627\\u0644 \\u0648\\u0645\\u0635\\u0644\\u0649. \\u0628\\u0627\\u0644\\u0625\\u0636\\u0627\\u0641\\u0629 \\u0625\\u0644\\u0649 \\u062a\\u0648\\u0641\\u0631 \\u0645\\u0646\\u0637\\u0642\\u0629 \\u062e\\u062f\\u0645\\u0627\\u062a \\u062e\\u0627\\u0635\\u0629 \\u062a\\u0634\\u0645\\u0644 \\u0645\\u062f\\u062e\\u0644 \\u062e\\u0627\\u0635\\u060c \\u0634\\u0648\\u0627\\u0631\\u0639 \\u062c\\u0627\\u0646\\u0628\\u064a\\u0629\\u060c \\u0645\\u0633\\u0628\\u062d \\u062e\\u0627\\u0631\\u062c\\u064a\\u060c \\u0625\\u0637\\u0644\\u0627\\u0644\\u0629 \\u0628\\u0627\\u0646\\u0648\\u0631\\u0627\\u0645\\u064a\\u0629\\u060c \\u0623\\u0633\\u0648\\u0627\\u0631 \\u0628\\u0643\\u0627\\u0645\\u064a\\u0631\\u0627\\u062a \\u0645\\u0631\\u0627\\u0642\\u0628\\u0629\\u060c \\u0645\\u0633\\u0627\\u062d\\u0627\\u062a \\u062e\\u0636\\u0631\\u0627\\u0621 \\u0648\\u063a\\u0631\\u0641 \\u0633\\u0627\\u0626\\u0642\\u064a\\u0646.\",\"en\":\"With the old age of the past and the modernity of the present, with the enthusiasm of youth and the taste of ancestors, the Yamam project, whose features were drawn with an attractive architecture, was built to take into account different tastes and possibilities, and because luxury and luxury are a title, the pleasure of life details was created by establishing multiple models of villas, through the availability of a smart home system, a steam room, a children\\u2019s pool Jacuzzi, nursery, cafe and restaurant, games area, majlis, business center and prayer hall. In addition to the availability of a special service area that includes a private entrance, side streets, an outdoor pool, a panoramic view, fences with surveillance cameras, green spaces and drivers rooms.\"}','{\"navbar\":{\"gostick\":true,\"transparent\":true,\"bg\":null,\"sbg\":null,\"bo\":null},\"ibtn\":{\"status\":false,\"bg\":null},\"interest\":{\"bg\":null,\"box_bg\":null,\"input_bg\":null,\"input_bo\":null,\"button_bg\":null}}','[\"projects\\/0.73789500 1701254471.jpg\",\"projects\\/0.74281900 1701254471.jpg\",\"projects\\/0.74409100 1701254471.jpg\",\"projects\\/0.74527000 1701254471.jpg\",\"projects\\/0.74629800 1701254471.jpg\",\"projects\\/0.74735300 1701254471.webp\",\"projects\\/0.74853200 1701254471.webp\",\"projects\\/0.74893600 1701254471.webp\",\"projects\\/0.74926300 1701254471.jpg\",\"projects\\/0.75032200 1701254471.webp\",\"projects\\/0.75071100 1701254471.webp\",\"projects\\/0.75105700 1701254471.jpg\",\"projects\\/0.75226800 1701254471.jpg\",\"projects\\/0.70619100 1701098306.webp\",\"projects\\/0.70996100 1701098306.webp\",\"projects\\/0.71033600 1701098306.webp\",\"projects\\/0.71073300 1701098306.webp\",\"projects\\/0.71105700 1701098306.webp\",\"projects\\/0.71137100 1701098306.webp\",\"projects\\/0.71168100 1701098306.webp\",\"projects\\/0.71197900 1701098306.webp\",\"projects\\/0.71230100 1701098306.webp\",\"projects\\/0.71264400 1701098306.webp\",\"projects\\/0.71297400 1701098306.webp\",\"projects\\/0.71333000 1701098306.webp\",\"projects\\/0.71365100 1701098306.webp\"]',1,0,1,0,NULL,NULL,'{\"status\":false,\"title\":{\"ar\":null,\"en\":null},\"desc\":{\"ar\":null,\"en\":null},\"latitude\":null,\"longitude\":null,\"zoom\":\"18\"}','{\"q_reason\":[],\"q_payment\":[],\"q_type\":[]}','{\"fullurl\":false,\"title\":{\"ar\":null,\"en\":null},\"stitle\":{\"ar\":null,\"en\":null},\"desc\":{\"ar\":null,\"en\":null},\"canonical\":null,\"image\":null}','[]','sold_out',NULL,1,NULL,'2025-02-22 17:39:25','2025-08-10 05:47:24',8,'{\"status\":true,\"points\":\"12.30,34.01\"}'),
(22,'{\"ar\":\"\\u0645\\u0627\\u0631\\u0628\\u064a\\u0644\\u0627 \\u0643\\u0645\\u0628\\u0627\\u0648\\u0646\\u062f\",\"en\":\"MARBELLA COMPOUND\"}','{\"ar\":\"\\u0645\\u0627\\u0631\\u0628\\u064a\\u0644\\u0627 \\u0643\\u0645\\u0628\\u0627\\u0648\\u0646\\u062f\",\"en\":\"MARBELLA COMPOUND\"}','{\"ar\":\"MARBELLA COMPOUND\",\"en\":\"\\u0645\\u0627\\u0631\\u0628\\u064a\\u0644\\u0627 \\u0643\\u0645\\u0628\\u0627\\u0648\\u0646\\u062f\"}','marbella-compound','ماربيلا-كمباوند','project',2,2,1,NULL,'projects/01JMR4YBZXVV2XE4KXM5DECX2B.webp',NULL,'projects/01JMR4YC0047CWE8ZVMB1QYFDE.png','{\"status\":false,\"url\":null,\"file\":null}',NULL,NULL,'{\"area\":\"9,614\",\"flat\":\"66,000\",\"units\":\"168\",\"value\":\"360\"}','<iframe src=\"https://www.google.com/maps/embed?pb=!1m14!1m8!1m3!1d14302.56491206524!2d50.15316!3d26.3381145!3m2!1i1024!2i768!4f13.1!3m3!1m2!1s0x0%3A0xe6608f89b3af28cb!2sMarbella%20Compound!5e0!3m2!1sen!2ssa!4v1635057505504!5m2!1sen!2ssa\" width=\"600\" height=\"450\" style=\"border:0;\" allowfullscreen=\"\" loading=\"lazy\"></iframe>','{\"ar\":null,\"en\":null}','{\"title\":{\"ar\":null,\"en\":null},\"desc\":{\"ar\":null,\"en\":null},\"list\":[]}','{\"title\":{\"ar\":null,\"en\":null},\"desc\":{\"ar\":null,\"en\":null},\"url\":null}','{\"ar\":null,\"en\":null}','{\"ar\":\"\\u0639\\u0646\\u062f\\u0645\\u0627 \\u064a\\u062a\\u062d\\u062f \\u0627\\u0644\\u0641\\u0646 \\u0648\\u0627\\u0644\\u0625\\u0628\\u062f\\u0627\\u0639\\u060c \\u0627\\u0644\\u0631\\u0642\\u064a \\u0648\\u0627\\u0644\\u0639\\u0635\\u0631\\u064a\\u0629! \\u0644\\u0628\\u0646\\u0627\\u0621 \\u0645\\u062c\\u0645\\u0639 \\u0633\\u0643\\u0646\\u064a \\u0641\\u0627\\u062e\\u0631 \\u0648\\u0645\\u0645\\u064a\\u0632\\u060c \\u0635\\u0645\\u0645 \\u0644\\u064a\\u0643\\u0648\\u0646 \\u0645\\u062c\\u0647\\u0632\\u0627\\u064b \\u0628\\u0643\\u0627\\u0641\\u0629 \\u0627\\u0644\\u0623\\u0645\\u0648\\u0631 \\u0627\\u0644\\u062e\\u062f\\u0645\\u064a\\u0629\\u060c \\u0627\\u062d\\u062a\\u0644 \\u0645\\u0643\\u0627\\u0646\\u0627\\u064b \\u0627\\u0633\\u062a\\u0631\\u0627\\u062a\\u064a\\u062c\\u064a\\u0627\\u064b \\u064a\\u0645\\u0643\\u0646 \\u0627\\u0644\\u0633\\u0627\\u0643\\u0646 \\u0645\\u0646 \\u0627\\u0644\\u062d\\u0631\\u0643\\u0629 \\u0628\\u0643\\u0644 \\u064a\\u0633\\u0631\\u064d \\u0648\\u0633\\u0647\\u0648\\u0644\\u0629\\u060c \\u0648\\u0628\\u0623\\u0633\\u0644\\u0648\\u0628 \\u062d\\u064a\\u0627\\u0629 \\u0645\\u063a\\u0627\\u064a\\u0631 \\u0648\\u0641\\u0631\\u064a\\u062f. \\u064a\\u0634\\u0645\\u0644 \\u062a\\u0635\\u0645\\u064a\\u0645\\u0647 \\u0648\\u0628\\u0646\\u0627\\u0626\\u0647 \\u0645\\u064a\\u0632\\u0627\\u062a \\u0648\\u0641\\u064a\\u0631\\u0629\\u060c \\u062a\\u062a\\u0636\\u0645\\u0646 \\u0645\\u0631\\u0627\\u0641\\u0642 \\u0623\\u0633\\u0627\\u0633\\u064a\\u0629 \\u0648\\u062e\\u062f\\u0645\\u064a\\u0629\\u060c \\u0645\\u062d\\u0637\\u0629 \\u062a\\u062d\\u0644\\u064a\\u0629\\u060c \\u0645\\u0648\\u0627\\u0642\\u0641 \\u0645\\u0638\\u0644\\u0644\\u0629\\u060c \\u062d\\u0631\\u0627\\u0633\\u0627\\u062a \\u0623\\u0645\\u0646\\u064a\\u0629\\u060c \\u0643\\u0627\\u0645\\u064a\\u0631\\u0627\\u062a \\u0645\\u0631\\u0627\\u0642\\u0628\\u0629\\u060c \\u0645\\u062c\\u0647\\u0632 \\u0628\\u0623\\u0646\\u0638\\u0645\\u0629 \\u0627\\u0644\\u0633\\u0644\\u0627\\u0645\\u0629 \\u0648\\u0623\\u0646\\u0638\\u0645\\u0629 \\u0645\\u0643\\u0628\\u0627\\u062a \\u0627\\u0644\\u0646\\u0641\\u0627\\u064a\\u0627\\u062a\\u060c \\u062d\\u0645\\u0627\\u0645 \\u0633\\u0628\\u0627\\u062d\\u0629\\u060c \\u0643\\u0648\\u0641\\u064a \\u0634\\u0648\\u0628\\u060c \\u0645\\u0634\\u063a\\u0644 \\u0646\\u0633\\u0627\\u0626\\u064a\\u060c \\u0645\\u0643\\u062a\\u0628\\u0629\\u060c \\u0635\\u0627\\u0644\\u0629 \\u0623\\u0644\\u0639\\u0627\\u0628\\u060c \\u062d\\u0636\\u0627\\u0646\\u0629 \\u0623\\u0637\\u0641\\u0627\\u0644\\u060c \\u0645\\u064a\\u0646\\u064a \\u0645\\u0627\\u0631\\u0643\\u062a \\u0628\\u0627\\u0644\\u0625\\u0636\\u0627\\u0641\\u0629 \\u0625\\u0644\\u0649 \\u0627\\u0644\\u0635\\u064a\\u0627\\u0646\\u0629 \\u0627\\u0644\\u0645\\u062c\\u0627\\u0646\\u064a\\u0629 \\u0644\\u0645\\u062f\\u0629 10 \\u0633\\u0646\\u0648\\u0627\\u062a.\",\"en\":\"When art and creativity unite, sophistication and modernity! To build a luxurious and distinctive residential complex, designed to be equipped with all service matters, occupy a strategic place that enables the inhabitant to move with ease and ease, and in a different and unique lifestyle. Its design and construction includes abundant features, including basic and service facilities, a desalination plant, shaded parking, security guards, surveillance cameras, equipped with safety and landfill systems, swimming pool, coffee shop, women\\u2019s workshop, library, games hall, nursery, mini market in addition to to free maintenance for 10 years.\"}','{\"navbar\":{\"gostick\":true,\"transparent\":true,\"bg\":null,\"sbg\":null,\"bo\":null},\"ibtn\":{\"status\":false,\"bg\":null},\"interest\":{\"bg\":null,\"box_bg\":null,\"input_bg\":null,\"input_bo\":null,\"button_bg\":null}}','[\"projects\\/0.65468000 1701167169.jpg\",\"projects\\/0.65846600 1701167169.webp\",\"projects\\/0.66006500 1701167169.jpg\",\"projects\\/0.66117100 1701167169.jpg\",\"projects\\/0.66258200 1701167169.jpg\",\"projects\\/0.66401900 1701167169.jpg\"]',1,0,1,0,NULL,NULL,'{\"status\":false,\"title\":{\"ar\":null,\"en\":null},\"desc\":{\"ar\":null,\"en\":null},\"latitude\":null,\"longitude\":null,\"zoom\":null}','{\"q_reason\":[],\"q_payment\":[],\"q_type\":[]}','{\"fullurl\":false,\"title\":{\"ar\":null,\"en\":null},\"stitle\":{\"ar\":null,\"en\":null},\"desc\":{\"ar\":null,\"en\":null},\"canonical\":null,\"image\":null}','[\"apartment\"]','sold_out',NULL,4,NULL,'2025-02-22 17:39:25','2025-04-08 06:47:19',9,NULL),
(23,'{\"ar\":\"\\u0633\\u0643\\u064a\\u0646\\u0629 \\u0643\\u0645\\u0628\\u0627\\u0648\\u0646\\u062f\",\"en\":\"Sakenah Compound\"}','{\"ar\":\"\\u0633\\u0643\\u064a\\u0646\\u0629 \\u0643\\u0645\\u0628\\u0627\\u0648\\u0646\\u062f\",\"en\":\"Sakenah Compound\"}','{\"ar\":\"Sakenah Compound\",\"en\":\"\\u0633\\u0643\\u064a\\u0646\\u0629 \\u0643\\u0645\\u0628\\u0627\\u0648\\u0646\\u062f\"}','sakenah-compound','سكينة-كمباوند','project',2,2,1,NULL,'projects/01JMRQXG7Y4MVCHV04FSDYT6FS.jpeg',NULL,'projects/01JMRQXG85FKBW7N49GJ4Y2TKV.png','{\"status\":false,\"url\":null,\"file\":null}',NULL,NULL,'{\"area\":\"11,787\",\"flat\":\"54,000\",\"units\":\"182\",\"value\":\"320\"}','<iframe src=\"https://www.google.com/maps/embed?pb=!1m14!1m8!1m3!1d14525.409076393182!2d39.6529821!3d24.4732484!3m2!1i1024!2i768!4f13.1!3m3!1m2!1s0x0%3A0x3a5bbf86791a6ae8!2z2LPZg9mK2YbZhyDZg9mF2KjYp9mI2YbYrw!5e0!3m2!1sen!2ssa!4v1635057569513!5m2!1sen!2ssa\" width=\"600\" height=\"450\" style=\"border:0;\" allowfullscreen=\"\" loading=\"lazy\"></iframe>','{\"ar\":null,\"en\":null}','{\"title\":{\"ar\":null,\"en\":null},\"desc\":{\"ar\":null,\"en\":null},\"list\":[]}','{\"title\":{\"ar\":null,\"en\":null},\"desc\":{\"ar\":null,\"en\":null},\"url\":null}','{\"ar\":null,\"en\":null}','{\"ar\":\"\\u0628\\u0645\\u062a\\u0627\\u0646\\u0629 \\u0627\\u0644\\u0628\\u0646\\u0627\\u0621 \\u0648\\u062c\\u0645\\u0627\\u0644 \\u0627\\u0644\\u0637\\u0631\\u0627\\u0632\\u060c \\u0623\\u0642\\u064a\\u0645 \\u0645\\u0634\\u0631\\u0648\\u0639 \\u0633\\u0643\\u064a\\u0646\\u0629 \\u0645\\u0648\\u0641\\u0631\\u0627\\u064b \\u0623\\u0642\\u0635\\u0649 \\u062f\\u0631\\u062c\\u0627\\u062a \\u0627\\u0644\\u0647\\u062f\\u0648\\u0621 \\u0648\\u0627\\u0644\\u062e\\u062f\\u0645\\u0627\\u062a \\u0627\\u0644\\u0631\\u0627\\u0642\\u064a\\u0629 \\u0641\\u064a \\u0623\\u062c\\u0648\\u0627\\u0621 \\u064a\\u0645\\u0644\\u0624\\u0647\\u0627 \\u0627\\u0644\\u0631\\u0636\\u0627 \\u0648\\u0627\\u0644\\u0623\\u064f\\u0646\\u0633\\u060c \\u0633\\u0643\\u0646\\u064c \\u0648\\u0633\\u0643\\u064a\\u0646\\u0629 \\u0641\\u064a \\u062d\\u064f\\u0644\\u0629 \\u0631\\u0632\\u064a\\u0646\\u0629\\u060c \\u064a\\u0637\\u064a\\u0628 \\u0628\\u0647 \\u0627\\u0644\\u0645\\u0642\\u0627\\u0645 \\u0628\\u0623\\u0633\\u0645\\u0649 \\u0634\\u0639\\u0648\\u0631 \\u0627\\u0644\\u0631\\u0627\\u062d\\u0629 \\u0648\\u0627\\u0644\\u0627\\u0633\\u062a\\u062c\\u0645\\u0627\\u0645\\u060c \\u0628\\u062c\\u0648\\u0627\\u0631 \\u062e\\u064a\\u0631 \\u0627\\u0644\\u0623\\u0646\\u0627\\u0645 \\u0639\\u0644\\u064a\\u0647 \\u0627\\u0644\\u0635\\u0644\\u0627\\u0629 \\u0648\\u0627\\u0644\\u0633\\u0644\\u0627\\u0645. \\u064a\\u0642\\u062f\\u0645 \\u0633\\u0643\\u064a\\u0646\\u0629 \\u062e\\u062f\\u0645\\u0627\\u062a \\u0633\\u0627\\u0645\\u064a\\u0629 \\u062a\\u062a\\u0623\\u0637\\u0631 \\u0628\\u0640 \\u062a\\u0648\\u0641\\u064a\\u0631 \\u0645\\u062c\\u0644\\u0633 (\\u062f\\u064a\\u0648\\u0627\\u0646\\u064a\\u0629)\\u060c \\u0635\\u0627\\u0644\\u0629 \\u0645\\u0646\\u0627\\u0633\\u0628\\u0627\\u062a\\u060c \\u062d\\u0645\\u0627\\u0645 \\u0633\\u0628\\u0627\\u062d\\u0629\\u060c \\u062d\\u0631\\u0627\\u0633\\u0629 \\u0623\\u0645\\u0646\\u064a\\u0629 \\u0648\\u0643\\u0627\\u0645\\u064a\\u0631\\u0627\\u062a \\u0645\\u0631\\u0627\\u0642\\u0628\\u0629\\u060c \\u0646\\u0627\\u062f\\u064a \\u0635\\u062d\\u064a\\u060c \\u0645\\u0648\\u0627\\u0642\\u0641\\u060c \\u0645\\u0631\\u0643\\u0632 \\u0631\\u062c\\u0627\\u0644 \\u0623\\u0639\\u0645\\u0627\\u0644\\u060c \\u0645\\u0644\\u0627\\u0639\\u0628 \\u0648\\u062d\\u0636\\u0627\\u0646\\u0629 \\u0623\\u0637\\u0641\\u0627\\u0644\\u060c \\u063a\\u0631\\u0641 \\u0633\\u0627\\u0626\\u0642\\u064a\\u0646\\u060c \\u0645\\u0643\\u062a\\u0628 \\u0627\\u0633\\u062a\\u0642\\u0628\\u0627\\u0644\\u060c \\u0645\\u0633\\u0637\\u062d\\u0627\\u062a \\u062e\\u0636\\u0631\\u0627\\u0621\\u060c \\u0645\\u064a\\u0646\\u064a \\u0645\\u0627\\u0631\\u0643\\u062a\\u060c \\u0645\\u0643\\u064a\\u0641\\u0627\\u062a \\u0648\\u0635\\u064a\\u0627\\u0646\\u0629 \\u0645\\u062c\\u0627\\u0646\\u064a\\u0629 \\u0644\\u0645\\u062f\\u0629 10 \\u0633\\u0646\\u0648\\u0627\\u062a.\",\"en\":\"With the robustness of the building and the beauty of the style, the Sukaina project was established, providing the utmost levels of tranquility and high-end services in an atmosphere filled with contentment and harmony, housing and tranquility in a sober suit, in which the place is blessed with the highest feeling of comfort and relaxation, next to the best of people, peace and blessings be upon him. Sakina provides sublime services that are framed by providing a Majlis (Diwaniya), event hall, swimming pool, security guards and surveillance cameras, health club, parking, business center, playgrounds and nursery for children, drivers rooms, reception desk, green spaces, mini market, air conditioning and maintenance. Free for 10 years.\"}','{\"navbar\":{\"gostick\":true,\"transparent\":true,\"bg\":null,\"sbg\":null,\"bo\":null},\"ibtn\":{\"status\":false,\"bg\":null},\"interest\":{\"bg\":null,\"box_bg\":null,\"input_bg\":null,\"input_bo\":null,\"button_bg\":null}}','[\"projects\\/0.61000900 1701168738.jpg\",\"projects\\/0.88800000 1701166055.jpg\",\"projects\\/0.89198200 1701166055.jpg\",\"projects\\/0.89344700 1701166055.jpg\",\"projects\\/0.89464500 1701166055.jpg\",\"projects\\/0.89602100 1701166055.jpg\",\"projects\\/0.89717100 1701166055.jpg\"]',1,0,1,0,NULL,NULL,'{\"status\":false,\"title\":{\"ar\":null,\"en\":null},\"desc\":{\"ar\":null,\"en\":null},\"latitude\":null,\"longitude\":null,\"zoom\":null}','{\"q_reason\":[],\"q_payment\":[],\"q_type\":[]}','{\"fullurl\":false,\"title\":{\"ar\":null,\"en\":null},\"stitle\":{\"ar\":null,\"en\":null},\"desc\":{\"ar\":null,\"en\":null},\"canonical\":null,\"image\":null}','[\"apartment\"]','sold_out',NULL,2,NULL,'2025-02-22 17:39:25','2025-04-08 06:49:10',10,NULL),
(24,'{\"ar\":\"\\u0634\\u0641\\u0634\\u0627\\u0648\\u0646\",\"en\":\"CHEFCHAOUEN CHALETS\"}','{\"ar\":\"CHEFCHAOUEN CHALETS\",\"en\":\"\\u0634\\u0627\\u0644\\u064a\\u0647\\u0627\\u062a \\u0634\\u0641\\u0634\\u0627\\u0648\\u0646\"}','{\"ar\":\"\\u0634\\u0627\\u0644\\u064a\\u0647\\u0627\\u062a \\u0634\\u0641\\u0634\\u0627\\u0648\\u0646\",\"en\":\"CHEFCHAOUEN CHALETS\"}','chefchaouen-chalets','شاليهات-شفشاون','project',2,2,1,NULL,'projects/01JMRR0QSQ9JRM856D31X600YD.jpeg',NULL,'projects/01JMRR0QSS9838EFT53M12MD99.png','{\"status\":false,\"url\":null,\"file\":null}',NULL,NULL,'{\"area\":\"3,660\",\"flat\":\"1,980\",\"units\":\"9\",\"value\":\"14.5\"}','<iframe src=\"https://www.google.com/maps/embed?pb=!1m14!1m8!1m3!1d28960.681953704465!2d46.607812!3d24.860938!3m2!1i1024!2i768!4f13.1!3m3!1m2!1s0x0%3A0x0!2zMjTCsDUxJzM5LjQiTiA0NsKwMzYnMjguMSJF!5e0!3m2!1sen!2sus!4v1634548921958!5m2!1sen!2sus\" width=\"600\" height=\"450\" style=\"border:0;\" allowfullscreen=\"\" loading=\"lazy\"></iframe>','{\"ar\":null,\"en\":null}','{\"title\":{\"ar\":null,\"en\":null},\"desc\":{\"ar\":null,\"en\":null},\"list\":[]}','{\"project_id\":[],\"title\":{\"ar\":null,\"en\":null},\"desc\":{\"ar\":null,\"en\":null},\"url\":null}','{\"ar\":null,\"en\":null}','{\"ar\":\"\\u0628\\u0645\\u0633\\u0627\\u062d\\u0627\\u062a\\u0647\\u0627 \\u0627\\u0644\\u0645\\u0645\\u062a\\u062f\\u0629\\u060c \\u0648\\u0637\\u0628\\u064a\\u0639\\u0629 \\u0645\\u064a\\u0627\\u0647\\u0647\\u0627 \\u0627\\u0644\\u0639\\u0630\\u0628\\u0629\\u060c \\u0648\\u0633\\u062d\\u0631 \\u0637\\u0628\\u064a\\u0639\\u062a\\u0647\\u0627 \\u0627\\u0644\\u062c\\u0630\\u0627\\u0628\\u060c \\u062a\\u0648\\u0641\\u0631 \\u0623\\u0645\\u0627\\u0643\\u0646 \\u0644\\u0644\\u0625\\u0642\\u0627\\u0645\\u0629 \\u0645\\u0639 \\u062d\\u062f\\u064a\\u0642\\u0629 \\u0648\\u0645\\u0631\\u0627\\u0641\\u0642 \\u0644\\u0644\\u0631\\u064a\\u0627\\u0636\\u0629 \\u0648\\u0627\\u0644\\u0634\\u0648\\u0627\\u0621\\u060c \\u0648\\u064a\\u062a\\u0648\\u0641\\u0631 \\u0645\\u0633\\u0628\\u062d \\u062e\\u0627\\u0631\\u062c\\u064a \\u0648\\u062d\\u0645\\u0627\\u0645\\u0627\\u062a \\u062e\\u0627\\u0635\\u0629 \\u0648\\u062c\\u0644\\u0633\\u0627\\u062a \\u062e\\u0627\\u0631\\u062c\\u064a\\u0629 \\u0628\\u0645\\u0633\\u062d\\u0627\\u062a \\u062e\\u0636\\u0631\\u0627\\u0621. \\u0634\\u0641\\u0634\\u0627\\u0648\\u0646 \\u0647\\u064a \\u0639\\u0628\\u0627\\u0631\\u0629 \\u0639\\u0646 \\u062a\\u0633\\u0639 \\u0634\\u0627\\u0644\\u064a\\u0647\\u0627\\u062a \\u0641\\u0627\\u062e\\u0631\\u0629\\u060c \\u0645\\u0645\\u064a\\u0632\\u0629 \\u0648\\u0639\\u0635\\u0631\\u064a\\u0629 \\u0645\\u062e\\u062a\\u0644\\u0641\\u0629\\u060c \\u0628\\u0645\\u0633\\u0627\\u062d\\u0629 \\u0625\\u062c\\u0645\\u0627\\u0644\\u064a\\u0629 \\u062a\\u0642\\u062f\\u0631 \\u0628\\u0640 3300 \\u0645\\u062a\\u0631 \\u0645\\u0631\\u0628\\u0639\\u060c \\u0648\\u064a\\u0642\\u0639 \\u0627\\u0644\\u0645\\u0634\\u0631\\u0648\\u0639 \\u0641\\u064a \\u062d\\u064a \\u0639\\u0627\\u0631\\u0636 \\u0639\\u0644\\u0649 \\u062b\\u0644\\u0627\\u062b\\u0629 \\u0634\\u0648\\u0627\\u0631\\u0639\\u060c \\u0648\\u062a\\u0624\\u062c\\u0631 \\u0627\\u0644\\u0634\\u0627\\u0644\\u064a\\u0647\\u0627\\u062a \\u0628\\u0634\\u0643\\u0644 \\u064a\\u0648\\u0645\\u064a \\u0623\\u0648 \\u0634\\u0647\\u0631\\u064a \\u0623\\u0648 \\u0633\\u0646\\u0648\\u064a \\u062d\\u064a\\u062b \\u062a\\u0628\\u0644\\u063a \\u0645\\u0633\\u0627\\u062d\\u0629 \\u0627\\u0644\\u0634\\u0627\\u0644\\u064a\\u0647 \\u0627\\u0644\\u0648\\u0627\\u062d\\u062f \\u0645\\u0646 300 \\u0645\\u062a\\u0631 \\u0625\\u0644\\u0649 450 \\u0645\\u062a\\u0631\\u060c \\u0645\\u0632\\u0648\\u0651\\u062f\\u0629 \\u0628\\u0645\\u0633\\u0628\\u062d \\u062e\\u0627\\u0631\\u062c\\u064a\",\"en\":\"With its extended spaces, the nature of its fresh water, and the charm of its attractive nature, it offers accommodation with a garden, sports facilities and barbecue, and there is an outdoor swimming pool, private bathrooms and outdoor seating with green spaces. Chefchaouen consists of nine different luxurious, distinctive and modern chalets, with a total area of 3,300 square meters. With an outdoor pool.\"}','{\"navbar\":{\"gostick\":true,\"transparent\":true,\"bg\":null,\"sbg\":null,\"bo\":null},\"ibtn\":{\"status\":false,\"bg\":null},\"interest\":{\"bg\":null,\"box_bg\":null,\"input_bg\":null,\"input_bo\":null,\"button_bg\":null}}','[\"projects\\/0.16771900 1700746293.jpg\",\"projects\\/0.16823400 1700746293.jpg\",\"projects\\/0.16853000 1700746293.jpg\",\"projects\\/0.16888900 1700746293.jpg\",\"projects\\/0.16922300 1700746293.jpg\",\"projects\\/0.16957700 1700746293.jpg\"]',1,0,0,0,NULL,NULL,'{\"status\":false,\"title\":{\"ar\":null,\"en\":null},\"desc\":{\"ar\":null,\"en\":null},\"latitude\":null,\"longitude\":null,\"zoom\":null}','{\"q_reason\":[],\"q_payment\":[],\"q_type\":[]}','{\"fullurl\":false,\"title\":{\"ar\":null,\"en\":null},\"stitle\":{\"ar\":null,\"en\":null},\"desc\":{\"ar\":null,\"en\":null},\"canonical\":null,\"image\":null}','[]',NULL,NULL,NULL,NULL,'2025-02-22 17:39:25','2025-08-13 05:52:15',17,'{\"status\":true,\"points\":\"19.37,29.94\"}'),
(25,'{\"ar\":\"\\u0645\\u062c\\u0645\\u0639 \\u0645\\u0632\\u0646 \\u0627\\u0644\\u0633\\u0643\\u0646\\u064a\",\"en\":\"MOZN COMPOUND\"}','{\"ar\":\"\\u0645\\u062c\\u0645\\u0639 \\u0645\\u0632\\u0646 \\u0627\\u0644\\u0633\\u0643\\u0646\\u064a\",\"en\":\"MOZN COMPOUND\"}','{\"ar\":\"MOZN COMPOUND\",\"en\":\"\\u0645\\u062c\\u0645\\u0639 \\u0645\\u0632\\u0646 \\u0627\\u0644\\u0633\\u0643\\u0646\\u064a\"}','mozn-compound','مجمع-مزن-السكني','project',0,2,1,NULL,'projects/01JMRR38XY302J42BDG1ZQ1D2Q.jpeg',NULL,'projects/01JMRR38Y1WE1M305PYGNRJ1HZ.png','{\"status\":false,\"url\":null,\"file\":null}',NULL,NULL,'{\"area\":\"4,680\",\"flat\":\"12,000\",\"units\":\"56\",\"value\":\"22\"}','<iframe src=\"https://www.google.com/maps/embed?pb=!1m14!1m8!1m3!1d29041.82973346452!2d46.686667!3d24.512167!3m2!1i1024!2i768!4f13.1!3m3!1m2!1s0x0%3A0x0!2zMjTCsDMwJzQzLjgiTiA0NsKwNDEnMTIuMCJF!5e0!3m2!1sen!2sus!4v1634546957380!5m2!1sen!2sus\" width=\"600\" height=\"450\" style=\"border:0;\" allowfullscreen=\"\" loading=\"lazy\"></iframe>','{\"ar\":null,\"en\":null}','{\"title\":{\"ar\":null,\"en\":null},\"desc\":{\"ar\":null,\"en\":null},\"list\":[]}','{\"project_id\":[],\"title\":{\"ar\":null,\"en\":null},\"desc\":{\"ar\":null,\"en\":null},\"url\":null}','{\"ar\":null,\"en\":null}','{\"ar\":\"\\u0645\\u062c\\u0645\\u0639 \\u0633\\u0643\\u0646\\u064a \\u0645\\u0632\\u062f\\u0647\\u0631\\u060c \\u064a\\u062a\\u0633\\u0645 \\u0628\\u0623\\u0646\\u0647 \\u0645\\u062a\\u0648\\u0627\\u0641\\u0642 \\u0645\\u0639 \\u0627\\u0644\\u0645\\u0639\\u0627\\u064a\\u064a\\u0631 \\u0627\\u0644\\u062e\\u0627\\u0635\\u0629 \\u0628\\u0627\\u0644\\u0623\\u0645\\u0627\\u0643\\u0646 \\u0627\\u0644\\u062d\\u062f\\u064a\\u062b\\u060c \\u0648\\u064a\\u0634\\u0647\\u062f \\u0627\\u0646\\u062a\\u0639\\u0627\\u0634 \\u0645\\u0644\\u062d\\u0648\\u0638\\u060c \\u064a\\u062a\\u0643\\u0648\\u0646 \\u0645\\u0646 \\u0623\\u0631\\u0628\\u0639\\u0629 \\u0639\\u0645\\u0627\\u0626\\u0631 \\u062a\\u062a\\u0645\\u064a\\u0632 \\u0628\\u0641\\u062e\\u0627\\u0645\\u062a\\u0647\\u0627 \\u0648\\u0625\\u0637\\u0644\\u0627\\u0644\\u062a\\u0647\\u0627 \\u0627\\u0644\\u0645\\u0628\\u0647\\u062c\\u0629\\u060c \\u0648\\u064a\\u062a\\u0636\\u0645\\u0646 \\u0627\\u0644\\u0645\\u062c\\u0645\\u0639 56 \\u0634\\u0642\\u0629 \\u0633\\u0643\\u0646\\u064a\\u0629\\u060c \\u062a\\u062a\\u0623\\u0644\\u0641 \\u0643\\u0644 \\u0634\\u0642\\u0629 \\u0645\\u0646 \\u062b\\u0644\\u0627\\u062b \\u0623\\u062f\\u0648\\u0627\\u0631 \\u0648\\u0631\\u0648\\u0641. \\u062a\\u062a\\u0645\\u064a\\u0632 \\u0647\\u0630\\u0647 \\u0627\\u0644\\u0639\\u0645\\u0627\\u0626\\u0631 \\u0627\\u0644\\u0648\\u0627\\u0642\\u0639\\u0629 \\u0641\\u064a \\u062c\\u0646\\u0648\\u0628 \\u0627\\u0644\\u0631\\u064a\\u0627\\u0636\\u060c \\u062d\\u064a \\u0639\\u0643\\u0627\\u0638\\u060c \\u0628\\u0627\\u0644\\u0642\\u0631\\u0628 \\u0645\\u0646 \\u0645\\u0633\\u062a\\u0634\\u0641\\u0649 \\u0627\\u0644\\u0625\\u0645\\u0627\\u0645 \\u0639\\u0628\\u062f \\u0627\\u0644\\u0631\\u062d\\u0645\\u0646 \\u0627\\u0644\\u0641\\u064a\\u0635\\u0644 \\u0628\\u0648\\u062c\\u0648\\u062f \\u062d\\u062f\\u064a\\u0642\\u062a\\u064a\\u0646 \\u0630\\u0627\\u062a \\u0625\\u0637\\u0644\\u0627\\u0644\\u0629 \\u062e\\u0644\\u0627\\u0628\\u0629 \\u0628\\u0643\\u0633\\u0627\\u0626\\u0647\\u0627 \\u0627\\u0644\\u0623\\u062e\\u0636\\u0631 \\u0648\\u0627\\u0644\\u062a\\u064a \\u062a\\u062c\\u0639\\u0644 \\u0623\\u0647\\u0644 \\u0627\\u0644\\u062d\\u064a \\u064a\\u062a\\u0645\\u062a\\u0639\\u0648\\u0646 \\u0628\\u0627\\u0644\\u0627\\u0633\\u062a\\u0631\\u062e\\u0627\\u0621 \\u0648\\u0627\\u0644\\u0633\\u0643\\u064a\\u0646\\u0629.\",\"en\":\"A thriving residential complex, which is compatible with the standards of modern places, and is witnessing a remarkable recovery. It consists of four buildings characterized by its luxury and a pleasant view. The complex includes 56 apartments, each apartment consists of three floors and a roof. These buildings located in the south of Riyadh, Okaz district, near the Imam Abdul Rahman Al-Faisal Hospital, are distinguished by the presence of two gardens with a wonderful view and their green covering, which makes the people of the neighborhood enjoy relaxation and peace.\"}','{\"navbar\":{\"gostick\":true,\"transparent\":true,\"bg\":null,\"sbg\":null,\"bo\":null},\"ibtn\":{\"status\":false,\"bg\":null},\"interest\":{\"bg\":null,\"box_bg\":null,\"input_bg\":null,\"input_bo\":null,\"button_bg\":null}}','[\"projects\\/0.65143300 1701164155.jpg\",\"projects\\/0.65449200 1701164155.jpg\",\"projects\\/0.65487000 1701164155.jpg\",\"projects\\/0.65514400 1701164155.jpg\",\"projects\\/0.65543600 1701164155.jpg\",\"projects\\/0.65585800 1701164155.jpg\",\"projects\\/0.65617800 1701164155.jpg\",\"projects\\/0.65643600 1701164155.jpg\",\"projects\\/0.65670600 1701164155.jpg\"]',1,0,1,0,NULL,NULL,'{\"status\":false,\"title\":{\"ar\":null,\"en\":null},\"desc\":{\"ar\":null,\"en\":null},\"latitude\":null,\"longitude\":null,\"zoom\":null}','{\"q_reason\":[],\"q_payment\":[],\"q_type\":[]}','{\"fullurl\":false,\"title\":{\"ar\":null,\"en\":null},\"stitle\":{\"ar\":null,\"en\":null},\"desc\":{\"ar\":null,\"en\":null},\"canonical\":null,\"image\":null}','[]',NULL,NULL,NULL,NULL,'2025-02-22 17:39:25','2025-08-14 11:21:27',15,'{\"status\":true,\"points\":\"31.89,93.32\"}'),
(26,'{\"ar\":\"\\u0631\\u062d\\u0627\\u0628 \\u0646\\u062c\\u062f\",\"en\":\"REHAB NAJED\"}','{\"ar\":\"\\u0631\\u062d\\u0627\\u0628 \\u0646\\u062c\\u062f\",\"en\":\"REHAB NAJED\"}','{\"ar\":\"REHAB NAJED\",\"en\":\"\\u0631\\u062d\\u0627\\u0628 \\u0646\\u062c\\u062f\"}','rehab-najed','رحاب-نجد','project',4,2,0,NULL,'projects/01JMRR666AHFA0X1ZBFJ8M5ACY.jpeg',NULL,'projects/01JMRR666CNH08VFAWG32CH0MD.png','{\"status\":false,\"url\":null,\"file\":null}',NULL,NULL,'{\"area\":\"185,000\",\"flat\":\"460,000\",\"units\":\"2,000\",\"value\":\"2100\"}',NULL,'{\"ar\":null,\"en\":null}','{\"title\":{\"ar\":null,\"en\":null},\"desc\":{\"ar\":null,\"en\":null},\"list\":[]}','{\"project_id\":[],\"title\":{\"ar\":null,\"en\":null},\"desc\":{\"ar\":null,\"en\":null},\"url\":null}','{\"ar\":null,\"en\":null}','{\"ar\":\"\\u064a\\u0642\\u0639 \\u0645\\u0634\\u0631\\u0648\\u0639 \\u0631\\u062d\\u0627\\u0628 \\u0646\\u062c\\u062f \\u0641\\u064a \\u0645\\u062f\\u064a\\u0646\\u0629 \\u0627\\u0644\\u0631\\u064a\\u0627\\u0636. \\u0648\\u0628\\u0646\\u0645\\u0637 \\u0627\\u0644\\u062d\\u064a\\u0627\\u0629 \\u0645\\u0627 \\u0628\\u064a\\u0646 \\u0627\\u0644\\u062b\\u0642\\u0627\\u0641\\u0629 \\u0648\\u0627\\u0644\\u062a\\u0631\\u0641\\u064a\\u0647\\u060c \\u0648\\u0628\\u0627\\u0644\\u0631\\u063a\\u0645 \\u0645\\u0646 \\u0627\\u0644\\u0625\\u0643\\u062a\\u0638\\u0627\\u0638 \\u0625\\u0644\\u0627 \\u0623\\u0646 \\u0627\\u0644\\u0623\\u062c\\u0648\\u0627\\u0621 \\u064a\\u0633\\u0648\\u062f\\u0647\\u0627 \\u0627\\u0644\\u0646\\u0639\\u064a\\u0645 \\u0648\\u0627\\u0644\\u0633\\u0631\\u0648\\u0631\\u060c \\u0635\\u0645\\u0645 \\u0627\\u0644\\u0645\\u0634\\u0631\\u0648\\u0639 \\u0628\\u0647\\u064a\\u0626\\u0629 \\u062d\\u064a \\u0633\\u0643\\u0646\\u064a \\u0630\\u0627 \\u062e\\u0635\\u0648\\u0635\\u064a\\u0629 \\u0639\\u0627\\u0644\\u064a\\u0629 \\u00ab\\u0643\\u0645\\u0628\\u0627\\u0648\\u0646\\u062f\\u00bb \\u0644\\u064a\\u0642\\u0639 \\u0634\\u0645\\u0627\\u0644 \\u0627\\u0644\\u0631\\u064a\\u0627\\u0636 \\u0639\\u0644\\u0649 \\u0637\\u0631\\u064a\\u0642 \\u0627\\u0644\\u0645\\u0644\\u0643 \\u0641\\u0647\\u062f\\u060c \\u0636\\u0645 \\u0623\\u0643\\u062b\\u0631 \\u0645\\u0646 2000 \\u0648\\u062d\\u062f\\u0629 \\u0633\\u0643\\u0646\\u064a\\u0629\\u060c \\u064a\\u0648\\u0641\\u0631 \\u0643\\u0627\\u0641\\u0629 \\u0645\\u0642\\u0648\\u0645\\u0627\\u062a \\u0627\\u0644\\u062d\\u064a\\u0627\\u0629\\u060c \\u0648\\u064a\\u062a\\u0645\\u062a\\u0639 \\u0628\\u0645\\u0633\\u0627\\u062d\\u0627\\u062a \\u0648\\u0627\\u0641\\u0631\\u0629 \\u0648\\u0625\\u0637\\u0644\\u0627\\u0644\\u0627\\u062a \\u062e\\u0644\\u0627\\u0628\\u0629 \\u0648\\u0645\\u0631\\u0627\\u0641\\u0642 \\u062e\\u062f\\u0645\\u064a\\u0629 \\u0634\\u0627\\u0645\\u0644\\u0629\\u060c \\u062d\\u064a\\u062b \\u0639\\u0643\\u0633 \\u0645\\u0633\\u0645\\u0627\\u0647 \\u0628\\u0643\\u0644 \\u0634\\u0641\\u0627\\u0641\\u064a\\u0629 \\u0645\\u0644\\u0645\\u0648\\u0633\\u0629\\u060c \\u0628\\u0644\\u063a\\u062a \\u0642\\u064a\\u0645\\u062a\\u0647 \\u0645\\u0644\\u064a\\u0627\\u0631 \\u0631\\u064a\\u0627\\u0644 \\u062a\\u0642\\u0631\\u064a\\u0628\\u0627\\u060c \\u062d\\u064a\\u062b \\u0627\\u0639\\u062a\\u0645\\u062f \\u0645\\u0646 \\u0627\\u0644\\u0647\\u064a\\u0626\\u0629 \\u0627\\u0644\\u0639\\u0644\\u064a\\u0627 \\u0644\\u062a\\u0637\\u0648\\u064a\\u0631 \\u0645\\u062f\\u064a\\u0646\\u0629 \\u0627\\u0644\\u0631\\u064a\\u0627\\u0636.\",\"en\":\"The lifestyle is characterized by culture, entertainment, bliss and pleasure, despite the overcrowding. The project was established in a residential neighborhood with high privacy .  It is located in the north of Riyadh on King Fahd Road and include more than 2000 housing units, providing all the elements of life, include stunning views and comprehensive service facilities. The project value amounted nearly one billion riyals, as it was approved by the High Authority for the Development of Riyadh. The project is located in Riyadh.\"}','{\"navbar\":{\"gostick\":true,\"transparent\":true,\"bg\":null,\"sbg\":null,\"bo\":null},\"ibtn\":{\"status\":false,\"bg\":null},\"interest\":{\"bg\":null,\"box_bg\":null,\"input_bg\":null,\"input_bo\":null,\"button_bg\":null}}','[\"projects\\/0.65294000 1700834904.jpg\",\"projects\\/0.65379600 1700834904.jpg\",\"projects\\/0.65447100 1700834904.jpg\",\"projects\\/0.65511600 1700834904.jpg\",\"projects\\/0.65573000 1700834904.jpg\"]',1,0,1,0,NULL,NULL,'{\"status\":false,\"title\":{\"ar\":null,\"en\":null},\"desc\":{\"ar\":null,\"en\":null},\"latitude\":null,\"longitude\":null,\"zoom\":null}','{\"q_reason\":[],\"q_payment\":[],\"q_type\":[]}','{\"fullurl\":false,\"title\":{\"ar\":null,\"en\":null},\"stitle\":{\"ar\":null,\"en\":null},\"desc\":{\"ar\":null,\"en\":null},\"canonical\":null,\"image\":null}','[]',NULL,NULL,NULL,NULL,'2025-02-22 17:39:25','2025-08-10 05:57:55',16,'{\"status\":true,\"points\":\"16.98,30.35\"}'),
(27,'{\"ar\":\"\\u0641\\u0644\\u0644 \\u0645\\u0633\\u0627\\u0643\\u0646 \\u0627\\u0644\\u0646\\u062e\\u0628\\u0629\",\"en\":\"MASKEN ALNOKHBAH VILLAS\"}','{\"ar\":\"MASKEN ALNOKHBAH VILLAS\",\"en\":\"\\u0641\\u0644\\u0644 \\u0645\\u0633\\u0627\\u0643\\u0646 \\u0627\\u0644\\u0646\\u062e\\u0628\\u0629\"}','{\"ar\":\"\\u0641\\u0644\\u0644 \\u0645\\u0633\\u0627\\u0643\\u0646 \\u0627\\u0644\\u0646\\u062e\\u0628\\u0629\",\"en\":\"MASKEN ALNOKHBAH VILLAS\"}','masken-alnokhbah-villas','فلل-مساكن-النخبة','project',2,2,1,NULL,'projects/01JMRR9EYMBTCTJ75VDHB25AVB.jpeg',NULL,'projects/01JMRR9EYP70TF88WMMM6DM7BG.png','{\"status\":false,\"url\":null,\"file\":null}',NULL,NULL,'{\"area\":\"3,600\",\"flat\":\"5,600\",\"units\":\"8\",\"value\":\"12.8\"}','<iframe src=\"https://www.google.com/maps/embed?pb=!1m18!1m12!1m3!1d3622.361093937981!2d46.63963271476582!3d24.783085984090484!2m3!1f0!2f0!3f0!3m2!1i1024!2i768!4f13.1!3m3!1m2!1s0x3e2ee311d9e0f24f%3A0xc4604c65822afc22!2z2K3ZiiwgMzEzMiDYrNio2YQg2KfZhNit2YjYsdip2IwgQXMgU2FoYWZhaCwgUml5YWRoIDEzMzE1wqA2NjI2LCBTYXVkaSBBcmFiaWE!5e0!3m2!1sen!2sus!4v1634547472095!5m2!1sen!2sus\" width=\"600\" height=\"450\" style=\"border:0;\" allowfullscreen=\"\" loading=\"lazy\"></iframe>','{\"ar\":null,\"en\":null}','{\"title\":{\"ar\":null,\"en\":null},\"desc\":{\"ar\":null,\"en\":null},\"list\":[]}','{\"title\":{\"ar\":null,\"en\":null},\"desc\":{\"ar\":null,\"en\":null},\"url\":null}','{\"ar\":null,\"en\":null}','{\"ar\":\"\\u0627\\u0644\\u0645\\u0633\\u0627\\u0643\\u0646 \\u062c\\u0633\\u062f\\u064c \\u0628\\u0639\\u0646\\u0627\\u0635\\u0631 \\u0645\\u0639\\u0645\\u0627\\u0631\\u064a\\u0629\\u060c \\u0648\\u064a\\u0646\\u0628\\u0636 \\u0627\\u0644\\u062c\\u0633\\u062f \\u0628\\u0627\\u0644\\u0631\\u0648\\u062d \\u0627\\u0644\\u0645\\u062a\\u0645\\u062b\\u0644\\u0629 \\u0628\\u0627\\u0644\\u0639\\u0644\\u0627\\u0642\\u0627\\u062a \\u0627\\u0644\\u0625\\u0646\\u0633\\u0627\\u0646\\u064a\\u0629 \\u0628\\u064a\\u0646 \\u0627\\u0644\\u0633\\u0643\\u0627\\u0646\\u060c \\u0641\\u0641\\u064a \\u062a\\u0644\\u0643 \\u0627\\u0644\\u0645\\u0633\\u0627\\u0643\\u0646 \\u0627\\u0644\\u0643\\u0644\\u0627\\u0633\\u064a\\u0643\\u064a\\u0629 \\u062a\\u0643\\u062a\\u0638 \\u0623\\u0646\\u0648\\u0627\\u0639 \\u0627\\u0644\\u062e\\u062f\\u0645\\u0627\\u062a \\u0627\\u0644\\u0627\\u062c\\u062a\\u0645\\u0627\\u0639\\u064a\\u0629 \\u0648\\u0627\\u0644\\u0627\\u0642\\u062a\\u0635\\u0627\\u062f\\u064a\\u0629\\u060c \\u0641\\u0627\\u0644\\u0646\\u062e\\u0628\\u0629 \\u0645\\u062c\\u0645\\u0648\\u0639\\u0629 \\u0645\\u0646 \\u0627\\u0644\\u0648\\u062d\\u062f\\u0627\\u062a \\u0627\\u0644\\u0641\\u0627\\u062e\\u0631\\u0629 \\u0627\\u0644\\u062a\\u064a \\u062a\\u062a\\u062c\\u0633\\u062f \\u0641\\u064a\\u0647\\u0627 \\u062d\\u064a\\u0627\\u0629 \\u0627\\u0644\\u0645\\u0627\\u0636\\u064a\\u060c \\u062a\\u062a\\u0643\\u0648\\u0646 \\u0645\\u0646 \\u062a\\u0633\\u0639\\u0629 \\u0641\\u0644\\u0644 \\u0633\\u0643\\u0646\\u064a\\u0629 \\u0641\\u0627\\u062e\\u0631\\u0629 \\u0645\\u0633\\u0627\\u062d\\u062a\\u0647\\u0627 450 \\u0645\\u060c \\u062a\\u0642\\u0639 \\u0641\\u064a \\u0645\\u0631\\u0628\\u0639 1 \\u0641\\u064a \\u062d\\u064a \\u0627\\u0644\\u0635\\u062d\\u0627\\u0641\\u0629\\u060c \\u0634\\u0645\\u0627\\u0644 \\u0627\\u0644\\u0631\\u064a\\u0627\\u0636 \\u0628\\u0627\\u0644\\u0642\\u0631\\u0628 \\u0645\\u0646 \\u0627\\u0644\\u0645\\u0631\\u0643\\u0632 \\u0627\\u0644\\u0645\\u0627\\u0644\\u064a.\",\"en\":\"The dwellings are a body with architectural elements, and the body beats with the spirit represented by human relations among the residents. In these classic dwellings, there are many types of social and economic services. The elite are a group of luxury units that embody the past life, consisting of nine luxury residential villas with an area of 450 m, located in Square 1 in Al-Sahafa district, north of Riyadh, near the financial center.\"}','{\"navbar\":{\"gostick\":true,\"transparent\":true,\"bg\":null,\"sbg\":null,\"bo\":null},\"ibtn\":{\"status\":false,\"bg\":null},\"interest\":{\"bg\":null,\"box_bg\":null,\"input_bg\":null,\"input_bo\":null,\"button_bg\":null}}','[\"projects\\/0.50826100 1700839788.jpg\",\"projects\\/0.50906100 1700839788.jpg\",\"projects\\/0.50964600 1700839788.jpg\",\"projects\\/0.51021000 1700839788.jpg\"]',1,0,0,0,NULL,NULL,'{\"status\":false,\"title\":{\"ar\":null,\"en\":null},\"desc\":{\"ar\":null,\"en\":null},\"latitude\":null,\"longitude\":null,\"zoom\":null}','{\"q_reason\":[],\"q_payment\":[],\"q_type\":[]}','{\"fullurl\":false,\"title\":{\"ar\":null,\"en\":null},\"stitle\":{\"ar\":null,\"en\":null},\"desc\":{\"ar\":null,\"en\":null},\"canonical\":null,\"image\":null}','[\"villa\"]','sold_out',NULL,1,NULL,'2025-02-22 17:39:25','2025-04-08 06:50:56',18,NULL),
(28,'{\"ar\":\"\\u062c\\u0627\\u0645\\u0639 \\u0627\\u0644\\u0634\\u064a\\u062e \\u0645\\u062d\\u0645\\u062f \\u0639\\u0628\\u062f\\u0627\\u0644\\u0644\\u0647 \\u0627\\u0644\\u0645\\u0627\\u062c\\u062f\",\"en\":\"MASJED SHAIKH MUHAMMED ALMAJED\"}','{\"ar\":\"\\u062c\\u0627\\u0645\\u0639 \\u0627\\u0644\\u0634\\u064a\\u062e \\u0645\\u062d\\u0645\\u062f \\u0639\\u0628\\u062f\\u0627\\u0644\\u0644\\u0647 \\u0627\\u0644\\u0645\\u0627\\u062c\\u062f\",\"en\":\"MASJED SHAIKH MUHAMMED ALMAJED\"}','{\"ar\":\"MASJED SHAIKH MUHAMMED ALMAJED\",\"en\":\"\\u062c\\u0627\\u0645\\u0639 \\u0627\\u0644\\u0634\\u064a\\u062e \\u0645\\u062d\\u0645\\u062f \\u0639\\u0628\\u062f\\u0627\\u0644\\u0644\\u0647 \\u0627\\u0644\\u0645\\u0627\\u062c\\u062f\"}','masjed-shaikh-muhammed-almajed','جامع-الشيخ-محمد-عبدالله-الماجد','project',5,2,1,NULL,'projects/01JRA9P8SN94MYS72X2ZBB3MB2.webp',NULL,'projects/01JMRRCEBDM5R6WHC64VMGA4CB.png','{\"status\":false,\"url\":null,\"file\":null}',NULL,NULL,'{\"area\":\"3,650\",\"flat\":\"2,000\",\"units\":\"-\",\"value\":\"-\"}','<iframe src=\"https://www.google.com/maps/embed?pb=!1m18!1m12!1m3!1d3622.13846706951!2d46.60086418499853!3d24.79071168408687!2m3!1f0!2f0!3f0!3m2!1i1024!2i768!4f13.1!3m3!1m2!1s0x3e2ee3297a03e40b%3A0x4dfef4480f2d02f2!2z2KzYp9mF2Lkg2KfZhNi02YrYriDZhdit2YXYryDYudio2K_Yp9mE2YTZhyDYp9io2LHYp9mH2YrZhSDYp9mE2YXYp9is2K8!5e0!3m2!1sar!2ssa!4v1649672202637!5m2!1sar!2ssa\" width=\"600\" height=\"450\" style=\"border:0;\" allowfullscreen=\"\" loading=\"lazy\" referrerpolicy=\"no-referrer-when-downgrade\"></iframe>','{\"ar\":null,\"en\":null}','{\"title\":{\"ar\":null,\"en\":null},\"desc\":{\"ar\":null,\"en\":null},\"list\":[]}','{\"project_id\":[],\"title\":{\"ar\":null,\"en\":null},\"desc\":{\"ar\":null,\"en\":null},\"url\":null}','{\"ar\":null,\"en\":null}','{\"ar\":\"\\u064a\\u0642\\u0639 \\u0645\\u0634\\u0631\\u0648\\u0639 \\u062c\\u0627\\u0645\\u0639 \\u0645\\u062d\\u0645\\u062f \\u0628\\u0646 \\u0639\\u0628\\u062f \\u0627\\u0644\\u0644\\u0647 \\u0625\\u0628\\u0631\\u0627\\u0647\\u064a\\u0645 \\u0627\\u0644\\u0645\\u0627\\u062c\\u062f \\u0641\\u064a \\u0634\\u0645\\u0627\\u0644 \\u0645\\u062f\\u064a\\u0646\\u0629 \\u0627\\u0644\\u0631\\u064a\\u0627\\u0636\\u060c \\u0648\\u064a\\u0639\\u062f \\u0645\\u0646 \\u0623\\u0643\\u062b\\u0631 \\u0627\\u0644\\u062c\\u0648\\u0627\\u0645\\u0639 \\u0627\\u0644\\u0645\\u062a\\u0645\\u064a\\u0632\\u0629 \\u0628\\u0627\\u0644\\u0647\\u0646\\u062f\\u0633\\u0629 \\u0627\\u0644\\u0645\\u0639\\u0645\\u0627\\u0631\\u064a\\u0629 \\u0648\\u0627\\u0644\\u0625\\u0646\\u0634\\u0627\\u0626\\u064a\\u0629\\u060c \\u062d\\u064a\\u062b \\u0635\\u0645\\u0645 \\u0627\\u0644\\u062c\\u0627\\u0645\\u0639 \\u0628\\u0647\\u0648\\u064a\\u0629 \\u0628\\u0635\\u0631\\u064a\\u0629 \\u0645\\u0645\\u064a\\u0632\\u0629 \\u0641\\u064a \\u062c\\u0645\\u064a\\u0639 \\u062a\\u0641\\u0627\\u0635\\u064a\\u0644 \\u0627\\u0644\\u0645\\u0633\\u062c\\u062f \\u0643\\u0627\\u0644\\u0645\\u062d\\u0631\\u0627\\u0628\\u060c \\u0627\\u0644\\u0623\\u0628\\u0648\\u0627\\u0628 \\u0627\\u0644\\u062e\\u0634\\u0628\\u064a\\u0629\\u060c \\u0627\\u0644\\u0623\\u062b\\u0627\\u062b \\u0627\\u0644\\u062f\\u0627\\u062e\\u0644\\u064a\\u060c \\u0627\\u0644\\u0633\\u062c\\u0627\\u062f\\u060c \\u0648\\u0627\\u0644\\u0648\\u0627\\u062c\\u0647\\u0627\\u062a \\u0627\\u0644\\u062e\\u0627\\u0631\\u062c\\u064a\\u0629.\",\"en\":\"The Mohammed bin Abdullah Ibrahim Al Majid masjed project is located in the north of the city of Riyadh, It is considered one of the most distinguished mosques in terms of architecture and construction, masjed was designed with a distinct visual identity in all the details of the masjed, such as the mihrab, wooden doors, interior furniture, carpets, and external facades.\"}','{\"navbar\":{\"gostick\":true,\"transparent\":true,\"bg\":null,\"sbg\":null,\"bo\":null},\"ibtn\":{\"status\":false,\"bg\":null},\"interest\":{\"bg\":null,\"box_bg\":null,\"input_bg\":null,\"input_bo\":null,\"button_bg\":null}}','[\"projects\\/0.27470400 1700866168.webp\",\"projects\\/0.27590900 1700866168.webp\",\"projects\\/0.27697100 1700866168.webp\",\"projects\\/0.27796300 1700866168.webp\",\"projects\\/0.27903500 1700866168.webp\",\"projects\\/0.28007000 1700866168.webp\",\"projects\\/0.28107100 1700866168.webp\"]',1,0,1,0,NULL,NULL,'{\"status\":false,\"title\":{\"ar\":null,\"en\":null},\"desc\":{\"ar\":null,\"en\":null},\"latitude\":null,\"longitude\":null,\"zoom\":null}','{\"q_reason\":[],\"q_payment\":[],\"q_type\":[]}','{\"fullurl\":false,\"title\":{\"ar\":null,\"en\":null},\"stitle\":{\"ar\":null,\"en\":null},\"desc\":{\"ar\":null,\"en\":null},\"canonical\":null,\"image\":null}','[]',NULL,NULL,1,NULL,'2025-02-22 17:39:25','2025-08-10 06:00:22',19,'{\"status\":true,\"points\":\"16.98,42.49\"}'),
(29,'{\"ar\":\"\\u0627\\u0644\\u0633\\u0644\\u064a\\u0645\\u0627\\u0646 \\u0628\\u064a\\u0632\\u0646\\u0633 \\u0643\\u0645\\u0628\\u0627\\u0648\\u0646\\u062f\",\"en\":\"Alsoliman Business Compound\"}','{\"ar\":\"\\u0627\\u0644\\u0633\\u0644\\u064a\\u0645\\u0627\\u0646 \\u0628\\u064a\\u0632\\u0646\\u0633 \\u0643\\u0645\\u0628\\u0627\\u0648\\u0646\\u062f\",\"en\":\"Alsoliman Business Compound\"}','{\"ar\":\"Alsoliman Business Compound\",\"en\":\"\\u0627\\u0644\\u0633\\u0644\\u064a\\u0645\\u0627\\u0646 \\u0628\\u064a\\u0632\\u0646\\u0633 \\u0643\\u0645\\u0628\\u0627\\u0648\\u0646\\u062f\"}','alsoliman-business-compound','السليمان-بيزنس-كمباوند','project',2,2,1,NULL,'projects/01JMRRG5HNP75YDJTHYFZFBNQK.jpeg',NULL,'projects/01JMRRG5HRY1W28N00J78MCSK6.png','{\"status\":false,\"url\":null,\"file\":null}',NULL,NULL,'{\"area\":\"24000+\",\"flat\":\"82000+\",\"units\":\"182\",\"value\":\"550\"}','<iframe src=\"https://www.google.com/maps/embed?pb=!1m18!1m12!1m3!1d2371.821636038006!2d46.6964263169381!3d24.824867096891747!2m3!1f0!2f0!3f0!3m2!1i1024!2i768!4f13.1!3m3!1m2!1s0x3e2efc9c5d90f30b%3A0x3f772d4cf9fc8e32!2zUkFOQjc2NTLYjCA3NjUyINin2YTYp9mF2YrYsSDZgdmK2LXZhCDYqNmGINio2YbYr9ixINio2YYg2LnYqNiv2KfZhNi52LLZitiy2IwgNTUzM9iMINit2Yog2KfZhNmG2LHYrNizLCBSaXlhZGggMTMzMjQ!5e1!3m2!1sen!2ssa!4v1690887892762!5m2!1sen!2ssa\" width=\"600\" height=\"450\" style=\"border:0;\" allowfullscreen=\"\" loading=\"lazy\" referrerpolicy=\"no-referrer-when-downgrade\"></iframe>','{\"ar\":null,\"en\":null}','{\"title\":{\"ar\":null,\"en\":null},\"desc\":{\"ar\":null,\"en\":null},\"list\":[]}','{\"title\":{\"ar\":null,\"en\":null},\"desc\":{\"ar\":null,\"en\":null},\"url\":null}','{\"ar\":null,\"en\":null}','{\"ar\":\"\\u0636\\u0645\\u0646 \\u0627\\u0644\\u0646\\u0637\\u0627\\u0642 \\u0627\\u0644\\u0639\\u0645\\u0631\\u0627\\u0646\\u064a \\u0627\\u0644\\u0645\\u0632\\u062f\\u0647\\u0631 \\u0641\\u064a \\u0645\\u062f\\u064a\\u0646\\u0629 \\u0627\\u0644\\u0631\\u064a\\u0627\\u0636 \\u0648\\u0636\\u0645\\u0646 \\u0627\\u0645\\u062a\\u062f\\u0627\\u062f\\u0647\\u0627 \\u0627\\u0644\\u0634\\u0631\\u0642\\u064a \\u0627\\u0644\\u0645\\u062a\\u0637\\u0648\\u0631\\u060c \\u0646\\u0637\\u0645\\u062d \\u0623\\u0646 \\u064a\\u0643\\u0648\\u0646 \\u0627\\u0644\\u0633\\u0644\\u064a\\u0645\\u0627\\u0646 \\u0628\\u064a\\u0632\\u0646\\u0633 \\u0643\\u0645\\u0628\\u0627\\u0648\\u0646\\u062f \\u062c\\u0632\\u0621\\u064b\\u0627 \\u0645\\u0646 \\u0642\\u0644\\u0628 \\u0645\\u062f\\u064a\\u0646\\u0629 \\u0627\\u0644\\u0631\\u064a\\u0627\\u0636\\u060c \\u0639\\u0644\\u0649 \\u0623\\u0631\\u0636 \\u0645\\u0633\\u0627\\u062d\\u062a\\u0647\\u0627 24,000 \\u06452\\u060c \\u0648\\u0645\\u0633\\u0637\\u062d\\u0627\\u062a \\u0628\\u0646\\u0627\\u0621 \\u062a\\u062a\\u062c\\u0627\\u0648\\u0632 76,000 \\u06452\\u060c  \\u0646\\u0634\\u064a\\u0651\\u062f \\u0628\\u064a\\u0626\\u0629 \\u0645\\u0643\\u062a\\u0628\\u064a\\u0629\\u060c \\u0646\\u0642\\u062f\\u0645 \\u0641\\u064a\\u0647\\u0627 \\u0643\\u0645\\u0628\\u0627\\u0648\\u0646\\u062f \\u0645\\u0643\\u062a\\u0628\\u064a \\u0631\\u0627\\u0642\\u064a \\u0628\\u0627\\u0644\\u0642\\u0631\\u0628 \\u0645\\u0646 \\u0637\\u0631\\u064a\\u0642\\u064a \\u0627\\u0644\\u062b\\u0645\\u0627\\u0645\\u0629 \\u0648\\u0637\\u0631\\u064a\\u0642 \\u0627\\u0644\\u0623\\u0645\\u064a\\u0631 \\u0641\\u064a\\u0635\\u0644 \\u0628\\u0646 \\u0628\\u0646\\u062f\\u0631 \\u0628\\u0646 \\u0639\\u0628\\u062f \\u0627\\u0644\\u0639\\u0632\\u064a\\u0632\\u060c \\u0628\\u064a\\u0626\\u0629 \\u0645\\u0643\\u062a\\u0628\\u064a\\u0629 \\u0645\\u062a\\u0643\\u0627\\u0645\\u0644\\u0629 \\u0627\\u0644\\u062e\\u062f\\u0645\\u0627\\u062a \\u0648\\u0627\\u0644\\u0645\\u0631\\u0627\\u0641\\u0642 \\u064a\\u0636\\u0645 150 \\u0645\\u0643\\u062a\\u0628 \\u0645\\u0646\\u0641\\u0635\\u0644\\u060c \\u0646\\u0639\\u0631\\u0636\\u0647\\u0627 \\u0644\\u0644\\u0645\\u0633\\u062a\\u0641\\u064a\\u062f \\u0628\\u0646\\u0645\\u0627\\u0630\\u062c \\u0645\\u062e\\u062a\\u0644\\u0641\\u0629 \\u062a\\u0644\\u0628\\u064a \\u062d\\u0627\\u062c\\u062a\\u0647 \\u0648\\u0631\\u063a\\u0628\\u062a\\u0647\\u060c \\u0645\\u0632\\u0648\\u062f\\u0629 \\u0628\\u0645\\u0646\\u0627\\u0637\\u0642 \\u062e\\u062f\\u0645\\u0627\\u062a \\u0648\\u0625\\u0637\\u0644\\u0627\\u0644\\u0627\\u062a \\u0641\\u0646\\u064a\\u0629 \\u0631\\u0627\\u0626\\u0639\\u0629 \\u0639\\u0644\\u0649 \\u0645\\u0639\\u0627\\u0644\\u0645 \\u0645\\u062f\\u064a\\u0646\\u0629 \\u0627\\u0644\\u0631\\u064a\\u0627\\u0636.\",\"en\":\"Within the thriving urban scope in the city of Riyadh and within its developed eastern extension, we aspire for Business Compound to be part of the heart of the city of Riyadh, on a land area of \\u200b\\u200b24,000 m2, Building areas exceeding 76,000 m2, An integrated office environment with services and facilities that includes 150 separate offices, which we offer to the beneficiary in different models that meet all needs, equipped with service areas and wonderful artistic views of the landmarks of the city of Riyadh.\"}','{\"navbar\":{\"gostick\":true,\"transparent\":true,\"bg\":null,\"sbg\":null,\"bo\":null},\"ibtn\":{\"status\":false,\"bg\":null},\"interest\":{\"bg\":null,\"box_bg\":null,\"input_bg\":null,\"input_bo\":null,\"button_bg\":null}}','[\"projects\\/0.29299900 1703576063.jpg\",\"projects\\/0.29759600 1703576063.bmp\",\"projects\\/0.30887500 1703576063.jpg\",\"projects\\/0.31008300 1703576063.jpg\"]',0,0,1,1,NULL,NULL,'{\"status\":false,\"title\":{\"ar\":null,\"en\":null},\"desc\":{\"ar\":null,\"en\":null},\"latitude\":null,\"longitude\":null,\"zoom\":null}','{\"q_reason\":[],\"q_payment\":[],\"q_type\":[]}','{\"fullurl\":false,\"title\":{\"ar\":null,\"en\":null},\"stitle\":{\"ar\":null,\"en\":null},\"desc\":{\"ar\":null,\"en\":null},\"canonical\":null,\"image\":null}','[]','coming_soon',NULL,1,NULL,'2025-02-22 17:39:25','2025-04-23 05:18:09',3,NULL),
(30,'{\"ar\":\"\\u0633\\u0643\\u064a\\u0646\\u0629 \\u0643\\u0645\\u0628\\u0627\\u0648\\u0646\\u062f \",\"en\":\"Sakeanh Compound \"}','{\"ar\":\"\\u0633\\u0643\\u064a\\u0646\\u0629 \\u0643\\u0645\\u0628\\u0627\\u0648\\u0646\\u062f \\u0645\\u0643\\u0629 \\u0627\\u0644\\u0645\\u0643\\u0631\\u0645\\u0629\",\"en\":\"Sakeanh Compound Makkah\"}','{\"ar\":\"\\u0633\\u0643\\u064a\\u0646\\u0629 \\u0643\\u0645\\u0628\\u0627\\u0648\\u0646\\u062f \\u0645\\u0643\\u0629 \\u0627\\u0644\\u0645\\u0643\\u0631\\u0645\\u0629\",\"en\":\"Sakeanh Compound Makkah\"}','sakeanh-compound-makkah','سكينة-كمباوند-مكة-المكرمة','project',2,2,1,'sakenah','projects/01JRABG1HDW4Z1WDKDT1SD8PMT.webp',NULL,'projects/01JMRRXZ8GHP18YS1P9ET8CJTZ.png','{\"status\":false,\"url\":\"https:\\/\\/drive.google.com\\/file\\/d\\/1cpm7ggEkSQYqsn2jHlyrlyv-AlxwUwW-\\/view\",\"file\":null}',NULL,NULL,'{\"area\":\"22051\",\"flat\":\"94471\",\"units\":\"+540\",\"value\":\"425\"}','<iframe src=\"https://www.google.com/maps/embed?pb=!1m13!1m8!1m3!1d49975.33700646327!2d39.85259719646965!3d21.411977307686552!3m2!1i1024!2i768!4f13.1!3m2!1m1!2zMjHCsDIzJzEyLjkiTiAzOcKwNTAnMjUuOCJF!5e0!3m2!1sar!2ssa!4v1729759126246!5m2!1sar!2ssa\" width=\"600\" height=\"450\" style=\"border:0;\" allowfullscreen=\"\" loading=\"lazy\" referrerpolicy=\"no-referrer-when-downgrade\"></iframe>','{\"ar\":null,\"en\":null}','{\"title\":{\"ar\":null,\"en\":null},\"desc\":{\"ar\":null,\"en\":null},\"list\":[]}','{\"project_id\":[],\"title\":{\"ar\":null,\"en\":null},\"desc\":{\"ar\":null,\"en\":null},\"url\":null}','{\"ar\":null,\"en\":null}','{\"ar\":\"\\u0641\\u064a \\u0645\\u0648\\u0642\\u0639\\u064c \\u064a\\u0634\\u0647\\u062f\\u064f \\u062a\\u0645\\u062f\\u062f\\u064b\\u0627 \\u0639\\u0645\\u0631\\u0627\\u0646\\u064a\\u0627 \\u0648\\u0646\\u0645\\u0648\\u064b\\u064b\\u0627 \\u0633\\u0643\\u0627\\u0646\\u064a\\u0651\\u060c \\u064a\\u0642\\u0639\\u064f \\u0633\\u0643\\u064a\\u0646\\u0629 \\u0643\\u0645\\u0628\\u0627\\u0648\\u0646\\u062f \\u0639\\u0644\\u0649 \\u0645\\u0642\\u0631\\u0628\\u0629 \\u0645\\u0646 \\u0623\\u0647\\u0645\\u0650 \\u0637\\u0631\\u0642\\u0650 \\u0627\\u0644\\u0639\\u0627\\u0635\\u0645\\u0629\\u0650 \\u0627\\u0644\\u0645\\u0642\\u062f\\u0633\\u0629\\u060c \\u0637\\u0631\\u064a\\u0642\\u064f \\u0627\\u0644\\u0645\\u0644\\u0643\\u0650 \\u0627\\u0644\\u062f\\u0627\\u0626\\u0631\\u064a \\u0627\\u0644\\u062b\\u0627\\u0644\\u062b \\u0648\\u0634\\u0627\\u0631\\u0639 \\u0623\\u062c\\u064a\\u0627\\u062f \\u0627\\u0644\\u0630\\u064a \\u064a\\u0646\\u0642\\u0644\\u064f \\u0639\\u0627\\u0628\\u0631\\u064a\\u0647\\u0650 \\u0628\\u0633\\u0647\\u0648\\u0644\\u0629\\u064d \\u0645\\u0646 \\u0623\\u0646\\u062d\\u0627\\u0621\\u0650 \\u0645\\u0643\\u0629 \\u0625\\u0644\\u0649 \\u0627\\u0644\\u0645\\u0634\\u0627\\u0639\\u0631\\u0650 \\u0627\\u0644\\u0645\\u064f\\u0642\\u062f\\u0633\\u0651\\u0629\",\"en\":\"In a location with urban expansion and population growth, Sakenah Compound is located close to the most important roads of the Holy Capital, the King\\u2019s Third Ring Road and Ajyad Street, which easily transports its visitors from all parts of Mecca to the holy sites.\"}','{\"navbar\":{\"gostick\":true,\"transparent\":true,\"bg\":\"#183d38\",\"sbg\":\"#183d38\",\"bo\":\"#15322f\"},\"ibtn\":{\"status\":false,\"bg\":null},\"interest\":{\"bg\":null,\"box_bg\":null,\"input_bg\":null,\"input_bo\":null,\"button_bg\":null}}','[\"projects\\/0.65327900 1719913599.webp\",\"projects\\/0.65877000 1719913599.webp\",\"projects\\/0.65958300 1719913599.webp\",\"projects\\/0.66124800 1719913599.webp\",\"projects\\/0.66200500 1719913599.webp\",\"projects\\/0.66294600 1719913599.webp\",\"projects\\/0.17431900 1718029652.webp\",\"projects\\/0.17470800 1718029652.webp\",\"projects\\/0.17525900 1718029652.webp\",\"projects\\/0.17575600 1718029652.webp\",\"projects\\/0.17612300 1718029652.webp\",\"projects\\/0.17654300 1718029652.webp\",\"projects\\/0.17717100 1718029652.webp\",\"projects\\/0.17776100 1718029652.webp\"]',1,0,1,1,'projects/01JMR0WS4FCT2B78S7TQJWH5R7.jpg','projects/01JMR0WS4CYCKZ0WXRNJC3BPVJ.png','{\"status\":false,\"title\":{\"ar\":null,\"en\":null},\"desc\":{\"ar\":null,\"en\":null},\"latitude\":null,\"longitude\":null,\"zoom\":null}','{\"q_reason\":[],\"q_payment\":[],\"q_type\":[]}','{\"fullurl\":false,\"title\":{\"ar\":\"\\u0633\\u0643\\u064a\\u0646\\u0629 \\u0643\\u0645\\u0628\\u0627\\u0648\\u0646\\u062f \\u0645\\u0646 \\u0627\\u0644\\u0633\\u0644\\u064a\\u0645\\u0627\\u0646 \\u0627\\u0644\\u0639\\u0642\\u0627\\u0631\\u064a\\u0629 \\u0628\\u0645\\u0643\\u0629 \\u0627\\u0644\\u0645\\u0643\\u0631\\u0645\\u0629\",\"en\":\"Sakenah Compound by Alsoliman Real Estate in Makkah\"},\"stitle\":{\"ar\":\"\\u0633\\u0643\\u064a\\u0646\\u0629 \\u0643\\u0645\\u0628\\u0627\\u0648\\u0646\\u062f \\u0645\\u062c\\u062a\\u0645\\u0639 \\u0633\\u0643\\u0646\\u064a \\u0641\\u0627\\u062e\\u0631 \\u0641\\u064a \\u062d\\u064a \\u0627\\u0644\\u0647\\u062c\\u0631\\u0629 \\u0648\\u0628\\u0627\\u0644\\u0642\\u0631\\u0628 \\u0645\\u0646 \\u0627\\u0644\\u062d\\u0631\\u0645 \\u0627\\u0644\\u0645\\u0643\\u064a\",\"en\":\"Sakenah Compound is a luxury residential complex in Al-Hijrah district, near the holy Masjed\"},\"desc\":{\"ar\":\"\\u0627\\u0633\\u062a\\u0643\\u0634\\u0641 \\u0627\\u0644\\u0639\\u064a\\u0634 \\u0641\\u064a \\u0633\\u0643\\u064a\\u0646\\u0629 \\u0643\\u0645\\u0628\\u0627\\u0648\\u0646\\u062f \\u0645\\u0646 \\u0627\\u0644\\u0633\\u0644\\u064a\\u0645\\u0627\\u0646 \\u0627\\u0644\\u0639\\u0642\\u0627\\u0631\\u064a\\u0629 \\u0628\\u0645\\u062c\\u062a\\u0645\\u0639 \\u0645\\u062a\\u0643\\u0627\\u0645\\u0644\",\"en\":\"Explore living in Sakenah Compound by Alsoliman Real Estate in an integrated community\"},\"canonical\":null,\"image\":\"v2\\/settings\\/01JZMA5X5Q770TRT8HVHAXCHD6.webp\"}','[\"apartment\"]','available_for_sale',NULL,3,NULL,'2025-02-22 17:39:25','2025-08-04 01:01:24',5,NULL),
(31,'{\"ar\":\"\\u0628\\u0644\\u0648\\u062f\\u0627\\u0631 \\u0643\\u0645\\u0628\\u0627\\u0648\\u0646\\u062f\",\"en\":\"BLUEDAR COMPOUND\"}','{\"ar\":\"\\u0628\\u0644\\u0648\\u062f\\u0627\\u0631 \\u0643\\u0645\\u0628\\u0627\\u0648\\u0646\\u062f\",\"en\":\"BLUEDAR COMPOUND\"}','{\"ar\":\"BLUEDAR COMPOUND\",\"en\":\"\\u0628\\u0644\\u0648\\u062f\\u0627\\u0631 \\u0643\\u0645\\u0628\\u0627\\u0648\\u0646\\u062f\"}','bluedar','مشروع-بلودار','project',NULL,NULL,NULL,'bluedar','projects/01JMW748DBMQJS7F879622Q07B.webp',NULL,'projects/01JMWQYVVB8FZTCK41NWTPY6S5.png','{\"status\":true,\"url\":\"https:\\/\\/drive.google.com\\/file\\/d\\/12wG8sRwsuxSPi2xPoMxzVVf6RNDE35RL\\/view\",\"file\":null}','https://bit.ly/4cimqoN',NULL,'{\"area\":null,\"flat\":null,\"units\":null,\"value\":null}',NULL,'{\"ar\":\"\\u064a\\u062a\\u0645\\u064a\\u0632 \\u0645\\u062c\\u0645\\u0639 \\u0628\\u0644\\u0648\\u062f\\u0627\\u0631 \\u0628\\u062a\\u0635\\u0627\\u0645\\u064a\\u0645 \\u0639\\u0635\\u0631\\u064a\\u0629 \\u0631\\u0627\\u0642\\u064a\\u0629\\u060c \\u062d\\u064a\\u062b \\u064a\\u0648\\u0641\\u0631 \\u0648\\u062d\\u062f\\u0627\\u062a \\u0633\\u0643\\u0646\\u064a\\u0629 \\u0645\\u062a\\u0646\\u0648\\u0639\\u0629 \\u062a\\u0644\\u0628\\u064a \\u062c\\u0645\\u064a\\u0639 \\u0627\\u062d\\u062a\\u064a\\u0627\\u062c\\u0627\\u062a \\u0627\\u0644\\u0633\\u0643\\u0627\\u0646. \\u064a\\u0636\\u0645 \\u0627\\u0644\\u0645\\u062c\\u0645\\u0639 \\u0645\\u0631\\u0627\\u0641\\u0642 \\u0645\\u062a\\u0643\\u0627\\u0645\\u0644\\u0629 \\u062a\\u0634\\u0645\\u0644 \\u062d\\u0645\\u0627\\u0645\\u0627\\u062a \\u0633\\u0628\\u0627\\u062d\\u0629\\u060c \\u0635\\u0627\\u0644\\u0627\\u062a \\u0631\\u064a\\u0627\\u0636\\u064a\\u0629\\u060c \\u0648\\u062d\\u062f\\u0627\\u0626\\u0642 \\u0648\\u0627\\u0633\\u0639\\u0629\\u060c \\u0645\\u0645\\u0627 \\u064a\\u0636\\u0645\\u0646 \\u062a\\u062c\\u0631\\u0628\\u0629 \\u062d\\u064a\\u0627\\u0629 \\u0645\\u0631\\u064a\\u062d\\u0629 \\u0648\\u0645\\u0645\\u062a\\u0639\\u0629. \\u0643\\u0645\\u0627 \\u064a\\u062a\\u0645\\u062a\\u0639 \\u0628\\u0645\\u0648\\u0642\\u0639 \\u0627\\u0633\\u062a\\u0631\\u0627\\u062a\\u064a\\u062c\\u064a \\u0628\\u0627\\u0644\\u0642\\u0631\\u0628 \\u0645\\u0646 \\u0627\\u0644\\u0645\\u0631\\u0627\\u0641\\u0642 \\u0627\\u0644\\u062d\\u064a\\u0648\\u064a\\u0629\\u060c \\u0648\\u0646\\u0638\\u0627\\u0645 \\u0623\\u0645\\u0627\\u0646 \\u0645\\u062a\\u0643\\u0627\\u0645\\u0644 \\u064a\\u0648\\u0641\\u0631 \\u0627\\u0644\\u062e\\u0635\\u0648\\u0635\\u064a\\u0629 \\u0648\\u0627\\u0644\\u0623\\u0645\\u0627\\u0646. \\u0628\\u0627\\u0644\\u0625\\u0636\\u0627\\u0641\\u0629 \\u0625\\u0644\\u0649 \\u0630\\u0644\\u0643\\u060c \\u064a\\u0642\\u062f\\u0645 \\u0627\\u0644\\u0645\\u062c\\u0645\\u0639 \\u062e\\u062f\\u0645\\u0627\\u062a \\u0635\\u064a\\u0627\\u0646\\u0629 \\u0645\\u0633\\u062a\\u0645\\u0631\\u0629 \\u0648\\u062e\\u064a\\u0627\\u0631\\u0627\\u062a \\u0633\\u062f\\u0627\\u062f \\u0645\\u0631\\u0646\\u0629\\u060c \\u0645\\u0645\\u0627 \\u064a\\u062c\\u0639\\u0644\\u0647 \\u062e\\u064a\\u0627\\u0631\\u064b\\u0627 \\u0645\\u062b\\u0627\\u0644\\u064a\\u064b\\u0627 \\u0644\\u0644\\u0639\\u064a\\u0634 \\u0648\\u0627\\u0644\\u0627\\u0633\\u062a\\u062b\\u0645\\u0627\\u0631.\",\"en\":\"BlueDar Compound boasts elegant modern designs, offering a variety of residential units that meet all residents\' needs. The compound includes comprehensive amenities such as swimming pools, gyms, and spacious gardens, ensuring a comfortable and enjoyable living experience. It also enjoys a strategic location near essential facilities, along with a complete security system that provides privacy and safety. Additionally, the compound offers ongoing maintenance services and flexible payment options, making it an ideal choice for living and investment.\"}','{\"title\":{\"ar\":\"\\u0646\\u0645\\u0627\\u0630\\u062c \\u0648\\u062d\\u062f\\u0627\\u062a \\u0628\\u0644\\u0648\\u062f\\u0627\\u0631 \\u0643\\u0645\\u0628\\u0627\\u0648\\u0646\\u062f\",\"en\":\"Unit models\"},\"desc\":{\"ar\":\"\\u064a\\u062d\\u062a\\u0648\\u064a \\u0645\\u0634\\u0631\\u0648\\u0639 \\u0628\\u0644\\u0648\\u062f\\u0627\\u0631 \\u0643\\u0645\\u0628\\u0627\\u0648\\u0646\\u062f \\u0639\\u0644\\u0649 \\u0648\\u062d\\u062f\\u0627\\u062a \\u0645\\u062a\\u0646\\u0648\\u0639\\u0629 \\u0645\\u0646 \\u0627\\u0644\\u0634\\u0642\\u0642 \\u0628\\u0645\\u0633\\u0627\\u062d\\u0627\\u062a \\u062a\\u0628\\u062f\\u0623 \\u0645\\u0646 90 \\u0645\\u062a\\u0631 \\u0645\\u0631\\u0628\\u0639 \\u0648\\u062d\\u062a\\u0649 180 \\u0645\\u062a\\u0631 \\u0645\\u0631\\u0628\\u0639. \\u062a\\u0648\\u0641\\u0631 \\u0647\\u0630\\u0647 \\u0627\\u0644\\u0634\\u0642\\u0642 \\u062a\\u0635\\u0627\\u0645\\u064a\\u0645 \\u0639\\u0635\\u0631\\u064a\\u0629 \\u062a\\u0644\\u0628\\u064a \\u0627\\u062d\\u062a\\u064a\\u0627\\u062c\\u0627\\u062a \\u0627\\u0644\\u0623\\u0641\\u0631\\u0627\\u062f \\u0648\\u0627\\u0644\\u0639\\u0627\\u0626\\u0644\\u0627\\u062a\\u060c \\u0645\\u0645\\u0627 \\u064a\\u062a\\u064a\\u062d \\u062e\\u064a\\u0627\\u0631\\u0627\\u062a \\u0645\\u062a\\u0639\\u062f\\u062f\\u0629 \\u0644\\u0644\\u0633\\u0643\\u0627\\u0646. \\u062a\\u0634\\u0645\\u0644 \\u0627\\u0644\\u0645\\u0631\\u0627\\u0641\\u0642 \\u0627\\u0644\\u0645\\u0634\\u062a\\u0631\\u0643\\u0629 \\u0641\\u064a \\u0627\\u0644\\u0643\\u0645\\u0628\\u0627\\u0648\\u0646\\u062f \\u0645\\u0646\\u0627\\u0637\\u0642 \\u062e\\u0636\\u0631\\u0627\\u0621 \\u0648\\u0645\\u0631\\u0627\\u0641\\u0642 \\u062a\\u0631\\u0641\\u064a\\u0647\\u064a\\u0629\\u060c \\u0645\\u0645\\u0627 \\u064a\\u0639\\u0632\\u0632 \\u0645\\u0646 \\u0646\\u0645\\u0637 \\u062d\\u064a\\u0627\\u0629 \\u0645\\u0631\\u064a\\u062d \\u0648\\u0645\\u0633\\u0624\\u0648\\u0644 \\u0641\\u064a \\u0627\\u0644\\u0645\\u062c\\u062a\\u0645\\u0639.\",\"en\":\"BlueDar compound project features a variety of apartment units with sizes ranging from 90 square meters to 180 square meters. These apartments offer modern designs that cater to the needs of individuals and families, providing multiple options for residents. The compound includes shared amenities such as green spaces and recreational facilities, enhancing a comfortable and community-oriented lifestyle.\"},\"list\":[{\"item\":{\"img\":\"v2\\/settings\\/01JMW852REF2XKYNK1QCQVCKDY.webp\",\"model\":\"A\",\"size\":\"90\",\"desc\":{\"ar\":\"\\u063a\\u0631\\u0641\\u0629 \\u0646\\u0648\\u0645 \\u0631\\u0626\\u064a\\u0633\\u064a\\u0629 | 2 \\u062f\\u0648\\u0631\\u0627\\u062a \\u0645\\u064a\\u0627\\u0647 | \\u0635\\u0627\\u0644\\u0629 \\u0645\\u0639\\u064a\\u0634\\u0629 | \\u0635\\u0627\\u0644\\u0629 \\u0637\\u0639\\u0627\\u0645 | \\u0645\\u0637\\u0628\\u062e \\u0645\\u0641\\u062a\\u0648\\u062d\",\"en\":\"Master bedroom | 2 bathrooms | Living room | Dining room | Open kitchen\\n\"}}},{\"item\":{\"img\":\"v2\\/settings\\/01JMW852RHH9JFB0Z77A36PZ96.webp\",\"model\":\"B\",\"size\":\"110\",\"desc\":{\"ar\":\"\\u063a\\u0631\\u0641\\u0629 \\u0646\\u0648\\u0645 \\u0631\\u0626\\u064a\\u0633\\u064a\\u0629 | \\u063a\\u0631\\u0641\\u0629 \\u0646\\u0648\\u0645 | 2 \\u062f\\u0648\\u0631\\u0627\\u062a \\u0645\\u064a\\u0627\\u0647 | \\u0635\\u0627\\u0644\\u0629 \\u0645\\u0639\\u064a\\u0634\\u0629 | \\u0635\\u0627\\u0644\\u0629 \\u0637\\u0639\\u0627\\u0645 | \\u0645\\u0637\\u0628\\u062e \\u0645\\u0641\\u062a\\u0648\\u062d\",\"en\":\"Master bedroom | Bedroom | 2 bathrooms | Living room | Dining room | Open kitchen\"}}},{\"item\":{\"img\":\"v2\\/settings\\/01JMW852RJZ987JX81QJX4218B.webp\",\"model\":\"C\",\"size\":\"145\",\"desc\":{\"ar\":\"\\u063a\\u0631\\u0641\\u0629 \\u0646\\u0648\\u0645 \\u0631\\u0626\\u064a\\u0633\\u064a\\u0629 | \\u063a\\u0631\\u0641\\u0629 \\u0646\\u0648\\u0645 | \\u0645\\u062c\\u0644\\u0633 | 4 \\u062f\\u0648\\u0631\\u0627\\u062a \\u0645\\u064a\\u0627\\u0647 | \\u0635\\u0627\\u0644\\u0629 \\u0645\\u0639\\u064a\\u0634\\u0629 | \\u0635\\u0627\\u0644\\u0629 \\u0637\\u0639\\u0627\\u0645 | \\u0645\\u0637\\u0628\\u062e \\u0645\\u0641\\u062a\\u0648\\u062d | \\u0645\\u0637\\u0628\\u062e \\u0627\\u0644\\u0642\\u0644\\u064a | \\u063a\\u0631\\u0641\\u0629 \\u062e\\u0627\\u062f\\u0645\\u0629 | \\u0628\\u0644\\u0643\\u0648\\u0646\",\"en\":\"Master bedroom | Bedroom | Majlis | 4 bathrooms | Living room | Dining room | Open kitchen | Frying kitchen | Maid\'s room | Balcony\"}}},{\"item\":{\"img\":\"v2\\/settings\\/01JMW852RKAXNSWEW5BR731J4X.webp\",\"model\":\"D\",\"size\":\"145 - 175 \",\"desc\":{\"ar\":\"\\u063a\\u0631\\u0641\\u0629 \\u0646\\u0648\\u0645 \\u0631\\u0626\\u064a\\u0633\\u064a\\u0629 | 2 \\u063a\\u0631\\u0641\\u0629 \\u0646\\u0648\\u0645 | 4 \\u062f\\u0648\\u0631\\u0627\\u062a \\u0645\\u064a\\u0627\\u0647 | \\u0635\\u0627\\u0644\\u0629 \\u0645\\u0639\\u064a\\u0634\\u0629 | \\u0635\\u0627\\u0644\\u0629 \\u0637\\u0639\\u0627\\u0645 | \\u0645\\u0637\\u0628\\u062e \\u0645\\u0641\\u062a\\u0648\\u062d | \\u0645\\u0637\\u0628\\u062e \\u0627\\u0644\\u0642\\u0644\\u064a | \\u063a\\u0631\\u0641\\u0629 \\u062e\\u0627\\u062f\\u0645\\u0629 | \\u0628\\u0644\\u0643\\u0648\\u0646\",\"en\":\"Master bedroom | 2 Bedroom | 4 bathrooms | Living room | Dining room | Open kitchen | Frying kitchen | Maid\'s room | Balcony\"}}},{\"item\":{\"img\":\"v2\\/settings\\/01JMW852RMAVNFT7M0CHD8RGV2.webp\",\"model\":\"E\",\"size\":\"180\",\"desc\":{\"ar\":\"\\u063a\\u0631\\u0641\\u0629 \\u0646\\u0648\\u0645 \\u0631\\u0626\\u064a\\u0633\\u064a\\u0629 | 2 \\u063a\\u0631\\u0641\\u0629 \\u0646\\u0648\\u0645 | \\u0645\\u062c\\u0644\\u0633 | 4 \\u062f\\u0648\\u0631\\u0627\\u062a \\u0645\\u064a\\u0627\\u0647 | \\u0635\\u0627\\u0644\\u0629 \\u0645\\u0639\\u064a\\u0634\\u0629 | \\u0635\\u0627\\u0644\\u0629 \\u0637\\u0639\\u0627\\u0645 | \\u0645\\u0637\\u0628\\u062e \\u0645\\u0641\\u062a\\u0648\\u062d | \\u0645\\u0637\\u0628\\u062e \\u0627\\u0644\\u0642\\u0644\\u064a | \\u063a\\u0631\\u0641\\u0629 \\u062e\\u0627\\u062f\\u0645\\u0629 | \\u0628\\u0644\\u0643\\u0648\\u0646\",\"en\":\"Master bedroom | 2 Bedroom | Majlis | 4 bathrooms | Living room | Dining room | Open kitchen | Frying kitchen | Maid\'s room | Balcony\"}}}]}','{\"project_id\":[\"55\"],\"title\":{\"ar\":\"\\u0627\\u0633\\u062a\\u0643\\u0634\\u0641 \\u0627\\u0644\\u0648\\u062d\\u062f\\u0627\\u062a \\u0627\\u0644\\u0645\\u062a\\u0627\\u062d\\u0629 \\u0641\\u064a \\u0628\\u0644\\u0648\\u062f\\u0627\\u0631 \\u0643\\u0645\\u0628\\u0627\\u0648\\u0646\\u062f\",\"en\":\"The available units in BlueDar compound\"},\"desc\":{\"ar\":\"\\u0627\\u0643\\u062a\\u0634\\u0641 \\u0627\\u0644\\u0641\\u0631\\u0635\\u0629 \\u0627\\u0644\\u0645\\u062b\\u0627\\u0644\\u064a\\u0629 \\u0644\\u0644\\u0639\\u064a\\u0634 \\u0641\\u064a \\u0628\\u0644\\u0648\\u062f\\u0627\\u0631 \\u0643\\u0645\\u0628\\u0627\\u0648\\u0646\\u062f! \\u0644\\u0627 \\u062a\\u0641\\u0648\\u062a \\u0627\\u0644\\u0641\\u0631\\u0635\\u0629 \\u0644\\u0644\\u0627\\u0637\\u0644\\u0627\\u0639 \\u0639\\u0644\\u0649 \\u0627\\u0644\\u0648\\u062d\\u062f\\u0627\\u062a \\u0627\\u0644\\u0645\\u062a\\u0627\\u062d\\u0629 \\u0627\\u0644\\u062a\\u064a \\u062a\\u0646\\u0627\\u0633\\u0628 \\u0630\\u0648\\u0642\\u0643 \\u0648\\u0627\\u062d\\u062a\\u064a\\u0627\\u062c\\u0627\\u062a\\u0643. \\u0627\\u0646\\u062a\\u0642\\u0644 \\u0625\\u0644\\u0649 \\u0645\\u0646\\u0635\\u0629 \\u0627\\u0644\\u062d\\u062c\\u0632 \\u0627\\u0644\\u0622\\u0646 \\u0648\\u0633\\u062c\\u0644 \\u0627\\u0647\\u062a\\u0645\\u0627\\u0645\\u0643 \\u0628\\u0627\\u0644\\u0648\\u062d\\u062f\\u0629 \\u0627\\u0644\\u0645\\u0646\\u0627\\u0633\\u0628\\u0629 \\u0644\\u0643\\u060c \\u062d\\u064a\\u062b \\u064a\\u0645\\u0643\\u0646\\u0643 \\u0627\\u0633\\u062a\\u0639\\u0631\\u0627\\u0636 \\u0627\\u0644\\u062a\\u0635\\u0627\\u0645\\u064a\\u0645 \\u0627\\u0644\\u0641\\u0631\\u064a\\u062f\\u0629 \\u0648\\u0627\\u0644\\u0645\\u0631\\u0627\\u0641\\u0642 \\u0627\\u0644\\u0631\\u0627\\u0626\\u0639\\u0629. \\u0627\\u062c\\u0639\\u0644 \\u062d\\u0644\\u0645\\u0643 \\u0628\\u0627\\u0645\\u062a\\u0644\\u0627\\u0643 \\u0645\\u0646\\u0632\\u0644 \\u0645\\u0631\\u064a\\u062d \\u0648\\u0639\\u0635\\u0631\\u064a \\u062d\\u0642\\u064a\\u0642\\u0629\\u060c \\u0648\\u0627\\u0628\\u062f\\u0623 \\u0631\\u062d\\u0644\\u0629 \\u0627\\u0644\\u0631\\u0641\\u0627\\u0647\\u064a\\u0629 \\u0627\\u0644\\u064a\\u0648\\u0645!\",\"en\":\"The perfect opportunity to live in BlueDar Compound! Don\\u2019t miss the chance to explore the available units that suit your taste and needs. Visit the booking platform now and express your interest in the unit that\\u2019s right for you, where you can browse unique designs and fantastic amenities. Make your dream of owning a comfortable and modern home a reality, and start your journey to luxury today!\"},\"url\":null}','{\"ar\":\"\\u0628\\u0641\\u0643\\u0631\\u0629 \\u0646\\u0648\\u0639\\u064a\\u0629 \\u0648\\u062c\\u0648\\u062f\\u0629 \\u0645\\u0639\\u0647\\u0648\\u062f\\u0629\\u060c \\u0634\\u0631\\u0643\\u0629 \\u0627\\u0644\\u0633\\u0644\\u064a\\u0645\\u0627\\u0646 \\u0627\\u0644\\u0639\\u0642\\u0627\\u0631\\u064a\\u0629 \\u062a\\u0641\\u062e\\u0631 \\u0628\\u062a\\u0642\\u062f\\u064a\\u0645 \\u0633\\u0644\\u0633\\u0644\\u0629 \\u0645\\u0645\\u064a\\u0632\\u0629 \\u0645\\u0646 \\u0645\\u0634\\u0627\\u0631\\u064a\\u0639 \\u0628\\u0644\\u0648\\u062f\\u0627\\u0631 \\u0643\\u0645\\u0628\\u0627\\u0648\\u0646\\u062f \\u0641\\u064a \\u0645\\u062f\\u064a\\u0646\\u0629 \\u0627\\u0644\\u0631\\u064a\\u0627\\u0636 \\u062d\\u064a\\u062b \\u0631\\u0648\\u0639\\u064a \\u0641\\u064a \\u0627\\u0644\\u0645\\u0634\\u0631\\u0648\\u0639 \\u0627\\u0644\\u062a\\u062e\\u0637\\u064a\\u0637 \\u0627\\u0644\\u062c\\u064a\\u062f \\u0648\\u0627\\u0644\\u0627\\u0633\\u062a\\u0641\\u0627\\u062f\\u0629 \\u0627\\u0644\\u0642\\u0635\\u0648\\u0649 \\u0645\\u0646 \\u0627\\u0644\\u0645\\u0633\\u0627\\u062d\\u0627\\u062a \\u0627\\u0644\\u062a\\u064a \\u062a\\u0648\\u0641\\u0631 \\u0627\\u0644\\u0631\\u0627\\u062d\\u0629 \\u0648\\u0633\\u0647\\u0648\\u0644\\u0629 \\u0627\\u0644\\u0639\\u064a\\u0634 \\u0648\\u062a\\u0644\\u0628\\u064a \\u0643\\u0627\\u0641\\u0629 \\u0627\\u062d\\u062a\\u064a\\u0627\\u062c\\u0627\\u062a \\u0627\\u0644\\u0623\\u0633\\u0631\\u0629 \\u0648\\u062e\\u0635\\u0648\\u0635\\u064a\\u062a\\u0647\\u0627\",\"en\":\"With unique concept and renowned quality, Alsoliman Real Estate Company is proud to present a distinguished series of BlueDar Compound projects in Riyadh. The project features careful planning and maximizes the use of spaces, ensuring comfort and livability while meeting all family needs and privacy.\"}','{\"ar\":\"\\u0627\\u0633\\u062a\\u0645\\u062a\\u0639 \\u0628\\u0627\\u0644\\u062d\\u064a\\u0627\\u0629 \\u0627\\u0644\\u0631\\u0627\\u0642\\u064a\\u0629 \\u0641\\u064a \\u0628\\u0644\\u0648\\u062f\\u0627\\u0631 \\u0643\\u0645\\u0628\\u0627\\u0648\\u0646\\u062f\\u060c \\u062d\\u064a\\u062b \\u062a\\u062c\\u0645\\u0639 \\u0628\\u064a\\u0646 \\u0627\\u0644\\u062a\\u0635\\u0645\\u064a\\u0645 \\u0627\\u0644\\u0639\\u0635\\u0631\\u064a \\u0648\\u0627\\u0644\\u0645\\u0631\\u0627\\u0641\\u0642 \\u0627\\u0644\\u0645\\u062a\\u0643\\u0627\\u0645\\u0644\\u0629. \\u062a\\u0642\\u0639 \\u0645\\u062c\\u0645\\u0639\\u0627\\u062a\\u0646\\u0627 \\u0641\\u064a \\u0645\\u0648\\u0627\\u0642\\u0639 \\u0645\\u0645\\u064a\\u0632\\u0629 \\u0628\\u0627\\u0644\\u0639\\u0627\\u0635\\u0645\\u0629\\u060c \\u0645\\u0645\\u0627 \\u064a\\u0648\\u0641\\u0631 \\u0644\\u0643 \\u0633\\u0647\\u0648\\u0644\\u0629 \\u0627\\u0644\\u0648\\u0635\\u0648\\u0644 \\u0625\\u0644\\u0649 \\u0627\\u0644\\u0645\\u0631\\u0627\\u0641\\u0642 \\u0627\\u0644\\u062d\\u064a\\u0648\\u064a\\u0629 \\u0648\\u0627\\u0644\\u062a\\u0631\\u0641\\u064a\\u0647\\u064a\\u0629. \\u0639\\u064a\\u0634 \\u062a\\u062c\\u0631\\u0628\\u0629 \\u0633\\u0643\\u0646 \\u0627\\u0633\\u062a\\u062b\\u0646\\u0627\\u0626\\u064a\\u0629 \\u062a\\u062a\\u0645\\u064a\\u0632 \\u0628\\u0627\\u0644\\u0631\\u0627\\u062d\\u0629 \\u0648\\u0627\\u0644\\u0623\\u0646\\u0627\\u0642\\u0629 \\u0645\\u0639 \\u0628\\u064a\\u0626\\u0629 \\u0647\\u0627\\u062f\\u0626\\u0629 \\u062a\\u0644\\u0628\\u064a \\u062c\\u0645\\u064a\\u0639 \\u0627\\u062d\\u062a\\u064a\\u0627\\u062c\\u0627\\u062a\\u0643. \\u0627\\u0646\\u0637\\u0644\\u0642 \\u0646\\u062d\\u0648 \\u062d\\u064a\\u0627\\u0629 \\u062c\\u062f\\u064a\\u062f\\u0629 \\u0647\\u0646\\u0627 \\u0641\\u064a \\u0628\\u0644\\u0648\\u062f\\u0627\\u0631!\",\"en\":\"Enjoy a luxurious lifestyle at BlueDar Compound, where modern design meets comprehensive amenities. Our compounds are located in prime areas of the capital, providing you easy access to essential and recreational facilities. Experience an exceptional living environment characterized by comfort and elegance, all within a serene setting that caters to all your needs. Step into a new life here at BlueDar !\"}','{\"navbar\":{\"gostick\":true,\"transparent\":true,\"bg\":\"#0D0F1E\",\"sbg\":\"#0D0F1E\",\"bo\":\"#23253b\"},\"ibtn\":{\"status\":false,\"bg\":\"#0D0F1E\"},\"interest\":{\"bg\":null,\"box_bg\":null,\"input_bg\":null,\"input_bo\":null,\"button_bg\":null}}','[\"projects\\/01JMW748DEN6TJ7EFS5PVF3RPH.webp\",\"projects\\/01JMW748DFWFH2HEH0TXM50M6J.webp\",\"projects\\/01JMW748DG7JE1KGPN8XJ0HBCV.webp\",\"projects\\/01JMW748DHM17KD78E13ZA2SK3.webp\",\"projects\\/01JMW748DKAF1N0AAHCRR04354.webp\",\"projects\\/01JMW748DMKC08AK70BXGSMJEJ.jpeg\",\"projects\\/01JMW748DNKNNJW71DBPPVSY9Y.jpeg\",\"projects\\/01JMW748DP4AJW8T6RBN2C5RXG.webp\",\"projects\\/01JMW748DQ20KE7EZ2PE98EG52.webp\",\"projects\\/01JMW748DRKR387NZQ5ZYX5SSR.webp\",\"projects\\/01JMW748DSXA0DJS3K3XMH4Y70.webp\",\"projects\\/01JMW748DT0SDT24GBRN8S1DSV.jpeg\",\"projects\\/01JMW748DVAW7RQSV5C2GX1H7T.webp\",\"projects\\/01JMW748DWQHT1YV43EATXQDTN.webp\",\"projects\\/01JMW748DXCS1TR6967EV4XS60.jpeg\",\"projects\\/01JMW748DYN7QYZ982XBWETN8T.webp\",\"projects\\/01JMW748DZ2R257DDWKTZGCGWG.webp\",\"projects\\/01JMW748E0EVPH6R7247DEH00T.webp\",\"projects\\/01JMW748E1KCYB7A01A1YGXQWF.webp\",\"projects\\/01JMW748E2WZTX1Q252GNM5MBD.webp\",\"projects\\/01JMW748E3V7ZKFAQMSDQ9FS90.webp\"]',1,0,1,1,'projects/01JMW8VJY7QSDYFJ969EAX2WVK.webp','projects/01JMW8VJY64C15EWXVKQF01XR4.svg','{\"status\":true,\"title\":{\"ar\":\"\\u0627\\u0633\\u062a\\u0643\\u0634\\u0641 \\u0645\\u0648\\u0627\\u0642\\u0639 \\u0628\\u0644\\u0648\\u062f\\u0627\\u0631 \\u0643\\u0645\\u0628\\u0627\\u0648\\u0646\\u062f\",\"en\":\"Explore BlueDar Compound Locations\"},\"desc\":{\"ar\":\"\\u0627\\u0633\\u062a\\u0645\\u062a\\u0639 \\u0628\\u0627\\u0644\\u062d\\u064a\\u0627\\u0629 \\u0627\\u0644\\u0631\\u0627\\u0642\\u064a\\u0629 \\u0641\\u064a \\u0628\\u0644\\u0648\\u062f\\u0627\\u0631 \\u0643\\u0645\\u0628\\u0627\\u0648\\u0646\\u062f\\u060c \\u062d\\u064a\\u062b \\u062a\\u062c\\u0645\\u0639 \\u0628\\u064a\\u0646 \\u0627\\u0644\\u062a\\u0635\\u0645\\u064a\\u0645 \\u0627\\u0644\\u0639\\u0635\\u0631\\u064a \\u0648\\u0627\\u0644\\u0645\\u0631\\u0627\\u0641\\u0642 \\u0627\\u0644\\u0645\\u062a\\u0643\\u0627\\u0645\\u0644\\u0629. \\u062a\\u0642\\u0639 \\u0645\\u062c\\u0645\\u0639\\u0627\\u062a\\u0646\\u0627 \\u0641\\u064a \\u0645\\u0648\\u0627\\u0642\\u0639 \\u0645\\u0645\\u064a\\u0632\\u0629 \\u0628\\u0627\\u0644\\u0639\\u0627\\u0635\\u0645\\u0629\\u060c \\u0645\\u0645\\u0627 \\u064a\\u0648\\u0641\\u0631 \\u0644\\u0643 \\u0633\\u0647\\u0648\\u0644\\u0629 \\u0627\\u0644\\u0648\\u0635\\u0648\\u0644 \\u0625\\u0644\\u0649 \\u0627\\u0644\\u0645\\u0631\\u0627\\u0641\\u0642 \\u0627\\u0644\\u062d\\u064a\\u0648\\u064a\\u0629 \\u0648\\u0627\\u0644\\u062a\\u0631\\u0641\\u064a\\u0647\\u064a\\u0629. \\u0639\\u064a\\u0634 \\u062a\\u062c\\u0631\\u0628\\u0629 \\u0633\\u0643\\u0646 \\u0627\\u0633\\u062a\\u062b\\u0646\\u0627\\u0626\\u064a\\u0629 \\u062a\\u062a\\u0645\\u064a\\u0632 \\u0628\\u0627\\u0644\\u0631\\u0627\\u062d\\u0629 \\u0648\\u0627\\u0644\\u0623\\u0646\\u0627\\u0642\\u0629 \\u0645\\u0639 \\u0628\\u064a\\u0626\\u0629 \\u0647\\u0627\\u062f\\u0626\\u0629 \\u062a\\u0644\\u0628\\u064a \\u062c\\u0645\\u064a\\u0639 \\u0627\\u062d\\u062a\\u064a\\u0627\\u062c\\u0627\\u062a\\u0643. \\u0627\\u0646\\u0637\\u0644\\u0642 \\u0646\\u062d\\u0648 \\u062d\\u064a\\u0627\\u0629 \\u062c\\u062f\\u064a\\u062f\\u0629 \\u0647\\u0646\\u0627 \\u0641\\u064a \\u0628\\u0644\\u0648\\u062f\\u0627\\u0631!\",\"en\":\"Enjoy a luxurious lifestyle at BlueDar Compound, where modern design meets comprehensive amenities. Our compounds are located in prime areas of the capital, providing you easy access to essential and recreational facilities. Experience an exceptional living environment characterized by comfort and elegance, all within a serene setting that caters to all your needs. Step into a new life here at BlueDar !\"},\"latitude\":\"24.906122084313004\",\"longitude\":\"46.613058727923736\",\"zoom\":\"15\"}','{\"q_reason\":[],\"q_payment\":[],\"q_type\":[]}','{\"fullurl\":true,\"title\":{\"ar\":\"\\u0628\\u0644\\u0648\\u062f\\u0627\\u0631 \\u0643\\u0645\\u0628\\u0627\\u0648\\u0646\\u062f \\u0645\\u0646 \\u0627\\u0644\\u0633\\u0644\\u064a\\u0645\\u0627\\u0646 \\u0627\\u0644\\u0639\\u0642\\u0627\\u0631\\u064a\\u0629\",\"en\":\"BlueDar Compound By Alsoliman Real Estate\"},\"stitle\":{\"ar\":\"\\u0628\\u0644\\u0648\\u062f\\u0627\\u0631 \\u0643\\u0645\\u0628\\u0627\\u0648\\u0646\\u062f \\u0645\\u062c\\u062a\\u0645\\u0639 \\u0633\\u0643\\u0646\\u064a \\u0641\\u0627\\u062e\\u0631 \\u0641\\u064a \\u0634\\u0645\\u0627\\u0644 \\u0627\\u0644\\u0631\\u064a\\u0627\\u0636\",\"en\":\"BlueDar Compound is a luxury residential community in northern Riyadh.\"},\"desc\":{\"ar\":\"\\u0627\\u0633\\u062a\\u0643\\u0634\\u0641 \\u0627\\u0644\\u0639\\u064a\\u0634 \\u0641\\u064a \\u0628\\u0644\\u0648\\u062f\\u0627\\u0631 \\u0643\\u0645\\u0628\\u0627\\u0648\\u0646\\u062f \\u0645\\u0646 \\u0627\\u0644\\u0633\\u0644\\u064a\\u0645\\u0627\\u0646 \\u0627\\u0644\\u0639\\u0642\\u0627\\u0631\\u064a\\u0629 \\u0628\\u0645\\u062c\\u062a\\u0645\\u0639 \\u0645\\u062a\\u0643\\u0627\\u0645\\u0644\",\"en\":\"Explore living in BlueDar Compound by Alsoliman Real Estate in an integrated community\"},\"canonical\":\"\\u0627\\u0633\\u0643\\u0634\\u0641 \\u0645\\u0634\\u0631\\u0648\\u0639 \\u0628\\u0644\\u0648\\u062f\\u0627\\u0631 \\u0643\\u0645\\u0628\\u0627\\u0648\\u0646\\u062f \\u0645\\u062c\\u062a\\u0645\\u0639 \\u0633\\u0643\\u0646\\u064a \\u0641\\u0627\\u062e\\u0631 \",\"image\":null}','[]','available_for_sale',NULL,1,NULL,'2025-02-24 13:52:38','2025-08-10 03:45:54',1,'{\"status\":true,\"points\":\"24.24,26.72\"}'),
(33,'{\"ar\":\"\\u0628\\u064a\\u0632\\u0646\\u0633 \\u0643\\u0645\\u0628\\u0627\\u0648\\u0646\\u062f\",\"en\":\"Business Compound\"}','{\"ar\":\"\\u0627\\u0644\\u0633\\u0644\\u064a\\u0645\\u0627\\u0646 \\u0628\\u064a\\u0632\\u0646\\u0633 \\u0643\\u0645\\u0628\\u0627\\u0648\\u0646\\u062f\",\"en\":\"Alsoliman Business Compound\"}','{\"ar\":\"Alsoliman Business Compound\",\"en\":\"\\u0627\\u0644\\u0633\\u0644\\u064a\\u0645\\u0627\\u0646 \\u0628\\u064a\\u0632\\u0646\\u0633 \\u0643\\u0645\\u0628\\u0627\\u0648\\u0646\\u062f\"}','السليمان-بيزنس-كمباوند','The-Business-Compound','project',NULL,NULL,NULL,'bluedar','projects/01KG25351AW0VXBTY5EK7H2ZAR.webp',NULL,'projects/01JS9S9QMCDQZY5HC2VXN4BMRK.svg','{\"status\":false,\"url\":\"https:\\/\\/drive.google.com\\/file\\/d\\/12wG8sRwsuxSPi2xPoMxzVVf6RNDE35RL\\/view\",\"file\":null}',NULL,NULL,'{\"area\":null,\"flat\":null,\"units\":null,\"value\":null}',NULL,'{\"ar\":\"\\u062a\\u0642\\u062f\\u0645 \\u0627\\u0644\\u0633\\u0644\\u064a\\u0645\\u0627\\u0646 \\u0627\\u0644\\u0639\\u0642\\u0627\\u0631\\u064a\\u0629 \\u0645\\u0633\\u0627\\u062d\\u0627\\u062a \\u0645\\u0643\\u062a\\u0628\\u064a\\u0629 \\u062a\\u062c\\u0645\\u0639 \\u0628\\u064a\\u0646 \\u0627\\u0644\\u0631\\u0642\\u064a \\u0648\\u0627\\u0644\\u0639\\u0645\\u0644\\u064a\\u0629\\u060c \\u0645\\u0635\\u0645\\u0645\\u0629 \\u0628\\u062f\\u0642\\u0629 \\u0636\\u0645\\u0646 \\u0628\\u064a\\u0632\\u0646\\u0633 \\u0643\\u0645\\u0628\\u0627\\u0648\\u0646\\u062f. \\u062a\\u062a\\u0648\\u0641\\u0631 \\u0628\\u064a\\u0626\\u0627\\u062a \\u0639\\u0645\\u0644 \\u0645\\u062b\\u0631\\u064a\\u0629 \\u0636\\u0645\\u0646 \\u0645\\u0633\\u0627\\u062d\\u0627\\u062a \\u0645\\u0641\\u062a\\u0648\\u062d\\u0629 \\u062a\\u0645\\u062a\\u0627\\u0632 \\u0628\\u0627\\u0644\\u0631\\u062d\\u0627\\u0628\\u0629 \\u0648\\u0627\\u0644\\u0645\\u0631\\u0648\\u0646\\u0629\\u060c \\u0645\\u0639 \\u0646\\u0648\\u0627\\u0641\\u0630 \\u062a\\u0645\\u062a\\u062f \\u0645\\u0646 \\u0627\\u0644\\u0623\\u0631\\u0636\\u064a\\u0629 \\u062d\\u062a\\u0649 \\u0627\\u0644\\u0633\\u0642\\u0641 \\u0644\\u0644\\u0627\\u0633\\u062a\\u0641\\u0627\\u062f\\u0629 \\u0627\\u0644\\u0642\\u0635\\u0648\\u0649 \\u0645\\u0646 \\u0639\\u0646\\u0627\\u0635\\u0631 \\u0627\\u0644\\u0625\\u0636\\u0627\\u0621\\u0629 \\u0627\\u0644\\u0637\\u0628\\u064a\\u0639\\u064a\\u0629\\u060c \\u0643\\u0645\\u0627 \\u064a\\u0645\\u062a\\u0627\\u0632 \\u0627\\u0644\\u0645\\u0634\\u0631\\u0648\\u0639 \\u0628\\u0645\\u0631\\u0648\\u0646\\u0629 \\u0627\\u0644\\u062a\\u0635\\u0645\\u064a\\u0645 \\u0648\\u0627\\u0645\\u0643\\u0627\\u0646\\u064a\\u0629 \\u062a\\u0639\\u062f\\u064a\\u0644 \\u0648\\u062a\\u0634\\u0643\\u064a\\u0644 \\u0627\\u0644\\u0645\\u0633\\u0627\\u062d\\u0627\\u062a \\u0627\\u0644\\u0645\\u0643\\u062a\\u0628\\u064a\\u0629 \\u0645\\u0646 \\u062e\\u0644\\u0627\\u0644 \\u062f\\u0645\\u062c \\u0627\\u0648 \\u0641\\u0635\\u0644 \\u0627\\u0644\\u0645\\u0628\\u0627\\u0646\\u064a \\u0648\\u0627\\u0644\\u0623\\u062f\\u0648\\u0627\\u0631 \\u0644\\u064a\\u062a\\u0646\\u0627\\u0633\\u0628 \\u0645\\u0639 \\u0645\\u062a\\u0637\\u0644\\u0628\\u0627\\u062a \\u0627\\u0644\\u0634\\u0631\\u0643\\u0627\\u062a \\u0648\\u0627\\u0644\\u0647\\u064a\\u0626\\u0627\\u062a.\\n\\n\\u062a\\u0634\\u062a\\u0645\\u0644 \\u0645\\u0628\\u0627\\u0646\\u064a \\u0627\\u0644\\u0645\\u062c\\u0645\\u0639 \\u0639\\u0644\\u0649 \\u062a\\u0631\\u0627\\u0633\\u0627\\u062a \\u062e\\u0636\\u0631\\u0627\\u0621 \\u0645\\u0641\\u062a\\u0648\\u062d\\u0629 \\u0639\\u0644\\u0649 \\u0627\\u0644\\u0633\\u0637\\u062d\\u060c \\u0645\\u0645\\u0627 \\u064a\\u062c\\u0639\\u0644\\u0647\\u0627 \\u0645\\u062b\\u0627\\u0644\\u064a\\u0629 \\u0644\\u0627\\u0633\\u062a\\u0636\\u0627\\u0641\\u0629 \\u0627\\u0644\\u0641\\u0639\\u0627\\u0644\\u064a\\u0627\\u062a \\u0648\\u0627\\u0644\\u0627\\u062c\\u062a\\u0645\\u0627\\u0639\\u0627\\u062a \\u0627\\u0644\\u062e\\u0627\\u0631\\u062c\\u064a\\u0629\\u060c \\u0628\\u0627\\u0644\\u0625\\u0636\\u0627\\u0641\\u0629 \\u0625\\u0644\\u0649 \\u0645\\u0633\\u0627\\u062d\\u0627\\u062a \\u062a\\u0641\\u0627\\u0639\\u0644\\u064a\\u0629 \\u0644\\u062a\\u0639\\u0632\\u064a\\u0632 \\u0627\\u0644\\u062a\\u0648\\u0627\\u0635\\u0644.\\n\\n\\u064a\\u0648\\u0641\\u0631 \\u0628\\u064a\\u0632\\u0646\\u0633 \\u0643\\u0645\\u0628\\u0627\\u0648\\u0646\\u062f \\u0628\\u064a\\u0626\\u0629 \\u0639\\u0645\\u0644 \\u0630\\u0643\\u064a\\u0629 \\u062a\\u0644\\u0628\\u064a \\u0627\\u062d\\u062a\\u064a\\u0627\\u062c\\u0627\\u062a \\u0639\\u0635\\u0631\\u0646\\u0627 \\u0627\\u0644\\u0631\\u0642\\u0645\\u064a\\u060c \\u0645\\u0639 \\u062a\\u0642\\u062f\\u064a\\u0645 \\u0643\\u0627\\u0641\\u0629 \\u0627\\u0644\\u0623\\u062f\\u0648\\u0627\\u062a \\u0627\\u0644\\u062a\\u0642\\u0646\\u064a\\u0629 \\u0627\\u0644\\u0644\\u0627\\u0632\\u0645\\u0629 \\u0644\\u062a\\u062d\\u0642\\u064a\\u0642 \\u0623\\u0642\\u0635\\u0649 \\u0625\\u0646\\u062a\\u0627\\u062c\\u064a\\u0629.\",\"en\":\"Alsoliman Real Estate offers office spaces that combine sophistication and practicality, meticulously designed within a business compound. Rich work environments are available within open spaces characterized by spaciousness and flexibility, with floor-to-ceiling windows to maximize natural lighting elements. The project also features design flexibility, allowing modification and shaping of office spaces by merging or separating buildings and floors to suit the needs of companies and organizations.\\n\\nThe compound buildings include open green terraces on the roof, making them ideal for hosting outdoor events and meetings, as well as interactive spaces to enhance communication.\\n\\nThe Business Compound provides a smart work environment that meets the demands of the digital age, offering all necessary technical tools to achieve maximum productivity.\"}','{\"title\":{\"ar\":\"\\u0646\\u0645\\u0627\\u0630\\u062c \\u0648\\u062d\\u062f\\u0627\\u062a \\u0628\\u064a\\u0632\\u0646\\u0633 \\u0643\\u0645\\u0628\\u0627\\u0648\\u0646\\u062f\",\"en\":\"Unit models\"},\"desc\":{\"ar\":\"\\u0642\\u0631\\u064a\\u0628\\u0627\\u064b\",\"en\":\"SOON!\"},\"list\":[]}','{\"project_id\":[],\"title\":{\"ar\":\"\\u0627\\u0633\\u062a\\u0643\\u0634\\u0641 \\u0627\\u0644\\u0648\\u062d\\u062f\\u0627\\u062a \\u0627\\u0644\\u0645\\u062a\\u0627\\u062d\\u0629 \\u0641\\u064a \\u0628\\u064a\\u0632\\u0646\\u0633 \\u0643\\u0645\\u0628\\u0627\\u0648\\u0646\\u062f\",\"en\":\"The available units in Business Compound\"},\"desc\":{\"ar\":\"\\u0642\\u0631\\u064a\\u0628\\u0640\\u0640\\u0640\\u0627\\u064b\",\"en\":\"SOON!\"},\"url\":null}','{\"ar\":\"\\u0627\\u0644\\u0633\\u0644\\u064a\\u0645\\u0627\\u0646 \\u0628\\u064a\\u0632\\u0646\\u0633 \\u0643\\u0645\\u0628\\u0627\\u0648\\u0646\\u062f \\u064a\\u0642\\u0639 \\u0641\\u064a \\u0642\\u0644\\u0628 \\u0645\\u062f\\u064a\\u0646\\u0629 \\u0627\\u0644\\u0631\\u064a\\u0627\\u0636\\u060c \\u0639\\u0644\\u0649 \\u0623\\u0631\\u0636 \\u0645\\u0633\\u0627\\u062d\\u062a\\u0647\\u0627 24,000 \\u0645\\u00b2 \\u0645\\u0639 \\u0645\\u0633\\u0627\\u062d\\u0627\\u062a \\u0628\\u0646\\u0627\\u0621 \\u062a\\u062a\\u062c\\u0627\\u0648\\u0632 76,000 \\u0645\\u00b2. \\u064a\\u0636\\u0645 22 \\u0645\\u0643\\u062a\\u0628\\u064b\\u0627 \\u0641\\u0627\\u062e\\u0631\\u064b\\u0627 \\u0628\\u0646\\u0645\\u0627\\u0630\\u062c \\u0645\\u062a\\u0646\\u0648\\u0639\\u0629\\u060c \\u0645\\u0639 \\u0645\\u0631\\u0627\\u0641\\u0642 \\u0648\\u062e\\u062f\\u0645\\u0627\\u062a \\u0645\\u062a\\u0643\\u0627\\u0645\\u0644\\u0629\\u060c \\u0648\\u0625\\u0637\\u0644\\u0627\\u0644\\u0627\\u062a \\u0645\\u0645\\u064a\\u0632\\u0629 \\u0639\\u0644\\u0649 \\u0645\\u0639\\u0627\\u0644\\u0645 \\u0627\\u0644\\u0645\\u062f\\u064a\\u0646\\u0629\\u060c \\u0648\\u064a\\u0648\\u0641\\u0631 \\u0623\\u0643\\u062b\\u0631 \\u0645\\u0646 1,100 \\u0645\\u0648\\u0642\\u0641 \\u0633\\u064a\\u0627\\u0631\\u0629\\u060c \\u0645\\u0646\\u0647\\u0627 \\u0645\\u0648\\u0627\\u0642\\u0641 \\u0645\\u062e\\u0635\\u0635\\u0629 \\u0644\\u0643\\u0628\\u0627\\u0631 \\u0627\\u0644\\u0634\\u062e\\u0635\\u064a\\u0627\\u062a \\u0648\\u0630\\u0648\\u064a \\u0627\\u0644\\u0627\\u062d\\u062a\\u064a\\u0627\\u062c\\u0627\\u062a \\u0627\\u0644\\u062e\\u0627\\u0635\\u0629.\",\"en\":\"Alsoliman Business Compound is located in the heart of Riyadh, on a land area of 24,000 m\\u00b2 with built-up spaces exceeding 76,000 m\\u00b2. It features 22 luxury offices with various models, comprehensive facilities and services, stunning views of the city\'s landmarks, and over 1,100 parking spaces, including dedicated spaces for VIPs and people with special needs.\"}','{\"ar\":\"\\u0627\\u0644\\u0633\\u0644\\u064a\\u0645\\u0627\\u0646 \\u0628\\u064a\\u0632\\u0646\\u0633 \\u0643\\u0645\\u0628\\u0627\\u0648\\u0646\\u062f \\u064a\\u0642\\u0639 \\u0641\\u064a \\u0642\\u0644\\u0628 \\u0645\\u062f\\u064a\\u0646\\u0629 \\u0627\\u0644\\u0631\\u064a\\u0627\\u0636\\u060c \\u0639\\u0644\\u0649 \\u0623\\u0631\\u0636 \\u0645\\u0633\\u0627\\u062d\\u062a\\u0647\\u0627 24,000 \\u0645\\u00b2 \\u0645\\u0639 \\u0645\\u0633\\u0627\\u062d\\u0627\\u062a \\u0628\\u0646\\u0627\\u0621 \\u062a\\u062a\\u062c\\u0627\\u0648\\u0632 76,000 \\u0645\\u00b2. \\u064a\\u0636\\u0645 22 \\u0645\\u0643\\u062a\\u0628\\u064b\\u0627 \\u0641\\u0627\\u062e\\u0631\\u064b\\u0627 \\u0628\\u0646\\u0645\\u0627\\u0630\\u062c \\u0645\\u062a\\u0646\\u0648\\u0639\\u0629\\u060c \\u0645\\u0639 \\u0645\\u0631\\u0627\\u0641\\u0642 \\u0648\\u062e\\u062f\\u0645\\u0627\\u062a \\u0645\\u062a\\u0643\\u0627\\u0645\\u0644\\u0629\\u060c \\u0648\\u0625\\u0637\\u0644\\u0627\\u0644\\u0627\\u062a \\u0645\\u0645\\u064a\\u0632\\u0629 \\u0639\\u0644\\u0649 \\u0645\\u0639\\u0627\\u0644\\u0645 \\u0627\\u0644\\u0645\\u062f\\u064a\\u0646\\u0629\\u060c \\u0648\\u064a\\u0648\\u0641\\u0631 \\u0623\\u0643\\u062b\\u0631 \\u0645\\u0646 1,100 \\u0645\\u0648\\u0642\\u0641 \\u0633\\u064a\\u0627\\u0631\\u0629\\u060c \\u0645\\u0646\\u0647\\u0627 \\u0645\\u0648\\u0627\\u0642\\u0641 \\u0645\\u062e\\u0635\\u0635\\u0629 \\u0644\\u0643\\u0628\\u0627\\u0631 \\u0627\\u0644\\u0634\\u062e\\u0635\\u064a\\u0627\\u062a \\u0648\\u0630\\u0648\\u064a \\u0627\\u0644\\u0627\\u062d\\u062a\\u064a\\u0627\\u062c\\u0627\\u062a \\u0627\\u0644\\u062e\\u0627\\u0635\\u0629.\",\"en\":\"Alsoliman Business Compound is located in the heart of Riyadh, on a land area of 24,000 m\\u00b2 with built-up spaces exceeding 76,000 m\\u00b2. It features 22 luxury offices with various models, comprehensive facilities and services, stunning views of the city\'s landmarks, and over 1,100 parking spaces, including dedicated spaces for VIPs and people with special needs.\"}','{\"navbar\":{\"gostick\":true,\"transparent\":true,\"bg\":\"#AD8E6F\",\"sbg\":\"#AD8E6F\",\"bo\":null},\"ibtn\":{\"status\":false,\"bg\":\"#AD8E6F\"},\"interest\":{\"bg\":\"#2a2969\",\"box_bg\":\"rgba(39, 38, 97, 0.81)\",\"input_bg\":\"rgba(39, 38, 97, 0.65)\",\"input_bo\":\"#AD8E6F\",\"button_bg\":\"#0E89BA\"}}','[\"projects\\/01KG25351FWQ7XG7D08J4Z836Y.webp\",\"projects\\/01KG25351JCH24TPZ9RPQGRC8X.webp\",\"projects\\/01KG25351MDKHF90CERPM6NT2R.webp\",\"projects\\/01KG25351PJDDHDQJDH4XJZPSA.webp\",\"projects\\/01KG25351RF0RR716BNAWRD3BR.webp\",\"projects\\/01KG2571NSQ5E54PD9PTFVDN9M.webp\",\"projects\\/01KG2571NXPTNND4RVFCP279PC.webp\",\"projects\\/01KG2571NZ5Z6450V9P9WV5PHZ.webp\",\"projects\\/01KG2571P117AT088NXDTXSHGZ.webp\",\"projects\\/01KG2571P4S6VAVTF2Y4H37NYG.webp\",\"projects\\/01KG2571P68P9J0EYRHHMHWQ9W.webp\",\"projects\\/01KG2571P8C08WQ0ARE4TM88EA.webp\",\"projects\\/01KG2571PA568S6M6BR9R6QEY5.webp\",\"projects\\/01KG2571PCVZHR1WJ1J9A40E5T.webp\",\"projects\\/01KG2571PEJ86T74HXVGMVZBMX.webp\",\"projects\\/01KG2571PHVPY4AQ37WPVM5QQY.webp\",\"projects\\/01KG2571PKBXZ2W8P0ADAMS77M.webp\",\"projects\\/01KG2571PNS0V45MZVDJC54KH9.webp\",\"projects\\/01KG2571PRMNQGAV15F0T44CGE.webp\",\"projects\\/01KG2571PTC2Z473QD43FBS4CJ.webp\"]',1,0,1,1,'projects/01KG259ZVGH2C8JXG2DAA28HWV.webp','projects/01JSE5ZD7QBS6C4FEWFZXEDQ5C.svg','{\"status\":true,\"title\":{\"ar\":\"\\u0627\\u0633\\u062a\\u0643\\u0634\\u0641 \\u0645\\u0648\\u0642\\u0639 \\u0628\\u064a\\u0632\\u0646\\u0633 \\u0643\\u0645\\u0628\\u0627\\u0648\\u0646\\u062f\",\"en\":\"Explore Business Compound Location\"},\"desc\":{\"ar\":\"\\u064a\\u0642\\u0639 \\u0627\\u0644\\u0633\\u0644\\u064a\\u0645\\u0627\\u0646 \\u0628\\u064a\\u0632\\u0646\\u0633 \\u0643\\u0645\\u0628\\u0627\\u0648\\u0646\\u062f \\u0641\\u064a \\u062d\\u064a \\u0627\\u0644\\u0646\\u0631\\u062c\\u0633 \\u0639\\u0644\\u0649 \\u0637\\u0631\\u064a\\u0642 \\u0627\\u0644\\u0623\\u0645\\u064a\\u0631 \\u0641\\u064a\\u0635\\u0644 \\u0628\\u0646 \\u0628\\u0646\\u062f\\u0631 \\u0628\\u0646 \\u0639\\u0628\\u062f\\u0627\\u0644\\u0639\\u0632\\u064a\\u0632\\u060c \\u0628\\u0627\\u0644\\u0642\\u0631\\u0628 \\u0645\\u0646 \\u0623\\u0647\\u0645 \\u0627\\u0644\\u0637\\u0631\\u0642 \\u0627\\u0644\\u0631\\u0626\\u064a\\u0633\\u064a\\u0629 \\u0645\\u062b\\u0644 \\u0637\\u0631\\u064a\\u0642 \\u0627\\u0644\\u0645\\u0644\\u0643 \\u0633\\u0644\\u0645\\u0627\\u0646 \\u0648\\u0637\\u0631\\u064a\\u0642 \\u0623\\u0646\\u0633 \\u0628\\u0646 \\u0645\\u0627\\u0644\\u0643\\u060c \\u0641\\u064a \\u0634\\u0645\\u0627\\u0644 \\u0645\\u062f\\u064a\\u0646\\u0629 \\u0627\\u0644\\u0631\\u064a\\u0627\\u0636. \\u064a\\u064f\\u0639\\u062f \\u0645\\u0634\\u0631\\u0648\\u0639\\u0646\\u0627 \\u0627\\u0644\\u0645\\u0643\\u062a\\u0628\\u064a \\u0627\\u0644\\u0627\\u0633\\u062a\\u062b\\u0646\\u0627\\u0626\\u064a \\u0628\\u064a\\u0626\\u0629 \\u062d\\u064a\\u0648\\u064a\\u0629 \\u0648\\u0645\\u062a\\u0646\\u0648\\u0639\\u0629 \\u062a\\u062c\\u0645\\u0639 \\u0628\\u064a\\u0646 \\u0627\\u0644\\u062c\\u0645\\u0627\\u0644 \\u0648\\u0627\\u0644\\u0641\\u0639\\u0627\\u0644\\u064a\\u0627\\u062a \\u0627\\u0644\\u062a\\u062c\\u0627\\u0631\\u064a\\u0629\\u060c \\u0648\\u064a\\u0648\\u0641\\u0631 \\u0648\\u0635\\u0648\\u0644\\u0627\\u064b \\u0633\\u0647\\u0644\\u0627\\u064b \\u0625\\u0644\\u0649 \\u0623\\u0647\\u0645 \\u0627\\u0644\\u0645\\u0648\\u0627\\u0642\\u0639 \\u0648\\u0627\\u0644\\u0645\\u0639\\u0627\\u0644\\u0645 \\u0627\\u0644\\u062d\\u064a\\u0648\\u064a\\u0629 \\u0641\\u064a \\u0627\\u0644\\u0645\\u062f\\u064a\\u0646\\u0629\\u060c \\u0645\\u0645\\u0627 \\u064a\\u062c\\u0639\\u0644\\u0647 \\u0627\\u0644\\u062e\\u064a\\u0627\\u0631 \\u0627\\u0644\\u0623\\u0645\\u062b\\u0644 \\u0644\\u0644\\u0623\\u0639\\u0645\\u0627\\u0644 \\u0648\\u0627\\u0644\\u0627\\u0633\\u062a\\u062b\\u0645\\u0627\\u0631 \\u0641\\u064a \\u0642\\u0644\\u0628 \\u0627\\u0644\\u0639\\u0627\\u0635\\u0645\\u0629.\",\"en\":\"Alsoliman Business Compound is located in Al Narjis District on Prince Faisal Bin Bandar Bin Abdulaziz Road, near key main roads such as King Salman Road and Anas Bin Malik Road, in the north of Riyadh. Our exceptional office project offers a vibrant and diverse environment that combines beauty with commercial activity, providing easy access to the most important locations and landmarks in the city. It is the ideal choice for business and investment in the heart of the capital.\"},\"latitude\":\"24.8247837\",\"longitude\":\"46.6966547\",\"zoom\":\"17\"}','{\"q_reason\":[],\"q_payment\":[],\"q_type\":[]}','{\"fullurl\":false,\"title\":{\"ar\":\"\\u0627\\u0644\\u0633\\u0644\\u064a\\u0645\\u0627\\u0646 \\u0628\\u064a\\u0632\\u0646\\u0633 \\u0643\\u0645\\u0628\\u0627\\u0648\\u0646\\u062f\",\"en\":\"Alsoliman Business Compound\"},\"stitle\":{\"ar\":\"\\u0627\\u0644\\u0633\\u0644\\u064a\\u0645\\u0627\\u0646 \\u0628\\u064a\\u0632\\u0646\\u0633 \\u0643\\u0645\\u0628\\u0627\\u0648\\u0646\\u062f \\u0645\\u0646 \\u0627\\u0644\\u0633\\u0644\\u064a\\u0645\\u0627\\u0646 \\u0627\\u0644\\u0639\\u0642\\u0627\\u0631\\u064a\\u0629\",\"en\":\"Alsoliman Business Compound by Alsoliman Real Estate Co, Luxury offices\"},\"desc\":{\"ar\":\"\\u0627\\u0633\\u062a\\u0645\\u062a\\u0639 \\u0628\\u062a\\u062c\\u0631\\u0628\\u0629 \\u0627\\u0644\\u0639\\u0645\\u0644 \\u0627\\u0644\\u0631\\u0641\\u064a\\u0639\\u0629 \\u0641\\u064a \\u0645\\u062c\\u0645\\u0639 \\u0628\\u064a\\u0632\\u0646\\u0633 \\u0643\\u0645\\u0628\\u0627\\u0648\\u0646\\u062f \\u0627\\u0644\\u0645\\u0643\\u062a\\u0628\\u064a\",\"en\":\"Enjoy a premium working experience at Alsoliman Business Compound\"},\"canonical\":\"\\u0627\\u0633\\u062a\\u0645\\u062a\\u0639 \\u0628\\u062a\\u062c\\u0631\\u0628\\u0629 \\u0627\\u0644\\u0639\\u0645\\u0644 \\u0627\\u0644\\u0631\\u0641\\u064a\\u0639\\u0629 \\u0641\\u064a \\u0645\\u062c\\u0645\\u0639 \\u0628\\u064a\\u0632\\u0646\\u0633 \\u0643\\u0645\\u0628\\u0627\\u0648\\u0646\\u062f \\u0627\\u0644\\u0645\\u0643\\u062a\\u0628\\u064a\",\"image\":\"v2\\/settings\\/01KGHNXV53PCEEDXF7AP8EVSSA.webp\"}','[]','available_only',NULL,1,NULL,'2025-04-20 11:49:01','2026-02-03 11:59:09',0,'{\"status\":true,\"points\":\"40.01,36.44\"}'),
(34,'{\"ar\":\"\\u0633\\u0643\\u064a\\u0646\\u0629 \\u0643\\u0645\\u0628\\u0627\\u0648\\u0646\\u062f 2\",\"en\":\"Sakeanh Compound 2\"}','{\"ar\":\"\\u0633\\u0643\\u064a\\u0646\\u0629 \\u0643\\u0645\\u0628\\u0627\\u0648\\u0646\\u062f \\u0645\\u0643\\u0629 \\u0627\\u0644\\u0645\\u0643\\u0631\\u0645\\u06292\",\"en\":\"Sakeanh Compound Makkah2\"}','{\"ar\":\"\\u0633\\u0643\\u064a\\u0646\\u0629 \\u0643\\u0645\\u0628\\u0627\\u0648\\u0646\\u062f \\u0645\\u0643\\u0629 \\u0627\\u0644\\u0645\\u0643\\u0631\\u0645\\u06292\",\"en\":\"Sakeanh Compound Makkah2\"}','sakeanh-compound-makkah2','سكينة-كمباوند-مكة-المكرمة2','project',2,2,1,'sakenah',NULL,NULL,NULL,'{\"status\":false,\"url\":\"https:\\/\\/drive.google.com\\/file\\/d\\/1cpm7ggEkSQYqsn2jHlyrlyv-AlxwUwW-\\/view\",\"file\":null}',NULL,NULL,'{\"area\":\"22051\",\"flat\":\"94471\",\"units\":\"+540\",\"value\":\"425\"}','<iframe src=\"https://www.google.com/maps/embed?pb=!1m13!1m8!1m3!1d49975.33700646327!2d39.85259719646965!3d21.411977307686552!3m2!1i1024!2i768!4f13.1!3m2!1m1!2zMjHCsDIzJzEyLjkiTiAzOcKwNTAnMjUuOCJF!5e0!3m2!1sar!2ssa!4v1729759126246!5m2!1sar!2ssa\" width=\"600\" height=\"450\" style=\"border:0;\" allowfullscreen=\"\" loading=\"lazy\" referrerpolicy=\"no-referrer-when-downgrade\"></iframe>','{\"ar\":null,\"en\":null}','{\"title\":{\"ar\":null,\"en\":null},\"desc\":{\"ar\":null,\"en\":null},\"list\":[]}','{\"title\":{\"ar\":null,\"en\":null},\"desc\":{\"ar\":null,\"en\":null},\"url\":null}','{\"ar\":null,\"en\":null}','{\"ar\":\"\\u0641\\u064a \\u0645\\u0648\\u0642\\u0639\\u064c \\u064a\\u0634\\u0647\\u062f\\u064f \\u062a\\u0645\\u062f\\u062f\\u064b\\u0627 \\u0639\\u0645\\u0631\\u0627\\u0646\\u064a\\u0627 \\u0648\\u0646\\u0645\\u0648\\u064b\\u064b\\u0627 \\u0633\\u0643\\u0627\\u0646\\u064a\\u0651\\u060c \\u064a\\u0642\\u0639\\u064f \\u0633\\u0643\\u064a\\u0646\\u0629 \\u0643\\u0645\\u0628\\u0627\\u0648\\u0646\\u062f \\u0639\\u0644\\u0649 \\u0645\\u0642\\u0631\\u0628\\u0629 \\u0645\\u0646 \\u0623\\u0647\\u0645\\u0650 \\u0637\\u0631\\u0642\\u0650 \\u0627\\u0644\\u0639\\u0627\\u0635\\u0645\\u0629\\u0650 \\u0627\\u0644\\u0645\\u0642\\u062f\\u0633\\u0629\\u060c \\u0637\\u0631\\u064a\\u0642\\u064f \\u0627\\u0644\\u0645\\u0644\\u0643\\u0650 \\u0627\\u0644\\u062f\\u0627\\u0626\\u0631\\u064a \\u0627\\u0644\\u062b\\u0627\\u0644\\u062b \\u0648\\u0634\\u0627\\u0631\\u0639 \\u0623\\u062c\\u064a\\u0627\\u062f \\u0627\\u0644\\u0630\\u064a \\u064a\\u0646\\u0642\\u0644\\u064f \\u0639\\u0627\\u0628\\u0631\\u064a\\u0647\\u0650 \\u0628\\u0633\\u0647\\u0648\\u0644\\u0629\\u064d \\u0645\\u0646 \\u0623\\u0646\\u062d\\u0627\\u0621\\u0650 \\u0645\\u0643\\u0629 \\u0625\\u0644\\u0649 \\u0627\\u0644\\u0645\\u0634\\u0627\\u0639\\u0631\\u0650 \\u0627\\u0644\\u0645\\u064f\\u0642\\u062f\\u0633\\u0651\\u0629\",\"en\":\"In a location with urban expansion and population growth, Sakenah Compound is located close to the most important roads of the Holy Capital, the King\\u2019s Third Ring Road and Ajyad Street, which easily transports its visitors from all parts of Mecca to the holy sites.\"}','{\"navbar\":{\"gostick\":true,\"transparent\":true,\"bg\":\"#183d38\",\"sbg\":\"#183d38\",\"bo\":\"#15322f\"},\"ibtn\":{\"status\":false,\"bg\":null},\"interest\":{\"bg\":null,\"box_bg\":null,\"input_bg\":null,\"input_bo\":null,\"button_bg\":null}}',NULL,0,0,1,1,'projects/01JMR0WS4FCT2B78S7TQJWH5R7.jpg','projects/01JMR0WS4CYCKZ0WXRNJC3BPVJ.png','{\"status\":false,\"title\":{\"ar\":null,\"en\":null},\"desc\":{\"ar\":null,\"en\":null},\"latitude\":null,\"longitude\":null,\"zoom\":null}','{\"q_reason\":[],\"q_payment\":[],\"q_type\":[]}','{\"fullurl\":false,\"title\":{\"ar\":null,\"en\":null},\"stitle\":{\"ar\":null,\"en\":null},\"desc\":{\"ar\":null,\"en\":null},\"canonical\":null,\"image\":null}','[\"apartment\"]','coming_soon',NULL,3,NULL,'2025-04-21 04:51:25','2025-04-21 04:55:25',6,NULL),
(35,'{\"ar\":\"\\u0623\\u0631\\u064a\\u0633 \\u0643\\u0645\\u0628\\u0627\\u0648\\u0646\\u062f\",\"en\":\"AREES COMPOUND\"}','{\"ar\":\"\\u0623\\u0631\\u064a\\u0633 \\u0643\\u0645\\u0628\\u0627\\u0648\\u0646\\u062f\",\"en\":\"AREES COMPOUND\"}','{\"ar\":\"AREES COMPOUND\",\"en\":\"\\u0623\\u0631\\u064a\\u0633 \\u0643\\u0645\\u0628\\u0627\\u0648\\u0646\\u062f\"}','Aress-Compound','أريس-كمباوند','product',NULL,NULL,NULL,'bluedar','projects/01JSV4Z14AVAEY79E6CNB9QXS5.webp',NULL,'projects/01JSGVQK3XH0DE743B3ZC75PNZ.svg','{\"status\":true,\"url\":\"https:\\/\\/drive.google.com\\/file\\/d\\/1UBrf2BM70AnfAOz7yeNFNhEZOmerxm21\\/view\",\"file\":null}','https://bit.ly/4cimqoN',NULL,'{\"area\":null,\"flat\":null,\"units\":null,\"value\":null}',NULL,'{\"ar\":\"\\u064a\\u062a\\u0645\\u064a\\u0632 \\u0645\\u062c\\u0645\\u0639 \\u0623\\u0631\\u064a\\u0633 \\u0628\\u062a\\u0635\\u0627\\u0645\\u064a\\u0645 \\u0639\\u0635\\u0631\\u064a\\u0629 \\u0631\\u0627\\u0642\\u064a\\u0629\\u060c \\u062d\\u064a\\u062b \\u064a\\u0648\\u0641\\u0631 \\u0648\\u062d\\u062f\\u0627\\u062a \\u0633\\u0643\\u0646\\u064a\\u0629 \\u0645\\u062a\\u0646\\u0648\\u0639\\u0629 \\u062a\\u0644\\u0628\\u064a \\u062c\\u0645\\u064a\\u0639 \\u0627\\u062d\\u062a\\u064a\\u0627\\u062c\\u0627\\u062a \\u0627\\u0644\\u0633\\u0643\\u0627\\u0646. \\u064a\\u0636\\u0645 \\u0627\\u0644\\u0645\\u062c\\u0645\\u0639 \\u0645\\u0631\\u0627\\u0641\\u0642 \\u0645\\u062a\\u0643\\u0627\\u0645\\u0644\\u0629 \\u062a\\u0634\\u0645\\u0644 \\u062d\\u0645\\u0627\\u0645\\u0627\\u062a \\u0633\\u0628\\u0627\\u062d\\u0629\\u060c \\u0635\\u0627\\u0644\\u0627\\u062a \\u0631\\u064a\\u0627\\u0636\\u064a\\u0629\\u060c \\u0648\\u062d\\u062f\\u0627\\u0626\\u0642 \\u0648\\u0627\\u0633\\u0639\\u0629\\u060c \\u0645\\u0645\\u0627 \\u064a\\u0636\\u0645\\u0646 \\u062a\\u062c\\u0631\\u0628\\u0629 \\u062d\\u064a\\u0627\\u0629 \\u0645\\u0631\\u064a\\u062d\\u0629 \\u0648\\u0645\\u0645\\u062a\\u0639\\u0629. \\u0643\\u0645\\u0627 \\u064a\\u062a\\u0645\\u062a\\u0639 \\u0628\\u0645\\u0648\\u0642\\u0639 \\u0627\\u0633\\u062a\\u0631\\u0627\\u062a\\u064a\\u062c\\u064a \\u0628\\u0627\\u0644\\u0642\\u0631\\u0628 \\u0645\\u0646 \\u0627\\u0644\\u0645\\u0631\\u0627\\u0641\\u0642 \\u0627\\u0644\\u062d\\u064a\\u0648\\u064a\\u0629\\u060c \\u0648\\u0646\\u0638\\u0627\\u0645 \\u0623\\u0645\\u0627\\u0646 \\u0645\\u062a\\u0643\\u0627\\u0645\\u0644 \\u064a\\u0648\\u0641\\u0631 \\u0627\\u0644\\u062e\\u0635\\u0648\\u0635\\u064a\\u0629 \\u0648\\u0627\\u0644\\u0623\\u0645\\u0627\\u0646. \\u0628\\u0627\\u0644\\u0625\\u0636\\u0627\\u0641\\u0629 \\u0625\\u0644\\u0649 \\u0630\\u0644\\u0643\\u060c \\u064a\\u0642\\u062f\\u0645 \\u0627\\u0644\\u0645\\u062c\\u0645\\u0639 \\u062e\\u062f\\u0645\\u0627\\u062a \\u0635\\u064a\\u0627\\u0646\\u0629 \\u0645\\u0633\\u062a\\u0645\\u0631\\u0629 \\u0648\\u062e\\u064a\\u0627\\u0631\\u0627\\u062a \\u0633\\u062f\\u0627\\u062f \\u0645\\u0631\\u0646\\u0629\\u060c \\u0645\\u0645\\u0627 \\u064a\\u062c\\u0639\\u0644\\u0647 \\u062e\\u064a\\u0627\\u0631\\u064b\\u0627 \\u0645\\u062b\\u0627\\u0644\\u064a\\u064b\\u0627 \\u0644\\u0644\\u0639\\u064a\\u0634 \\u0648\\u0627\\u0644\\u0627\\u0633\\u062a\\u062b\\u0645\\u0627\\u0631.\",\"en\":\"Aress Compound boasts elegant modern designs, offering a variety of residential units that meet all residents\' needs. The compound includes comprehensive amenities such as swimming pools, gyms, and spacious gardens, ensuring a comfortable and enjoyable living experience. It also enjoys a strategic location near essential facilities, along with a complete security system that provides privacy and safety. Additionally, the compound offers ongoing maintenance services and flexible payment options, making it an ideal choice for living and investment.\"}','{\"title\":{\"ar\":\"\\u0646\\u0645\\u0627\\u0630\\u062c \\u0648\\u062d\\u062f\\u0627\\u062a \\u0623\\u0631\\u064a\\u0633 \\u0643\\u0645\\u0628\\u0627\\u0648\\u0646\\u062f\",\"en\":\"Aress Compound Unit models\"},\"desc\":{\"ar\":\"\\u064a\\u062d\\u062a\\u0648\\u064a \\u0645\\u0634\\u0631\\u0648\\u0639 \\u0623\\u0631\\u064a\\u0633 \\u0643\\u0645\\u0628\\u0627\\u0648\\u0646\\u062f \\u0639\\u0644\\u0649 \\u0648\\u062d\\u062f\\u0627\\u062a \\u0645\\u062a\\u0646\\u0648\\u0639\\u0629 \\u0645\\u0646 \\u0627\\u0644\\u0634\\u0642\\u0642 \\u0628\\u0645\\u0633\\u0627\\u062d\\u0627\\u062a \\u062a\\u0628\\u062f\\u0623 \\u0645\\u0646 90 \\u0645\\u062a\\u0631 \\u0645\\u0631\\u0628\\u0639 \\u0648\\u062d\\u062a\\u0649 180 \\u0645\\u062a\\u0631 \\u0645\\u0631\\u0628\\u0639. \\u062a\\u0648\\u0641\\u0631 \\u0647\\u0630\\u0647 \\u0627\\u0644\\u0634\\u0642\\u0642 \\u062a\\u0635\\u0627\\u0645\\u064a\\u0645 \\u0639\\u0635\\u0631\\u064a\\u0629 \\u062a\\u0644\\u0628\\u064a \\u0627\\u062d\\u062a\\u064a\\u0627\\u062c\\u0627\\u062a \\u0627\\u0644\\u0623\\u0641\\u0631\\u0627\\u062f \\u0648\\u0627\\u0644\\u0639\\u0627\\u0626\\u0644\\u0627\\u062a\\u060c \\u0645\\u0645\\u0627 \\u064a\\u062a\\u064a\\u062d \\u062e\\u064a\\u0627\\u0631\\u0627\\u062a \\u0645\\u062a\\u0639\\u062f\\u062f\\u0629 \\u0644\\u0644\\u0633\\u0643\\u0627\\u0646. \\u062a\\u0634\\u0645\\u0644 \\u0627\\u0644\\u0645\\u0631\\u0627\\u0641\\u0642 \\u0627\\u0644\\u0645\\u0634\\u062a\\u0631\\u0643\\u0629 \\u0641\\u064a \\u0627\\u0644\\u0643\\u0645\\u0628\\u0627\\u0648\\u0646\\u062f \\u0645\\u0646\\u0627\\u0637\\u0642 \\u062e\\u0636\\u0631\\u0627\\u0621 \\u0648\\u0645\\u0631\\u0627\\u0641\\u0642 \\u062a\\u0631\\u0641\\u064a\\u0647\\u064a\\u0629\\u060c \\u0645\\u0645\\u0627 \\u064a\\u0639\\u0632\\u0632 \\u0645\\u0646 \\u0646\\u0645\\u0637 \\u062d\\u064a\\u0627\\u0629 \\u0645\\u0631\\u064a\\u062d \\u0648\\u0645\\u0633\\u0624\\u0648\\u0644 \\u0641\\u064a \\u0627\\u0644\\u0645\\u062c\\u062a\\u0645\\u0639.\",\"en\":\"Aress compound project features a variety of apartment units with sizes ranging from 90 square meters to 180 square meters. These apartments offer modern designs that cater to the needs of individuals and families, providing multiple options for residents. The compound includes shared amenities such as green spaces and recreational facilities, enhancing a comfortable and community-oriented lifestyle.\"},\"list\":[{\"item\":{\"img\":\"v2\\/settings\\/01JMW852REF2XKYNK1QCQVCKDY.webp\",\"model\":\"A\",\"size\":\"90\",\"desc\":{\"ar\":\"\\u063a\\u0631\\u0641\\u0629 \\u0646\\u0648\\u0645 \\u0631\\u0626\\u064a\\u0633\\u064a\\u0629 | 2 \\u062f\\u0648\\u0631\\u0627\\u062a \\u0645\\u064a\\u0627\\u0647 | \\u0635\\u0627\\u0644\\u0629 \\u0645\\u0639\\u064a\\u0634\\u0629 | \\u0635\\u0627\\u0644\\u0629 \\u0637\\u0639\\u0627\\u0645 | \\u0645\\u0637\\u0628\\u062e \\u0645\\u0641\\u062a\\u0648\\u062d\",\"en\":\"Master bedroom | 2 bathrooms | Living room | Dining room | Open kitchen\\n\"}}},{\"item\":{\"img\":\"v2\\/settings\\/01JMW852RHH9JFB0Z77A36PZ96.webp\",\"model\":\"B\",\"size\":\"110\",\"desc\":{\"ar\":\"\\u063a\\u0631\\u0641\\u0629 \\u0646\\u0648\\u0645 \\u0631\\u0626\\u064a\\u0633\\u064a\\u0629 | \\u063a\\u0631\\u0641\\u0629 \\u0646\\u0648\\u0645 | 2 \\u062f\\u0648\\u0631\\u0627\\u062a \\u0645\\u064a\\u0627\\u0647 | \\u0635\\u0627\\u0644\\u0629 \\u0645\\u0639\\u064a\\u0634\\u0629 | \\u0635\\u0627\\u0644\\u0629 \\u0637\\u0639\\u0627\\u0645 | \\u0645\\u0637\\u0628\\u062e \\u0645\\u0641\\u062a\\u0648\\u062d\",\"en\":\"Master bedroom | Bedroom | 2 bathrooms | Living room | Dining room | Open kitchen\"}}},{\"item\":{\"img\":\"v2\\/settings\\/01JMW852RJZ987JX81QJX4218B.webp\",\"model\":\"C\",\"size\":\"145\",\"desc\":{\"ar\":\"\\u063a\\u0631\\u0641\\u0629 \\u0646\\u0648\\u0645 \\u0631\\u0626\\u064a\\u0633\\u064a\\u0629 | \\u063a\\u0631\\u0641\\u0629 \\u0646\\u0648\\u0645 | \\u0645\\u062c\\u0644\\u0633 | 4 \\u062f\\u0648\\u0631\\u0627\\u062a \\u0645\\u064a\\u0627\\u0647 | \\u0635\\u0627\\u0644\\u0629 \\u0645\\u0639\\u064a\\u0634\\u0629 | \\u0635\\u0627\\u0644\\u0629 \\u0637\\u0639\\u0627\\u0645 | \\u0645\\u0637\\u0628\\u062e \\u0645\\u0641\\u062a\\u0648\\u062d | \\u0645\\u0637\\u0628\\u062e \\u0627\\u0644\\u0642\\u0644\\u064a | \\u063a\\u0631\\u0641\\u0629 \\u062e\\u0627\\u062f\\u0645\\u0629 | \\u0628\\u0644\\u0643\\u0648\\u0646\",\"en\":\"Master bedroom | Bedroom | Majlis | 4 bathrooms | Living room | Dining room | Open kitchen | Frying kitchen | Maid\'s room | Balcony\"}}},{\"item\":{\"img\":\"v2\\/settings\\/01JMW852RKAXNSWEW5BR731J4X.webp\",\"model\":\"D\",\"size\":\"145 - 175 \",\"desc\":{\"ar\":\"\\u063a\\u0631\\u0641\\u0629 \\u0646\\u0648\\u0645 \\u0631\\u0626\\u064a\\u0633\\u064a\\u0629 | 2 \\u063a\\u0631\\u0641\\u0629 \\u0646\\u0648\\u0645 | 4 \\u062f\\u0648\\u0631\\u0627\\u062a \\u0645\\u064a\\u0627\\u0647 | \\u0635\\u0627\\u0644\\u0629 \\u0645\\u0639\\u064a\\u0634\\u0629 | \\u0635\\u0627\\u0644\\u0629 \\u0637\\u0639\\u0627\\u0645 | \\u0645\\u0637\\u0628\\u062e \\u0645\\u0641\\u062a\\u0648\\u062d | \\u0645\\u0637\\u0628\\u062e \\u0627\\u0644\\u0642\\u0644\\u064a | \\u063a\\u0631\\u0641\\u0629 \\u062e\\u0627\\u062f\\u0645\\u0629 | \\u0628\\u0644\\u0643\\u0648\\u0646\",\"en\":\"Master bedroom | 2 Bedroom | 4 bathrooms | Living room | Dining room | Open kitchen | Frying kitchen | Maid\'s room | Balcony\"}}},{\"item\":{\"img\":\"v2\\/settings\\/01JMW852RMAVNFT7M0CHD8RGV2.webp\",\"model\":\"E\",\"size\":\"180\",\"desc\":{\"ar\":\"\\u063a\\u0631\\u0641\\u0629 \\u0646\\u0648\\u0645 \\u0631\\u0626\\u064a\\u0633\\u064a\\u0629 | 2 \\u063a\\u0631\\u0641\\u0629 \\u0646\\u0648\\u0645 | \\u0645\\u062c\\u0644\\u0633 | 4 \\u062f\\u0648\\u0631\\u0627\\u062a \\u0645\\u064a\\u0627\\u0647 | \\u0635\\u0627\\u0644\\u0629 \\u0645\\u0639\\u064a\\u0634\\u0629 | \\u0635\\u0627\\u0644\\u0629 \\u0637\\u0639\\u0627\\u0645 | \\u0645\\u0637\\u0628\\u062e \\u0645\\u0641\\u062a\\u0648\\u062d | \\u0645\\u0637\\u0628\\u062e \\u0627\\u0644\\u0642\\u0644\\u064a | \\u063a\\u0631\\u0641\\u0629 \\u062e\\u0627\\u062f\\u0645\\u0629 | \\u0628\\u0644\\u0643\\u0648\\u0646\",\"en\":\"Master bedroom | 2 Bedroom | Majlis | 4 bathrooms | Living room | Dining room | Open kitchen | Frying kitchen | Maid\'s room | Balcony\"}}}]}','{\"project_id\":[\"55\"],\"title\":{\"ar\":\"\\u0627\\u0633\\u062a\\u0643\\u0634\\u0641 \\u0627\\u0644\\u0648\\u062d\\u062f\\u0627\\u062a \\u0627\\u0644\\u0645\\u062a\\u0627\\u062d\\u0629 \\u0641\\u064a \\u0623\\u0631\\u064a\\u0633 \\u0643\\u0645\\u0628\\u0627\\u0648\\u0646\\u062f\",\"en\":\"The available units in Aress Compound\"},\"desc\":{\"ar\":\"\\u0627\\u0643\\u062a\\u0634\\u0641 \\u0627\\u0644\\u0641\\u0631\\u0635\\u0629 \\u0627\\u0644\\u0645\\u062b\\u0627\\u0644\\u064a\\u0629 \\u0644\\u0644\\u0639\\u064a\\u0634 \\u0641\\u064a \\u0623\\u0631\\u064a\\u0633 \\u0643\\u0645\\u0628\\u0627\\u0648\\u0646\\u062f! \\u0644\\u0627 \\u062a\\u0641\\u0648\\u062a \\u0627\\u0644\\u0641\\u0631\\u0635\\u0629 \\u0644\\u0644\\u0627\\u0637\\u0644\\u0627\\u0639 \\u0639\\u0644\\u0649 \\u0627\\u0644\\u0648\\u062d\\u062f\\u0627\\u062a \\u0627\\u0644\\u0645\\u062a\\u0627\\u062d\\u0629 \\u0627\\u0644\\u062a\\u064a \\u062a\\u0646\\u0627\\u0633\\u0628 \\u0630\\u0648\\u0642\\u0643 \\u0648\\u0627\\u062d\\u062a\\u064a\\u0627\\u062c\\u0627\\u062a\\u0643. \\u0627\\u0646\\u062a\\u0642\\u0644 \\u0625\\u0644\\u0649 \\u0645\\u0646\\u0635\\u0629 \\u0627\\u0644\\u062d\\u062c\\u0632 \\u0627\\u0644\\u0622\\u0646 \\u0648\\u0633\\u062c\\u0644 \\u0627\\u0647\\u062a\\u0645\\u0627\\u0645\\u0643 \\u0628\\u0627\\u0644\\u0648\\u062d\\u062f\\u0629 \\u0627\\u0644\\u0645\\u0646\\u0627\\u0633\\u0628\\u0629 \\u0644\\u0643\\u060c \\u062d\\u064a\\u062b \\u064a\\u0645\\u0643\\u0646\\u0643 \\u0627\\u0633\\u062a\\u0639\\u0631\\u0627\\u0636 \\u0627\\u0644\\u062a\\u0635\\u0627\\u0645\\u064a\\u0645 \\u0627\\u0644\\u0641\\u0631\\u064a\\u062f\\u0629 \\u0648\\u0627\\u0644\\u0645\\u0631\\u0627\\u0641\\u0642 \\u0627\\u0644\\u0631\\u0627\\u0626\\u0639\\u0629. \\u0627\\u062c\\u0639\\u0644 \\u062d\\u0644\\u0645\\u0643 \\u0628\\u0627\\u0645\\u062a\\u0644\\u0627\\u0643 \\u0645\\u0646\\u0632\\u0644 \\u0645\\u0631\\u064a\\u062d \\u0648\\u0639\\u0635\\u0631\\u064a \\u062d\\u0642\\u064a\\u0642\\u0629\\u060c \\u0648\\u0627\\u0628\\u062f\\u0623 \\u0631\\u062d\\u0644\\u0629 \\u0627\\u0644\\u0631\\u0641\\u0627\\u0647\\u064a\\u0629 \\u0627\\u0644\\u064a\\u0648\\u0645!\",\"en\":\"The perfect opportunity to live in BlueDar Compound! Don\\u2019t miss the chance to explore the available units that suit your taste and needs. Visit the booking platform now and express your interest in the unit that\\u2019s right for you, where you can browse unique designs and fantastic amenities. Make your dream of owning a comfortable and modern home a reality, and start your journey to luxury today!\"},\"url\":\"https:\\/\\/alsoliman.com.sa\\/en\\/selling\\/project\\/AressCompound132\"}','{\"ar\":\"\\u0628\\u0641\\u0643\\u0631\\u0629 \\u0646\\u0648\\u0639\\u064a\\u0629 \\u0648\\u062c\\u0648\\u062f\\u0629 \\u0645\\u0639\\u0647\\u0648\\u062f\\u0629\\u060c \\u0634\\u0631\\u0643\\u0629 \\u0627\\u0644\\u0633\\u0644\\u064a\\u0645\\u0627\\u0646 \\u0627\\u0644\\u0639\\u0642\\u0627\\u0631\\u064a\\u0629 \\u062a\\u0641\\u062e\\u0631 \\u0628\\u062a\\u0642\\u062f\\u064a\\u0645 \\u0633\\u0644\\u0633\\u0644\\u0629 \\u0645\\u0645\\u064a\\u0632\\u0629 \\u0645\\u0646 \\u0645\\u0634\\u0627\\u0631\\u064a\\u0639 \\u0623\\u0631\\u064a\\u0633 \\u0643\\u0645\\u0628\\u0627\\u0648\\u0646\\u062f \\u0641\\u064a \\u0645\\u062f\\u064a\\u0646\\u0629 \\u0627\\u0644\\u0631\\u064a\\u0627\\u0636 \\u062d\\u064a\\u062b \\u0631\\u0648\\u0639\\u064a \\u0641\\u064a \\u0627\\u0644\\u0645\\u0634\\u0631\\u0648\\u0639 \\u0627\\u0644\\u062a\\u062e\\u0637\\u064a\\u0637 \\u0627\\u0644\\u062c\\u064a\\u062f \\u0648\\u0627\\u0644\\u0627\\u0633\\u062a\\u0641\\u0627\\u062f\\u0629 \\u0627\\u0644\\u0642\\u0635\\u0648\\u0649 \\u0645\\u0646 \\u0627\\u0644\\u0645\\u0633\\u0627\\u062d\\u0627\\u062a \\u0627\\u0644\\u062a\\u064a \\u062a\\u0648\\u0641\\u0631 \\u0627\\u0644\\u0631\\u0627\\u062d\\u0629 \\u0648\\u0633\\u0647\\u0648\\u0644\\u0629 \\u0627\\u0644\\u0639\\u064a\\u0634 \\u0648\\u062a\\u0644\\u0628\\u064a \\u0643\\u0627\\u0641\\u0629 \\u0627\\u062d\\u062a\\u064a\\u0627\\u062c\\u0627\\u062a \\u0627\\u0644\\u0623\\u0633\\u0631\\u0629 \\u0648\\u062e\\u0635\\u0648\\u0635\\u064a\\u062a\\u0647\\u0627\",\"en\":\"With unique concept and renowned quality, Alsoliman Real Estate Company is proud to present a distinguished series of Aress Compound projects in Riyadh. The project features careful planning and maximizes the use of spaces, ensuring comfort and livability while meeting all family needs and privacy.\"}','{\"ar\":\"\\u0627\\u0633\\u062a\\u0645\\u062a\\u0639 \\u0628\\u0627\\u0644\\u062d\\u064a\\u0627\\u0629 \\u0627\\u0644\\u0631\\u0627\\u0642\\u064a\\u0629 \\u0641\\u064a \\u0623\\u0631\\u064a\\u0633 \\u0643\\u0645\\u0628\\u0627\\u0648\\u0646\\u062f\\u060c \\u062d\\u064a\\u062b \\u062a\\u062c\\u0645\\u0639 \\u0628\\u064a\\u0646 \\u0627\\u0644\\u062a\\u0635\\u0645\\u064a\\u0645 \\u0627\\u0644\\u0639\\u0635\\u0631\\u064a \\u0648\\u0627\\u0644\\u0645\\u0631\\u0627\\u0641\\u0642 \\u0627\\u0644\\u0645\\u062a\\u0643\\u0627\\u0645\\u0644\\u0629. \\u062a\\u0642\\u0639 \\u0645\\u062c\\u0645\\u0639\\u0627\\u062a\\u0646\\u0627 \\u0641\\u064a \\u0645\\u0648\\u0627\\u0642\\u0639 \\u0645\\u0645\\u064a\\u0632\\u0629 \\u0628\\u0627\\u0644\\u0639\\u0627\\u0635\\u0645\\u0629\\u060c \\u0645\\u0645\\u0627 \\u064a\\u0648\\u0641\\u0631 \\u0644\\u0643 \\u0633\\u0647\\u0648\\u0644\\u0629 \\u0627\\u0644\\u0648\\u0635\\u0648\\u0644 \\u0625\\u0644\\u0649 \\u0627\\u0644\\u0645\\u0631\\u0627\\u0641\\u0642 \\u0627\\u0644\\u062d\\u064a\\u0648\\u064a\\u0629 \\u0648\\u0627\\u0644\\u062a\\u0631\\u0641\\u064a\\u0647\\u064a\\u0629. \\u0639\\u064a\\u0634 \\u062a\\u062c\\u0631\\u0628\\u0629 \\u0633\\u0643\\u0646 \\u0627\\u0633\\u062a\\u062b\\u0646\\u0627\\u0626\\u064a\\u0629 \\u062a\\u062a\\u0645\\u064a\\u0632 \\u0628\\u0627\\u0644\\u0631\\u0627\\u062d\\u0629 \\u0648\\u0627\\u0644\\u0623\\u0646\\u0627\\u0642\\u0629 \\u0645\\u0639 \\u0628\\u064a\\u0626\\u0629 \\u0647\\u0627\\u062f\\u0626\\u0629 \\u062a\\u0644\\u0628\\u064a \\u062c\\u0645\\u064a\\u0639 \\u0627\\u062d\\u062a\\u064a\\u0627\\u062c\\u0627\\u062a\\u0643. \\u0627\\u0646\\u0637\\u0644\\u0642 \\u0646\\u062d\\u0648 \\u062d\\u064a\\u0627\\u0629 \\u062c\\u062f\\u064a\\u062f\\u0629 \\u0647\\u0646\\u0627 \\u0641\\u064a \\u0623\\u0631\\u064a\\u0633 !\",\"en\":\"Enjoy a luxurious lifestyle at Aress Compound, where modern design meets comprehensive amenities. Our compounds are located in prime areas of the capital, providing you easy access to essential and recreational facilities. Experience an exceptional living environment characterized by comfort and elegance, all within a serene setting that caters to all your needs. Step into a new life here at Aress Compound !\"}','{\"navbar\":{\"gostick\":true,\"transparent\":true,\"bg\":\"#013847\",\"sbg\":\"#013847\",\"bo\":\"#013847\"},\"ibtn\":{\"status\":false,\"bg\":\"#013847\"},\"interest\":{\"bg\":\"#013847\",\"box_bg\":\"rgba(0, 66, 64, 0.86)\",\"input_bg\":null,\"input_bo\":null,\"button_bg\":null}}','[\"projects\\/01JSGVQK3ZX3Y8NP90WJ8GJYAD.webp\",\"projects\\/01JSGVQK41MT1AMV3V14RGFAEA.webp\",\"projects\\/01JSGVQK42XSN2MXW8BKPZKM1R.webp\",\"projects\\/01JSGVQK43QSXZT4B8GB72W9A5.webp\",\"projects\\/01JSGVQK44A9XJRPQM2VGYAC68.webp\",\"projects\\/01JSGVQK452JQN13C01W00EWD8.webp\",\"projects\\/01JSGVQK4694RGEEYPFRNEQ6Q4.webp\",\"projects\\/01JSGVQK47GT4EP7XJMN6SXCDG.webp\",\"projects\\/01JSGVQK486904NXWK4K04EBKA.webp\",\"projects\\/01JSGVQK49F4C999BES11V88HP.webp\",\"projects\\/01JSGVQK4B4HGV9JK1GHAJYMH7.webp\",\"projects\\/01JSGVQK4CVTNV19RQKV337T0X.webp\",\"projects\\/01JSGVQK4DCXSVPEE7Y3QCTV4G.webp\",\"projects\\/01JSGVQK4EH5Q7X37NVZXNA3Z4.webp\",\"projects\\/01JSGVQK4FPGYX0VJ0RHAWRZCY.webp\",\"projects\\/01JSGVQK4G091EDN86XYKEFHZK.webp\",\"projects\\/01JSGVQK4HXW0DWQ4B32RWBTRK.webp\",\"projects\\/01JSGVQK4JEVBYHCVH5W77V6GN.webp\",\"projects\\/01JSGVQK4KGZ8KVK85S7X6DQKR.webp\",\"projects\\/01JSGVQK4NWY1VK2J3VSM3TQYB.webp\",\"projects\\/01JSGVQK4PWRT4JARQC79M92JN.webp\",\"projects\\/01JSGVQK4QWF9GER6BKY3BRBWT.webp\",\"projects\\/01JSGVQK4RRHVCZ2C2W2T3PAVG.webp\",\"projects\\/01JSGVQK4S33N2EWY75FVM4W12.webp\",\"projects\\/01JSGVQK4T5KHHHABRMNHHXYTQ.webp\",\"projects\\/01JSGVQK4VTY4PE8NZVWGDGTYS.webp\"]',1,0,1,1,'projects/01JMW8VJY7QSDYFJ969EAX2WVK.webp','projects/01JSGV8TRZE4PD6C2G3SJSH431.svg','{\"status\":true,\"title\":{\"ar\":\"\\u0627\\u0633\\u062a\\u0643\\u0634\\u0641 \\u0645\\u0648\\u0642\\u0639 \\u0623\\u0631\\u064a\\u0633 \\u0643\\u0645\\u0628\\u0627\\u0648\\u0646\\u062f \\u0627\\u0644\\u0645\\u0645\\u064a\\u0632 !!\",\"en\":\"Explore Aress Compound Location\"},\"desc\":{\"ar\":\"\\u0627\\u0633\\u062a\\u0645\\u062a\\u0639 \\u0628\\u0627\\u0644\\u062d\\u064a\\u0627\\u0629 \\u0627\\u0644\\u0631\\u0627\\u0642\\u064a\\u0629 \\u0641\\u064a \\u0623\\u0631\\u064a\\u0633 \\u0643\\u0645\\u0628\\u0627\\u0648\\u0646\\u062f\\u060c \\u062d\\u064a\\u062b \\u062a\\u062c\\u0645\\u0639 \\u0628\\u064a\\u0646 \\u0627\\u0644\\u062a\\u0635\\u0645\\u064a\\u0645 \\u0627\\u0644\\u0639\\u0635\\u0631\\u064a \\u0648\\u0627\\u0644\\u0645\\u0631\\u0627\\u0641\\u0642 \\u0627\\u0644\\u0645\\u062a\\u0643\\u0627\\u0645\\u0644\\u0629. \\u062a\\u0642\\u0639 \\u0645\\u062c\\u0645\\u0639\\u0627\\u062a\\u0646\\u0627 \\u0641\\u064a \\u0645\\u0648\\u0627\\u0642\\u0639 \\u0645\\u0645\\u064a\\u0632\\u0629 \\u0628\\u0627\\u0644\\u0639\\u0627\\u0635\\u0645\\u0629\\u060c \\u0645\\u0645\\u0627 \\u064a\\u0648\\u0641\\u0631 \\u0644\\u0643 \\u0633\\u0647\\u0648\\u0644\\u0629 \\u0627\\u0644\\u0648\\u0635\\u0648\\u0644 \\u0625\\u0644\\u0649 \\u0627\\u0644\\u0645\\u0631\\u0627\\u0641\\u0642 \\u0627\\u0644\\u062d\\u064a\\u0648\\u064a\\u0629 \\u0648\\u0627\\u0644\\u062a\\u0631\\u0641\\u064a\\u0647\\u064a\\u0629. \\u0639\\u064a\\u0634 \\u062a\\u062c\\u0631\\u0628\\u0629 \\u0633\\u0643\\u0646 \\u0627\\u0633\\u062a\\u062b\\u0646\\u0627\\u0626\\u064a\\u0629 \\u062a\\u062a\\u0645\\u064a\\u0632 \\u0628\\u0627\\u0644\\u0631\\u0627\\u062d\\u0629 \\u0648\\u0627\\u0644\\u0623\\u0646\\u0627\\u0642\\u0629 \\u0645\\u0639 \\u0628\\u064a\\u0626\\u0629 \\u0647\\u0627\\u062f\\u0626\\u0629 \\u062a\\u0644\\u0628\\u064a \\u062c\\u0645\\u064a\\u0639 \\u0627\\u062d\\u062a\\u064a\\u0627\\u062c\\u0627\\u062a\\u0643. \\u0627\\u0646\\u0637\\u0644\\u0642 \\u0646\\u062d\\u0648 \\u062d\\u064a\\u0627\\u0629 \\u062c\\u062f\\u064a\\u062f\\u0629 \\u0647\\u0646\\u0627 \\u0641\\u064a \\u0623\\u0631\\u064a\\u0633 \\u0643\\u0645\\u0628\\u0627\\u0648\\u0646\\u062f!\",\"en\":\"Enjoy a luxurious lifestyle at Aress Compound, where modern design meets comprehensive amenities. Our compounds are located in prime areas of the capital, providing you easy access to essential and recreational facilities. Experience an exceptional living environment characterized by comfort and elegance, all within a serene setting that caters to all your needs. Step into a new life here at Aress Compound !\"},\"latitude\":null,\"longitude\":null,\"zoom\":null}','{\"q_reason\":[],\"q_payment\":[],\"q_type\":[]}','{\"fullurl\":true,\"title\":{\"ar\":\"\\u0623\\u0631\\u064a\\u0633 \\u0643\\u0645\\u0628\\u0627\\u0648\\u0646\\u062f \\u0645\\u0646 \\u0627\\u0644\\u0633\\u0644\\u064a\\u0645\\u0627\\u0646 \\u0627\\u0644\\u0639\\u0642\\u0627\\u0631\\u064a\\u0629\",\"en\":\"Arees Compound By Alsoliman Real Estate\"},\"stitle\":{\"ar\":\"\\u0623\\u0631\\u064a\\u0633 \\u0643\\u0645\\u0628\\u0627\\u0648\\u0646\\u062f \\u0645\\u0646 \\u0627\\u0644\\u0633\\u0644\\u064a\\u0645\\u0627\\u0646 \\u0627\\u0644\\u0639\\u0642\\u0627\\u0631\\u064a\\u0629\",\"en\":\"Arees Compound By Alsoliman Real Estate\"},\"desc\":{\"ar\":\"\\u0627\\u0645\\u062a\\u0644\\u0643 \\u0648\\u062d\\u062f\\u062a\\u0643 \\u0627\\u0644\\u0633\\u0643\\u0646\\u064a\\u0629 \\u0641\\u064a \\u0623\\u0631\\u064a\\u0633 \\u0643\\u0645\\u0628\\u0627\\u0648\\u0646\\u062f \\u0627\\u0644\\u0645\\u0645\\u062c\\u062a\\u0645\\u0639 \\u0627\\u0644\\u0633\\u0643\\u0646\\u064a \\u0627\\u0644\\u0645\\u062b\\u0627\\u0644\\u064a \\u0645\\u0646 \\u0645\\u0634\\u0627\\u0631\\u064a\\u0639 \\u0627\\u0644\\u0633\\u0644\\u064a\\u0645\\u0627\\u0646 \\u0627\\u0644\\u0639\\u0642\\u0627\\u0631\\u064a\\u0629\",\"en\":\"Own your residential unit in Arees Compound, the ideal residential community from Alsoliman Real Estate Projects.\"},\"canonical\":\"\\u0627\\u0633\\u0643\\u0634\\u0641 \\u0645\\u0634\\u0631\\u0648\\u0639 \\u0623\\u0631\\u064a\\u0633 \\u0643\\u0645\\u0628\\u0627\\u0648\\u0646\\u062f \\u0645\\u062c\\u062a\\u0645\\u0639 \\u0633\\u0643\\u0646\\u064a \\u0641\\u0627\\u062e\\u0631 \",\"image\":\"v2\\/settings\\/01JSV54JDY25VHA33DKH2EBP00.webp\"}','[]','available_for_sale',NULL,1,NULL,'2025-04-23 05:54:55','2026-02-03 12:00:42',2,'{\"status\":true,\"points\":\"28.94,31.87\"}');

--
-- Table structure for table `projects_slider`
--

CREATE TABLE `projects_slider` (
  `id` bigint(20) unsigned NOT NULL AUTO_INCREMENT,
  `name` varchar(255) DEFAULT NULL,
  `image` varchar(255) DEFAULT NULL,
  `type` enum('project','selling') NOT NULL DEFAULT 'project',
  `project_id` bigint(20) unsigned DEFAULT NULL,
  `order` int(11) NOT NULL DEFAULT 0,
  `active` tinyint(1) DEFAULT 0,
  `created_at` timestamp NULL DEFAULT NULL,
  `updated_at` timestamp NULL DEFAULT NULL,
  PRIMARY KEY (`id`)
) ENGINE=InnoDB AUTO_INCREMENT=15 DEFAULT CHARSET=utf8mb4 COLLATE=utf8mb4_unicode_ci;

--
-- Dumping data for table `projects_slider`
--

INSERT INTO `projects_slider` VALUES
(1,'بلودار كمباوند',NULL,'project',31,3,1,'2025-04-08 06:21:01','2025-04-08 06:21:01'),
(2,'السليمان بيزنس كمباوند','projects_slider/01KJB2R4M6FXN6BRDMKJW0PQM3.webp','project',33,0,1,'2025-04-08 06:21:24','2026-02-25 18:59:56'),
(3,'سكينة ريزيدنس مكة',NULL,'project',30,2,1,'2025-04-08 06:22:28','2025-04-08 06:22:28'),
(4,'مخطط النخبة',NULL,'project',15,5,1,'2025-04-08 06:22:56','2025-04-08 06:22:56'),
(5,'يمام',NULL,'project',21,4,1,'2025-04-08 06:23:22','2025-04-08 06:23:22'),
(6,'ماربيلا',NULL,'project',22,6,1,'2025-04-08 06:23:46','2025-04-08 06:23:46'),
(7,'سكينة المدينة',NULL,'project',23,7,1,'2025-04-08 06:24:02','2025-04-08 06:24:02'),
(8,'فلل البدر',NULL,'project',11,8,1,'2025-04-08 06:24:50','2025-04-08 06:24:50'),
(9,'سكينة ريزيدنس',NULL,'project',13,9,1,'2025-04-08 06:25:45','2025-04-08 06:25:45'),
(10,'فلل الرحبة',NULL,'project',14,10,1,'2025-04-08 06:25:58','2025-04-08 06:25:58'),
(11,'جامع الماجد',NULL,'project',28,11,1,'2025-04-08 06:26:37','2025-04-08 06:26:37'),
(12,'أدوار',NULL,'project',12,12,1,'2025-04-08 06:27:53','2025-04-08 06:27:53'),
(13,'أريس كمباوند','projects_slider/01JTDN5PTSAMTJ5NBXNZQ573Y1.webp','project',35,1,1,'2025-05-04 10:37:50','2025-05-04 10:43:40');

--
-- Table structure for table `s_cities`
--

CREATE TABLE `s_cities` (
  `id` bigint(20) unsigned NOT NULL AUTO_INCREMENT,
  `slug` varchar(255) NOT NULL,
  `name` text NOT NULL,
  `image` varchar(255) DEFAULT NULL,
  `active` tinyint(1) NOT NULL DEFAULT 0,
  `seo` text DEFAULT NULL,
  `created_at` timestamp NULL DEFAULT NULL,
  `updated_at` timestamp NULL DEFAULT NULL,
  PRIMARY KEY (`id`),
  UNIQUE KEY `s_cities_slug_unique` (`slug`)
) ENGINE=InnoDB AUTO_INCREMENT=6 DEFAULT CHARSET=utf8mb4 COLLATE=utf8mb4_unicode_ci;

--
-- Dumping data for table `s_cities`
--

INSERT INTO `s_cities` VALUES
(1,'1','{\"ar\":\"\\u0627\\u0644\\u0631\\u064a\\u0627\\u0636\",\"en\":\"Riyadh\"}',NULL,1,'{\"fullurl\":false,\"title\":{\"ar\":null,\"en\":null},\"stitle\":{\"ar\":null,\"en\":null},\"desc\":{\"ar\":null,\"en\":null},\"canonical\":null,\"image\":null}','2022-12-26 09:30:58','2025-02-20 19:48:49'),
(2,'2','{\"ar\":\"\\u0627\\u0644\\u0645\\u062f\\u064a\\u0646\\u0629 \\u0627\\u0644\\u0645\\u0646\\u0648\\u0631\\u0629\",\"en\":\"Medina\"}',NULL,1,NULL,'2022-12-26 09:32:05','2025-02-20 17:25:28'),
(3,'3','{\"ar\":\"\\u0645\\u0643\\u0629 \\u0627\\u0644\\u0645\\u0643\\u0631\\u0645\\u0629\",\"en\":\"Makkah\"}',NULL,1,NULL,'2022-12-26 09:32:45','2025-02-20 17:25:28'),
(4,'4','{\"ar\":\"\\u0627\\u0644\\u0638\\u0647\\u0631\\u0627\\u0646\",\"en\":\"Dhahran\"}',NULL,1,NULL,'2022-12-26 09:34:17','2025-02-20 17:25:29'),
(5,'5','{\"ar\":\"\\u062d\\u0648\\u0637\\u0629 \\u0628\\u0646\\u064a \\u062a\\u0645\\u064a\\u0645\",\"en\":\"Howtat Bani Tamim\"}',NULL,1,NULL,'2023-01-04 08:15:01','2025-02-20 17:25:29');

--
-- Table structure for table `s_districts`
--

CREATE TABLE `s_districts` (
  `id` bigint(20) unsigned NOT NULL AUTO_INCREMENT,
  `slug` varchar(255) NOT NULL,
  `name` text NOT NULL,
  `city_id` bigint(20) unsigned NOT NULL,
  `image` varchar(255) DEFAULT NULL,
  `active` tinyint(1) NOT NULL DEFAULT 0,
  `seo` text DEFAULT NULL,
  `created_at` timestamp NULL DEFAULT NULL,
  `updated_at` timestamp NULL DEFAULT NULL,
  PRIMARY KEY (`id`),
  UNIQUE KEY `s_districts_slug_unique` (`slug`),
  KEY `s_districts_city_id_foreign` (`city_id`),
  CONSTRAINT `s_districts_city_id_foreign` FOREIGN KEY (`city_id`) REFERENCES `s_cities` (`id`) ON DELETE CASCADE
) ENGINE=InnoDB AUTO_INCREMENT=19 DEFAULT CHARSET=utf8mb4 COLLATE=utf8mb4_unicode_ci;

--
-- Dumping data for table `s_districts`
--

INSERT INTO `s_districts` VALUES
(2,'1','{\"ar\":\"\\u062d\\u064a \\u0627\\u0644\\u062d\\u0632\\u0645\",\"en\":\"Al hazem\"}',1,NULL,1,'{\"fullurl\":false,\"title\":{\"ar\":null,\"en\":null},\"stitle\":{\"ar\":null,\"en\":null},\"desc\":{\"ar\":null,\"en\":null},\"canonical\":null,\"image\":null}','2022-12-26 09:40:05','2025-02-20 19:46:50'),
(3,'2','{\"ar\":\"\\u062d\\u064a \\u0639\\u0643\\u0627\\u0638\",\"en\":\"Uqadh\"}',1,NULL,1,NULL,'2022-12-26 09:41:37','2025-02-20 17:28:18'),
(4,'3','{\"ar\":\"\\u062d\\u064a \\u0637\\u0648\\u064a\\u0642\",\"en\":\"Tuwik\"}',1,NULL,1,NULL,'2022-12-26 09:44:14','2025-02-20 17:28:19'),
(5,'4','{\"ar\":\"\\u0628\\u062f\\u0631 \\u0627\\u0644\\u0646\\u0645\\u0648\\u0630\\u062c\\u064a\",\"en\":\"Bader\"}',1,NULL,1,NULL,'2022-12-26 09:46:02','2025-02-20 17:28:19'),
(6,'5','{\"ar\":\"\\u062d\\u064a \\u0627\\u0644\\u0635\\u062d\\u0627\\u0641\\u0629\",\"en\":\"As Sahafah\"}',1,NULL,1,NULL,'2023-01-04 07:33:24','2025-02-20 17:28:20'),
(7,'6','{\"ar\":\"\\u062d\\u064a \\u0627\\u0644\\u0642\\u0635\\u0648\\u0631\",\"en\":\"Al Qusur\"}',4,NULL,1,NULL,'2023-01-04 07:39:07','2025-02-20 17:28:20'),
(8,'7','{\"ar\":\"\\u062d\\u064a \\u0627\\u0644\\u0639\\u0631\\u064a\\u0636\",\"en\":\"Al Aridh\"}',2,NULL,1,NULL,'2023-01-04 07:46:29','2025-02-20 17:28:21'),
(9,'8','{\"ar\":\"\\u062d\\u064a \\u0627\\u0644\\u064a\\u0627\\u0633\\u0645\\u064a\\u0646\",\"en\":\"Al Yasmin\"}',1,NULL,1,NULL,'2023-01-04 08:09:28','2025-02-20 17:28:22'),
(10,'9','{\"ar\":\"\\u062d\\u064a \\u0627\\u0644\\u0646\\u062e\\u064a\\u0644\",\"en\":\"Al Nakheel\"}',1,NULL,1,NULL,'2023-01-04 08:38:16','2025-02-20 17:28:22'),
(11,'10','{\"ar\":\"\\u062d\\u064a \\u0627\\u0644\\u0639\\u0627\\u0631\\u0636\",\"en\":\"Al-Arid\"}',1,NULL,1,NULL,'2023-05-18 00:28:32','2025-02-20 17:28:23'),
(12,'11','{\"ar\":\"\\u0627\\u0644\\u0645\\u0646\\u0627\\u0631\",\"en\":\"Al-Manar\"}',5,NULL,1,NULL,'2024-06-04 05:50:12','2025-02-20 17:28:25'),
(13,'القيروان','{\"ar\":\"\\u0627\\u0644\\u0642\\u064a\\u0631\\u0648\\u0627\\u0646\",\"en\":\"Al-Qirawan\"}',1,NULL,1,'{\"fullurl\":false,\"title\":{\"ar\":null,\"en\":null},\"stitle\":{\"ar\":null,\"en\":null},\"desc\":{\"ar\":null,\"en\":null},\"canonical\":null,\"image\":null}','2025-02-24 06:33:09','2025-02-24 06:33:09'),
(14,'النرجس','{\"ar\":\"\\u0627\\u0644\\u0646\\u0631\\u062c\\u0633\",\"en\":\"Al Narjes\"}',1,NULL,1,'{\"fullurl\":false,\"title\":{\"ar\":null,\"en\":null},\"stitle\":{\"ar\":null,\"en\":null},\"desc\":{\"ar\":null,\"en\":null},\"canonical\":null,\"image\":null}','2025-02-24 06:33:49','2025-02-25 06:40:46'),
(15,'الهجرة','{\"ar\":\"\\u0627\\u0644\\u0647\\u062c\\u0631\\u0629\",\"en\":\"Al Hajra\"}',3,NULL,1,'{\"fullurl\":false,\"title\":{\"ar\":null,\"en\":null},\"stitle\":{\"ar\":null,\"en\":null},\"desc\":{\"ar\":null,\"en\":null},\"canonical\":null,\"image\":null}','2025-02-25 07:01:28','2025-02-25 07:01:28'),
(16,'الملقا','{\"ar\":\"\\u0627\\u0644\\u0645\\u0644\\u0642\\u0627\",\"en\":\"Al Malqa\"}',1,NULL,1,'{\"fullurl\":false,\"title\":{\"ar\":null,\"en\":null},\"stitle\":{\"ar\":null,\"en\":null},\"desc\":{\"ar\":null,\"en\":null},\"canonical\":null,\"image\":null}','2025-03-05 06:07:57','2025-03-05 06:07:57'),
(17,'الصحافة','{\"ar\":\"\\u0627\\u0644\\u0635\\u062d\\u0627\\u0641\\u0629\",\"en\":\"Al Sahafah\"}',1,NULL,1,'{\"fullurl\":false,\"title\":{\"ar\":null,\"en\":null},\"stitle\":{\"ar\":null,\"en\":null},\"desc\":{\"ar\":null,\"en\":null},\"canonical\":null,\"image\":null}','2025-03-18 07:18:21','2025-03-18 07:18:21'),
(18,'الندوة','{\"ar\":\"\\u0627\\u0644\\u0646\\u062f\\u0648\\u0629\",\"en\":\"Al Nadwah\"}',1,NULL,1,'{\"fullurl\":false,\"title\":{\"ar\":null,\"en\":null},\"stitle\":{\"ar\":null,\"en\":null},\"desc\":{\"ar\":null,\"en\":null},\"canonical\":null,\"image\":null}','2025-04-06 04:54:53','2025-04-06 04:54:53');

--
-- Table structure for table `s_floors`
--

CREATE TABLE `s_floors` (
  `id` bigint(20) unsigned NOT NULL AUTO_INCREMENT,
  `name` text NOT NULL,
  `active` tinyint(1) NOT NULL DEFAULT 0,
  `created_at` timestamp NULL DEFAULT NULL,
  `updated_at` timestamp NULL DEFAULT NULL,
  PRIMARY KEY (`id`)
) ENGINE=InnoDB AUTO_INCREMENT=7 DEFAULT CHARSET=utf8mb4 COLLATE=utf8mb4_unicode_ci;

--
-- Dumping data for table `s_floors`
--

INSERT INTO `s_floors` VALUES
(2,'{\"ar\":\"\\u0627\\u0644\\u0623\\u0631\\u0636\\u064a\",\"en\":\"Ground\"}',1,'2022-12-26 09:47:13','2025-02-20 17:30:10'),
(3,'{\"ar\":\"\\u0627\\u0644\\u0623\\u0648\\u0644\",\"en\":\"First\"}',1,'2022-12-26 09:47:53','2025-02-20 17:30:10'),
(4,'{\"ar\":\"\\u0627\\u0644\\u062b\\u0627\\u0646\\u064a\",\"en\":\"Second\"}',1,'2022-12-26 09:48:15','2025-02-20 17:30:11'),
(5,'{\"ar\":\"\\u0627\\u0644\\u0631\\u0648\\u0641\",\"en\":\"Roof\"}',1,'2022-12-26 09:48:36','2025-02-20 17:30:11'),
(6,'{\"ar\":\"\\u0627\\u0644\\u062b\\u0627\\u0644\\u062b\",\"en\":\"Third\"}',1,'2025-04-27 08:01:56','2025-04-27 08:01:56');

--
-- Table structure for table `s_layouts`
--

CREATE TABLE `s_layouts` (
  `id` bigint(20) unsigned NOT NULL AUTO_INCREMENT,
  `name` varchar(255) NOT NULL,
  `project_id` bigint(20) unsigned DEFAULT 0,
  `active` tinyint(1) NOT NULL DEFAULT 0,
  `created_at` timestamp NULL DEFAULT NULL,
  `updated_at` timestamp NULL DEFAULT NULL,
  PRIMARY KEY (`id`)
) ENGINE=InnoDB AUTO_INCREMENT=14 DEFAULT CHARSET=utf8mb4 COLLATE=utf8mb4_unicode_ci;

--
-- Dumping data for table `s_layouts`
--

INSERT INTO `s_layouts` VALUES
(1,'A',55,1,'2025-04-27 04:24:29','2025-04-27 04:24:29'),
(2,'B',55,1,'2025-04-27 04:24:49','2025-04-27 04:25:05'),
(3,'C',55,1,'2025-04-27 04:24:59','2025-04-27 04:24:59'),
(4,'1B',54,1,'2025-04-27 06:33:59','2025-04-27 08:47:38'),
(5,'2B',54,1,'2025-04-27 08:39:54','2025-04-27 08:40:02'),
(6,'3B',54,1,'2025-04-27 08:40:21','2025-04-27 08:40:21'),
(7,'Studio',54,1,'2025-04-27 08:40:54','2025-04-27 08:40:54'),
(8,'1B',55,1,'2025-05-27 05:06:32','2025-05-27 05:06:32'),
(9,'2B',55,1,'2025-05-27 05:06:54','2025-05-27 05:06:54'),
(10,'3B',55,1,'2025-05-27 05:07:04','2025-05-27 05:07:04'),
(11,'3B + M',55,1,'2025-05-27 05:07:19','2025-05-27 05:07:19'),
(12,'2B + M',55,1,'2025-05-27 05:07:31','2025-05-27 05:07:31');

--
-- Table structure for table `s_leads`
--

CREATE TABLE `s_leads` (
  `id` bigint(20) unsigned NOT NULL AUTO_INCREMENT,
  `project_id` bigint(20) unsigned DEFAULT 0,
  `unit_id` bigint(20) unsigned DEFAULT 0,
  `name` varchar(255) DEFAULT NULL,
  `phone` varchar(255) DEFAULT NULL,
  `email` varchar(255) DEFAULT NULL,
  `title` varchar(255) DEFAULT NULL,
  `resp` text DEFAULT NULL,
  `success` tinyint(1) DEFAULT 0,
  `created_at` timestamp NULL DEFAULT NULL,
  `updated_at` timestamp NULL DEFAULT NULL,
  PRIMARY KEY (`id`)
) ENGINE=InnoDB AUTO_INCREMENT=578 DEFAULT CHARSET=utf8mb4 COLLATE=utf8mb4_unicode_ci;

--
-- Dumping data for table `s_leads`
--

INSERT INTO `s_leads` VALUES
(1,0,476,'cfdxs','+966678908767',NULL,'مهتم بشراء الوحدة رقم 214 بمشروع رقم 126',NULL,0,'2025-02-21 02:51:46','2025-02-21 02:51:46'),
(2,0,476,'frde','+966765432345',NULL,'مهتم بشراء الوحدة رقم 214 بمشروع رقم 126',NULL,0,'2025-02-21 02:52:05','2025-02-21 02:52:05'),
(3,0,469,'fcde','+966654345676',NULL,'مهتم بشراء الوحدة رقم 201 بمشروع رقم 126',NULL,0,'2025-02-21 02:54:23','2025-02-21 02:54:23'),
(4,0,469,'frdesw','+966765434567',NULL,'مهتم بشراء الوحدة رقم 201 بمشروع رقم 126',NULL,0,'2025-02-21 02:54:50','2025-02-21 02:54:50'),
(5,0,469,'rfeds','+966765432345',NULL,'مهتم بشراء الوحدة رقم 201 بمشروع رقم 126',NULL,0,'2025-02-21 02:55:43','2025-02-21 02:55:43'),
(6,0,469,'frcdes','+966654323456',NULL,'مهتم بشراء الوحدة رقم 201 بمشروع رقم 126',NULL,0,'2025-02-21 02:57:56','2025-02-21 02:57:56'),
(7,0,469,'rfdesw','+966765432123',NULL,'مهتم بشراء الوحدة رقم 201 بمشروع رقم 126',NULL,0,'2025-02-21 02:58:24','2025-02-21 02:58:24'),
(8,45,695,'FAHAD','+966555765674','fahad@gmail.com','مهتم بشراء الوحدة رقم 201 بمشروع رقم 127',NULL,0,'2025-02-25 06:20:58','2025-02-25 06:20:58'),
(9,49,788,'FAHAD','+966555765674','fahd2hmed@gmail.com','مهتم بشراء الوحدة رقم 103 بمشروع رقم 128',NULL,0,'2025-02-25 06:24:57','2025-02-25 06:24:57'),
(10,55,923,'Ghada','+966535035057','ghada_alrabeah@hotmail.com','مهتم بشراء الوحدة رقم 213 بمشروع رقم 132',NULL,0,'2025-02-25 20:18:25','2025-02-25 20:18:25'),
(11,55,922,'Ghada','+966535035057','Ghada_alrabeah@hotmail.com','مهتم بشراء الوحدة رقم 212 بمشروع رقم 132',NULL,0,'2025-02-25 20:48:23','2025-02-25 20:48:23'),
(12,55,915,'بهاء مقادمي','+966542676964','bahaamagadmi@gmail.com','مهتم بشراء الوحدة رقم 202 بمشروع رقم 132',NULL,0,'2025-02-27 00:28:25','2025-02-27 00:28:25'),
(13,55,919,'Bahaa Magadmi','+966542676964','bahaamagadmi@gmail.com','مهتم بشراء الوحدة رقم 206 بمشروع رقم 132',NULL,0,'2025-02-27 00:30:47','2025-02-27 00:30:47'),
(14,55,921,'Bahaa Magadmi','+966542676964','bahaamagadmi@gmail.com','مهتم بشراء الوحدة رقم 211 بمشروع رقم 132',NULL,0,'2025-02-27 00:32:15','2025-02-27 00:32:15'),
(15,55,923,'Bahaa Magadmi','+966542676964','bahaamagadmi@gmail.com','مهتم بشراء الوحدة رقم 213 بمشروع رقم 132',NULL,0,'2025-02-27 00:33:35','2025-02-27 00:33:35'),
(16,55,935,'Bahaa Magadmi','+966542676964','bahaamagadmi@gmail.com','مهتم بشراء الوحدة رقم 231 بمشروع رقم 132',NULL,0,'2025-02-27 00:35:18','2025-02-27 00:35:18'),
(17,49,788,'لينا محمد','+966564073996','ramohd109@gmail.com','مهتم بشراء الوحدة رقم 103 بمشروع رقم 128',NULL,0,'2025-02-27 15:22:31','2025-02-27 15:22:31'),
(18,55,1060,'علي الحربي','+966555830504',NULL,'مهتم بشراء الوحدة رقم 101 بمشروع رقم 132',NULL,0,'2025-03-04 11:37:52','2025-03-04 11:37:52'),
(19,20,350,'تركي محمد الأحمري','+966561665454','awrag_mansya@hotmail.com','مهتم بشراء الوحدة رقم 13 بمشروع رقم 120',NULL,0,'2025-03-06 20:28:41','2025-03-06 20:28:41'),
(20,43,836,'رايد علي ال خيران ','+966508460415','rrryad1010@gmail.com','مهتم بشراء الوحدة رقم 503 بمشروع رقم 125',NULL,0,'2025-03-07 05:59:33','2025-03-07 05:59:33'),
(21,43,836,'رايد علي اب خيران ','+966508460415','rrryad1010@gmail.com','مهتم بشراء الوحدة رقم 503 بمشروع رقم 125',NULL,0,'2025-03-07 06:27:07','2025-03-07 06:27:07'),
(22,23,413,'عبدالرحمن عسيري','+966550806327','ab88al@gmail.com','مهتم بشراء الوحدة رقم 18 بمشروع رقم 118',NULL,0,'2025-03-07 19:46:43','2025-03-07 19:46:43'),
(23,45,698,'طلال البشري ','+966548959217',NULL,'مهتم بشراء الوحدة رقم 203 بمشروع رقم 127',NULL,0,'2025-03-08 18:14:29','2025-03-08 18:14:29'),
(24,23,413,'ساره ','+966500197997',NULL,'مهتم بشراء الوحدة رقم 18 بمشروع رقم 118',NULL,0,'2025-03-09 15:22:14','2025-03-09 15:22:14'),
(25,36,506,'بهاءالدين خالد ابو طالب ','+966536171615','Bahaa0709@gmail.com','مهتم بشراء الوحدة رقم 24 بمشروع رقم 124',NULL,0,'2025-03-10 22:03:25','2025-03-10 22:03:25'),
(26,19,326,'راشد محمد الحريش ','+966557763836','rashedd83@icloud.com','مهتم بشراء الوحدة رقم 15 بمشروع رقم 119',NULL,0,'2025-03-12 11:39:58','2025-03-12 11:39:58'),
(27,2,469,'سعد الدوسري','+966542884653','sa3dd93@gmail.com','مهتم بشراء الوحدة رقم 201 بمشروع رقم 126',NULL,0,'2025-03-13 14:09:11','2025-03-13 14:09:11'),
(28,55,1140,'Afnan Albassami','+966543777355','Dr.afnan_hussain@outlook.com','مهتم بشراء الوحدة رقم 712 بمشروع رقم 132',NULL,0,'2025-03-15 09:17:58','2025-03-15 09:17:58'),
(29,55,1108,'Sultan','+966502199532','Sultanmbc77@hotmail.com','مهتم بشراء الوحدة رقم 403 بمشروع رقم 132',NULL,0,'2025-03-16 01:00:33','2025-03-16 01:00:33'),
(30,55,1113,'Fatima','+966543355711',NULL,'مهتم بشراء الوحدة رقم 414 بمشروع رقم 132',NULL,0,'2025-03-16 06:38:04','2025-03-16 06:38:04'),
(31,20,350,'عبدالملك منصور العقيفي ','+966582222961','Abdulmalik.alogaifi@gmail.com','مهتم بشراء الوحدة رقم 13 بمشروع رقم 120',NULL,0,'2025-03-17 00:50:51','2025-03-17 00:50:51'),
(32,2,478,'سارة','+966557141880','Sarafahad_@outlook.sa','مهتم بشراء الوحدة رقم 222 بمشروع رقم 126',NULL,0,'2025-03-17 15:14:05','2025-03-17 15:14:05'),
(33,49,788,'عبدالوهاب السلمي','+966568342673','alsulmi072@gmail.com','مهتم بشراء الوحدة رقم 103 بمشروع رقم 128',NULL,0,'2025-03-18 03:25:42','2025-03-18 03:25:42'),
(34,55,1096,'محمد حسن','+966551511197','misho_8@hotmail.com','مهتم بشراء الوحدة رقم 312 بمشروع رقم 132',NULL,0,'2025-03-19 13:07:16','2025-03-19 13:07:16'),
(35,49,938,'ياسر الشمري','+966500078700',NULL,'مهتم بشراء الوحدة رقم 203 بمشروع رقم 128',NULL,0,'2025-03-20 05:26:37','2025-03-20 05:26:37'),
(36,36,506,'ياسر الشمري','+966500078700',NULL,'مهتم بشراء الوحدة رقم 24 بمشروع رقم 124',NULL,0,'2025-03-20 05:37:37','2025-03-20 05:37:37'),
(37,49,802,'ياسر الشمري','+966500078700',NULL,'مهتم بشراء الوحدة رقم 123 بمشروع رقم 128',NULL,0,'2025-03-20 18:18:10','2025-03-20 18:18:10'),
(38,55,1096,'منصور عواجي','+966566512666','mawaji@live.com','مهتم بشراء الوحدة رقم 312 بمشروع رقم 132',NULL,0,'2025-03-22 23:40:54','2025-03-22 23:40:54'),
(39,55,1118,'منصور عواجي','+966566512666','mawaji@live.com','مهتم بشراء الوحدة رقم 603 بمشروع رقم 132',NULL,0,'2025-03-22 23:42:04','2025-03-22 23:42:04'),
(40,36,506,'غاده','+966553571333',NULL,'مهتم بشراء الوحدة رقم 24 بمشروع رقم 124',NULL,0,'2025-03-23 14:59:08','2025-03-23 14:59:08'),
(41,36,514,'N','+966530376730',NULL,'مهتم بشراء الوحدة رقم 27 بمشروع رقم 124',NULL,0,'2025-03-23 14:59:43','2025-03-23 14:59:43'),
(42,36,506,'طاهر  الزهراني','+966549847207','Taher.a.alzahrani@hotmail.com','مهتم بشراء الوحدة رقم 24 بمشروع رقم 124',NULL,0,'2025-03-24 02:46:53','2025-03-24 02:46:53'),
(43,36,509,'طاهر الزهراني','+966549847207','Taher.a.alzahrani@hotmail.com','مهتم بشراء الوحدة رقم 25 بمشروع رقم 124',NULL,0,'2025-03-24 02:48:05','2025-03-24 02:48:05'),
(44,45,744,'محمد الدوسري ','+966532078862','M7.80@outlook.com','مهتم بشراء الوحدة رقم 424 بمشروع رقم 127',NULL,0,'2025-03-25 23:06:50','2025-03-25 23:06:50'),
(45,23,402,'محمد يحيى علي دحدح','+966506507267','amamaamm300@gmail.con','مهتم بشراء الوحدة رقم 7 بمشروع رقم 118',NULL,0,'2025-03-26 02:37:15','2025-03-26 02:37:15'),
(46,23,404,'محمد يحيى علي دحدح','+966506507267','amamaamm300@gmail.com','مهتم بشراء الوحدة رقم 9 بمشروع رقم 118',NULL,0,'2025-03-26 02:38:51','2025-03-26 02:38:51'),
(47,23,449,'محمد يحيى علي دحدح','+966506507267','amamaamm300@gmail.com','مهتم بشراء الوحدة رقم 52 بمشروع رقم 118',NULL,0,'2025-03-26 02:41:09','2025-03-26 02:41:09'),
(48,23,412,'امجاد ماجد احمد حنبشي','+966557366056','Joodd.17@gmail.com','مهتم بشراء الوحدة رقم 17 بمشروع رقم 118',NULL,0,'2025-03-26 02:42:41','2025-03-26 02:42:41'),
(49,2,469,'محمد يحيى علي دحدح','+966506507267','amamaamm300@gmail.com','مهتم بشراء الوحدة رقم 201 بمشروع رقم 126',NULL,0,'2025-03-26 22:07:37','2025-03-26 22:07:37'),
(50,55,1072,'احمد سليمان','+966543135501','Ahmadremed@hotmail.com','مهتم بشراء الوحدة رقم 122 بمشروع رقم 132',NULL,0,'2025-03-27 06:06:51','2025-03-27 06:06:51'),
(51,49,793,'صالحه محمد العلياني ','+966568557433','Gghal131@gmail.com','مهتم بشراء الوحدة رقم 111 بمشروع رقم 128',NULL,0,'2025-03-28 11:53:54','2025-03-28 11:53:54'),
(52,49,807,'صالحه محمد العلياني ','+966568557433','Gghal131@gmail.com','مهتم بشراء الوحدة رقم 131 بمشروع رقم 128',NULL,0,'2025-03-28 11:56:53','2025-03-28 11:56:53'),
(53,2,658,'صالحه محمد عبدالله ','+966568557433','Gghal131@gmail.com','مهتم بشراء الوحدة رقم 532 بمشروع رقم 126',NULL,0,'2025-03-28 12:31:07','2025-03-28 12:31:07'),
(54,2,658,'صالحه محمد العلياني ','+966568557433','Gghal131@gmail.com','مهتم بشراء الوحدة رقم 532 بمشروع رقم 126',NULL,0,'2025-03-28 13:52:23','2025-03-28 13:52:23'),
(55,36,514,'عبدالله القحطاني ','+966554475574','afaaalqahtani@gmail.com','مهتم بشراء الوحدة رقم 27 بمشروع رقم 124',NULL,0,'2025-03-28 14:42:44','2025-03-28 14:42:44'),
(56,20,371,'فهيد بن عبدالله فهيد آل جمعه','+966503232019','mr.fahid@gmail.com','مهتم بشراء الوحدة رقم 24 بمشروع رقم 120',NULL,0,'2025-03-30 12:42:59','2025-03-30 12:42:59'),
(57,55,1138,'Dr. YASSER ALHAJJAJ','+966540787777','Yasser.ok@gmail.com','مهتم بشراء الوحدة رقم 704 بمشروع رقم 132',NULL,0,'2025-04-06 04:54:27','2025-04-06 04:54:27'),
(58,55,1128,'Dr. YASSER ALHAJJAJ','+966540787777','Yasser.ok@gmail.com','مهتم بشراء الوحدة رقم 504 بمشروع رقم 132',NULL,0,'2025-04-06 04:54:58','2025-04-06 04:54:58'),
(59,20,375,'خالد ناصر القحطاني','+966551985965','Ka564060@gmail.com','مهتم بشراء الوحدة رقم 28 بمشروع رقم 120',NULL,0,'2025-04-06 10:31:52','2025-04-06 10:31:52'),
(60,49,788,'شهد الرميح ','+966580563174','Sh.i.alrumaih@gmail.com','مهتم بشراء الوحدة رقم 103 بمشروع رقم 128',NULL,0,'2025-04-12 04:00:01','2025-04-12 04:00:01'),
(61,49,793,'شهد الرميح ','+966580563174','Sh.i.alrumaih@gmail.com','مهتم بشراء الوحدة رقم 111 بمشروع رقم 128',NULL,0,'2025-04-12 04:01:41','2025-04-12 04:01:41'),
(62,23,413,'محمد أحمد سمَّان','+966546395377',NULL,'مهتم بشراء الوحدة رقم 18 بمشروع رقم 118',NULL,0,'2025-04-12 12:49:21','2025-04-12 12:49:21'),
(63,36,506,'محمد أحمد سمان','+966546395377',NULL,'مهتم بشراء الوحدة رقم 24 بمشروع رقم 124',NULL,0,'2025-04-12 13:11:32','2025-04-12 13:11:32'),
(64,43,688,'محمد أحمد سمَّان ','+966546395377',NULL,'مهتم بشراء الوحدة رقم 211 بمشروع رقم 125',NULL,0,'2025-04-12 13:13:48','2025-04-12 13:13:48'),
(65,55,1094,'عبدالعزيز الخثلان ','+966554225222',NULL,'مهتم بشراء الوحدة رقم 302 بمشروع رقم 132',NULL,0,'2025-04-12 13:39:23','2025-04-12 13:39:23'),
(66,55,1094,'عبدالعزيز الخثلان','+966554225222',NULL,'مهتم بشراء الوحدة رقم 302 بمشروع رقم 132',NULL,0,'2025-04-12 13:40:20','2025-04-12 13:40:20'),
(67,49,956,'Maryam','+966501646379',NULL,'مهتم بشراء الوحدة رقم 227 بمشروع رقم 128',NULL,0,'2025-04-12 17:39:12','2025-04-12 17:39:12'),
(68,2,605,'M','+966501646379',NULL,'مهتم بشراء الوحدة رقم 301 بمشروع رقم 126',NULL,0,'2025-04-12 17:44:07','2025-04-12 17:44:07'),
(69,43,823,'Maryam ','+966501646379',NULL,'مهتم بشراء الوحدة رقم 404 بمشروع رقم 125',NULL,0,'2025-04-12 17:47:44','2025-04-12 17:47:44'),
(70,2,469,'ناجي علي محمد','+966566638916','alkalbey5@gmail.com','مهتم بشراء الوحدة رقم 201 بمشروع رقم 126',NULL,0,'2025-04-14 08:50:36','2025-04-14 08:50:36'),
(71,23,413,'عبدالعزيز الزهراني','+966543917059','azoz9138@hotmail.com','مهتم بشراء الوحدة رقم 18 بمشروع رقم 118',NULL,0,'2025-04-14 18:33:59','2025-04-14 18:33:59'),
(72,36,514,'منال حدادي ','+966533115849',NULL,'مهتم بشراء الوحدة رقم 27 بمشروع رقم 124',NULL,0,'2025-04-15 01:19:57','2025-04-15 01:19:57'),
(73,16,271,'سلمان النويصر','+966551900939',NULL,'مهتم بشراء الوحدة رقم 12 بمشروع رقم 115',NULL,0,'2025-04-17 11:12:54','2025-04-17 11:12:54'),
(74,55,1067,'عبدالله المغلوث','+966556282229','Abdulmag1999@gmail.com','مهتم بشراء الوحدة رقم 113 بمشروع رقم 132',NULL,0,'2025-04-19 12:06:59','2025-04-19 12:06:59'),
(75,55,1096,'آلاء محمد الفيفي ','+966565687828','alaafifi0@gmail.com','مهتم بشراء الوحدة رقم 312 بمشروع رقم 132',NULL,0,'2025-04-20 20:28:40','2025-04-20 20:28:40'),
(76,55,1112,'وائل نصيرات','+966509075440','Wafn99@yahoo.comw','مهتم بشراء الوحدة رقم 413 بمشروع رقم 132',NULL,0,'2025-04-22 03:58:23','2025-04-22 03:58:23'),
(77,55,1131,'وائل نصيرات','+966509075440','Wafn99@yahoo.comw','مهتم بشراء الوحدة رقم 513 بمشروع رقم 132',NULL,0,'2025-04-22 03:59:59','2025-04-22 03:59:59'),
(78,55,1096,'شريف دياب','+966568714849','Sherifahmeddiab@gmail.com','مهتم بشراء الوحدة رقم 312 بمشروع رقم 132',NULL,0,'2025-04-23 07:08:22','2025-04-23 07:08:22'),
(79,51,990,'شريف احمد دياب','+966568714849','Sherifahmeddiab@gmail.com','مهتم بشراء الوحدة رقم 112 بمشروع رقم 134',NULL,0,'2025-04-23 07:18:35','2025-04-23 07:18:35'),
(80,51,990,'شريف دياب','+966562871429','Rashan.elwasly@gmail.com','مهتم بشراء الوحدة رقم 112 بمشروع رقم 134',NULL,0,'2025-04-23 07:19:02','2025-04-23 07:19:02'),
(81,51,985,'شريف دياب','+966562871429','Rashan.elwasly@gmail.com','مهتم بشراء الوحدة رقم 102 بمشروع رقم 134',NULL,0,'2025-04-23 07:19:54','2025-04-23 07:19:54'),
(82,51,991,'شريف دياب','+966562871429','Rashan.elwasly@gmail.com','مهتم بشراء الوحدة رقم 113 بمشروع رقم 134',NULL,0,'2025-04-23 07:20:49','2025-04-23 07:20:49'),
(83,51,996,'شريف دياب','+966562871429','Rashan.elwasly@gmail.com','مهتم بشراء الوحدة رقم 122 بمشروع رقم 134',NULL,0,'2025-04-23 07:21:41','2025-04-23 07:21:41'),
(84,51,1006,'شريف دياب','+966562871429','Rashan.elwasly@gmail.com','مهتم بشراء الوحدة رقم 203 بمشروع رقم 134',NULL,0,'2025-04-23 07:22:16','2025-04-23 07:22:16'),
(85,51,1017,'شريف دياب','+966562871429','Rashan.elwasly@gmail.com','مهتم بشراء الوحدة رقم 222 بمشروع رقم 134',NULL,0,'2025-04-23 07:22:55','2025-04-23 07:22:55'),
(86,51,1023,'شريف دياب','+966562871429','Rashan.elwasly@gmail.com','مهتم بشراء الوحدة رقم 231 بمشروع رقم 134',NULL,0,'2025-04-23 07:23:44','2025-04-23 07:23:44'),
(87,51,1028,'شريف دياب','+966562871429','Rashan.elwasly@gmail.com','مهتم بشراء الوحدة رقم 301 بمشروع رقم 134',NULL,0,'2025-04-23 07:24:39','2025-04-23 07:24:39'),
(88,51,1029,'شريف دياب','+966562871429','Rashan.elwasly@gmail.com','مهتم بشراء الوحدة رقم 302 بمشروع رقم 134',NULL,0,'2025-04-23 07:25:10','2025-04-23 07:25:10'),
(89,51,1039,'شريف دياب','+966562871429','Rashan.elwasly@gmail.com','مهتم بشراء الوحدة رقم 323 بمشروع رقم 134',NULL,0,'2025-04-23 07:25:54','2025-04-23 07:25:54'),
(90,55,1068,'شريف دياب','+966562871429','Rashan.elwasly@gmail.com','مهتم بشراء الوحدة رقم 114 بمشروع رقم 132',NULL,0,'2025-04-23 07:28:25','2025-04-23 07:28:25'),
(91,55,1074,'شريف دياب','+966562871429','Rashan.elwasly@gmail.com','مهتم بشراء الوحدة رقم 124 بمشروع رقم 132',NULL,0,'2025-04-23 07:29:21','2025-04-23 07:29:21'),
(92,55,1081,'شريف دياب','+966562871429','Rashan.elwasly@gmail.com','مهتم بشراء الوحدة رقم 203 بمشروع رقم 132',NULL,0,'2025-04-23 07:29:55','2025-04-23 07:29:55'),
(93,55,1112,'محمد عادل','+966560222783',NULL,'مهتم بشراء الوحدة رقم 413 بمشروع رقم 132',NULL,0,'2025-04-26 11:33:21','2025-04-26 11:33:21'),
(94,55,1113,'عبدالعزيز خالد المهباش','+966543644413','S7-_@hotmail.com','مهتم بشراء الوحدة رقم 414 بمشروع رقم 132',NULL,0,'2025-04-27 17:32:00','2025-04-27 17:32:00'),
(95,55,1125,'علي النوري','+966533510202','alialnoory@gmail.com','مهتم بشراء الوحدة رقم 501 بمشروع رقم 132',NULL,0,'2025-04-29 08:35:35','2025-04-29 08:35:35'),
(96,55,1112,'علي النوري','+966533510202','alialnoory@gmail.com','مهتم بشراء الوحدة رقم 413 بمشروع رقم 132',NULL,0,'2025-04-29 12:06:13','2025-04-29 12:06:13'),
(97,49,961,'محمد مفلح الشغيثري','+966552147588','malshghythry@gmail.com','مهتم بشراء الوحدة رقم 302 بمشروع رقم 128',NULL,0,'2025-05-02 03:11:10','2025-05-02 03:11:10'),
(98,55,1131,'Dalal Denley ','+966561617331','dalaldenley@yahoo.com','Interested of Unit 513, Project No 132',NULL,0,'2025-05-02 14:23:31','2025-05-02 14:23:31'),
(99,54,1334,'لطيفة ','+966564487887',NULL,'مهتم بشراء الوحدة رقم 401 بمشروع رقم 133',NULL,0,'2025-05-03 07:55:00','2025-05-03 07:55:00'),
(100,55,1125,'Sara kaled','+966533495750','PhD.sara@hotmail.com','مهتم بشراء الوحدة رقم 501 بمشروع رقم 132',NULL,0,'2025-05-03 13:51:53','2025-05-03 13:51:53'),
(101,23,408,'Mohammed Afzal','+966554536942','mohd.af7@gmail.com','Interested of Unit 13, Project No 118',NULL,0,'2025-05-04 13:43:55','2025-05-04 13:43:55'),
(102,55,1111,'عمر مناور','+966531409738','omarszone@gmail.com','مهتم بشراء الوحدة رقم 412 بمشروع رقم 132',NULL,0,'2025-05-08 03:09:03','2025-05-08 03:09:03'),
(103,54,1339,'غادة','+966535035057',NULL,'مهتم بشراء الوحدة رقم 406 بمشروع رقم 133',NULL,0,'2025-05-09 12:12:35','2025-05-09 12:12:35'),
(104,54,1339,'غادة','+966535035057',NULL,'مهتم بشراء الوحدة رقم 406 بمشروع رقم 133',NULL,0,'2025-05-09 12:40:00','2025-05-09 12:40:00'),
(105,55,1111,'Abdullah AlBasheeri','+966558421022','A.Albasheeri@gmail.com','مهتم بشراء الوحدة رقم 412 بمشروع رقم 132',NULL,0,'2025-05-09 20:08:28','2025-05-09 20:08:28'),
(106,55,1111,'مشاري عبدالرحمن ','+966552342288','Mishari.b@hotmail.com','مهتم بشراء الوحدة رقم 412 بمشروع رقم 132',NULL,0,'2025-05-10 14:02:48','2025-05-10 14:02:48'),
(107,55,1079,'Nouf','+966550302999',NULL,'مهتم بشراء الوحدة رقم 201 بمشروع رقم 132',NULL,0,'2025-05-12 07:55:17','2025-05-12 07:55:17'),
(108,55,1093,'Fahad','+966500227708','Fnb159@gmail.com','مهتم بشراء الوحدة رقم 301 بمشروع رقم 132',NULL,0,'2025-05-13 14:46:47','2025-05-13 14:46:47'),
(109,55,1113,'ابتهال','+966532800232',NULL,'مهتم بشراء الوحدة رقم 414 بمشروع رقم 132',NULL,0,'2025-05-14 02:20:53','2025-05-14 02:20:53'),
(110,43,845,'سالم المطيري','+966509813555','Isos.94@hotmail.com','مهتم بشراء الوحدة رقم 524 بمشروع رقم 125',NULL,0,'2025-05-14 10:23:27','2025-05-14 10:23:27'),
(111,55,1064,'Renad ','+966566722057','Re.ghamdi5@gmail.com','مهتم بشراء الوحدة رقم 105 بمشروع رقم 132',NULL,0,'2025-05-14 23:07:54','2025-05-14 23:07:54'),
(112,55,1093,'Fay Alsudais','+966540049922','Fay.ms@hotmail.com','مهتم بشراء الوحدة رقم 301 بمشروع رقم 132',NULL,0,'2025-05-15 22:36:07','2025-05-15 22:36:07'),
(113,36,497,'Ahmed Ismail','+966551422692','Ahmed.abdelaziz81@yahoo.com','مهتم بشراء الوحدة رقم 7 بمشروع رقم 124',NULL,0,'2025-05-16 11:57:36','2025-05-16 11:57:36'),
(114,55,1093,'تركي سلمان زيد الفراج','+966598551443','Turkisalfarr@gmail.com','مهتم بشراء الوحدة رقم 301 بمشروع رقم 132',NULL,0,'2025-05-16 13:12:49','2025-05-16 13:12:49'),
(115,55,1093,'Ahmed','+966597010009',NULL,'مهتم بشراء الوحدة رقم 301 بمشروع رقم 132',NULL,0,'2025-05-16 16:48:18','2025-05-16 16:48:18'),
(116,23,408,'فالح محمد ','+966536149005','Faleh397@icloud.com','مهتم بشراء الوحدة رقم 13 بمشروع رقم 118',NULL,0,'2025-05-16 17:33:59','2025-05-16 17:33:59'),
(117,55,1093,'Shoaa bogas','+966555519918','Shoaa.bogas@gmail.com','مهتم بشراء الوحدة رقم 301 بمشروع رقم 132',NULL,0,'2025-05-17 21:09:36','2025-05-17 21:09:36'),
(118,45,755,'عبدالرحمن سليمان الصعب ','+966555737302','Ab.alsaab@outlook.sa','مهتم بشراء الوحدة رقم 121 بمشروع رقم 127',NULL,0,'2025-05-18 07:28:24','2025-05-18 07:28:24'),
(119,55,1100,'عبدالاله سلطان آل فاضل','+966565151123','Aalfadhel3559@gmail.com','مهتم بشراء الوحدة رقم 322 بمشروع رقم 132',NULL,0,'2025-05-19 21:57:26','2025-05-19 21:57:26'),
(120,55,1112,'عبدالعزيز البطي ','+966558281441','Albuttiaz@gmail.com','مهتم بشراء الوحدة رقم 413 بمشروع رقم 132',NULL,0,'2025-05-20 18:11:36','2025-05-20 18:11:36'),
(121,23,408,'محمد فهد الفالح','+966591151661',NULL,'مهتم بشراء الوحدة رقم 13 بمشروع رقم 118',NULL,0,'2025-05-21 03:55:42','2025-05-21 03:55:42'),
(122,55,1093,'Abdullah ','+966541605894',NULL,'مهتم بشراء الوحدة رقم 301 بمشروع رقم 132',NULL,0,'2025-05-22 07:17:50','2025-05-22 07:17:50'),
(123,55,1113,'بشاير الشهري','+966544840984','Beshsh1992@gmail.con','مهتم بشراء الوحدة رقم 414 بمشروع رقم 132',NULL,0,'2025-05-23 16:16:05','2025-05-23 16:16:05'),
(124,55,1093,'تركيه الفارس','+966505229369',NULL,'مهتم بشراء الوحدة رقم 301 بمشروع رقم 132',NULL,0,'2025-05-23 17:36:50','2025-05-23 17:36:50'),
(125,55,1100,'Ahmed','+966562719223','A.alghifari1990@gmail.com','مهتم بشراء الوحدة رقم 322 بمشروع رقم 132',NULL,0,'2025-05-23 23:45:33','2025-05-23 23:45:33'),
(126,55,1093,'عمر الزهراني','+966532500455','o99z@outlook.com','مهتم بشراء الوحدة رقم 301 بمشروع رقم 132',NULL,0,'2025-05-24 09:50:41','2025-05-24 09:50:41'),
(127,23,408,'تركي القاسم','+966580561234','Teqcity@gmail.com','مهتم بشراء الوحدة رقم 13 بمشروع رقم 118',NULL,0,'2025-05-24 10:39:49','2025-05-24 10:39:49'),
(128,55,1093,'عبدالمحسن البدر','+966563611119','Albader7071@gmail.com','مهتم بشراء الوحدة رقم 301 بمشروع رقم 132',NULL,0,'2025-05-25 17:38:39','2025-05-25 17:38:39'),
(129,55,1093,'عبدالعزيز الطلاسي','+966547812424',NULL,'مهتم بشراء الوحدة رقم 301 بمشروع رقم 132',NULL,0,'2025-05-26 05:18:17','2025-05-26 05:18:17'),
(130,55,1093,'أثير الحصين','+966592455528','atheer.m.hh@gmail.com','مهتم بشراء الوحدة رقم 301 بمشروع رقم 132',NULL,0,'2025-05-27 04:27:22','2025-05-27 04:27:22'),
(131,55,1093,'منال محمد','+966500826844','Mnal20670@gmail.com','مهتم بشراء الوحدة رقم 301 بمشروع رقم 132',NULL,0,'2025-05-27 04:52:09','2025-05-27 04:52:09'),
(132,55,1093,'رياض الربع','+966541425754',NULL,'مهتم بشراء الوحدة رقم 301 بمشروع رقم 132',NULL,0,'2025-05-28 06:15:28','2025-05-28 06:15:28'),
(133,49,952,'احمد عبدالله بن قعود','+966532224420','alqaoudahmed@gmail.com','مهتم بشراء الوحدة رقم 223 بمشروع رقم 128',NULL,0,'2025-05-29 15:18:58','2025-05-29 15:18:58'),
(134,54,1334,'معتز ','+966580767107','Moatazsmile@hotmail.com','مهتم بشراء الوحدة رقم 401 بمشروع رقم 133',NULL,0,'2025-05-30 11:07:24','2025-05-30 11:07:24'),
(135,55,1113,'اثير الشبل','+966583589058','Atheeralshebel@gmail.com','مهتم بشراء الوحدة رقم 414 بمشروع رقم 132',NULL,0,'2025-05-30 11:13:46','2025-05-30 11:13:46'),
(136,55,1093,'حسام فواز','+966541113161',NULL,'مهتم بشراء الوحدة رقم 301 بمشروع رقم 132',NULL,0,'2025-05-30 20:48:51','2025-05-30 20:48:51'),
(137,55,1093,'فهد بن دريس','+966555250846','Fmd1811@yahoo.com','مهتم بشراء الوحدة رقم 301 بمشروع رقم 132',NULL,0,'2025-06-01 04:56:00','2025-06-01 04:56:00'),
(138,54,1334,'ريم عبدالعزيز الزهراني ','+966500567024','Reem999007@hotmail.com','مهتم بشراء الوحدة رقم 401 بمشروع رقم 133',NULL,0,'2025-06-01 09:40:02','2025-06-01 09:40:02'),
(139,55,1393,'مشاري الغامدي','+966543377433',NULL,'مهتم بشراء الوحدة رقم 913 بمشروع رقم 132',NULL,0,'2025-06-02 06:23:09','2025-06-02 06:23:09'),
(140,55,1113,'بدر الحسن','+966501185599','baderkalhasan@gmail.com','مهتم بشراء الوحدة رقم 414 بمشروع رقم 132',NULL,0,'2025-06-02 07:22:44','2025-06-02 07:22:44'),
(141,55,1380,'مها الدباس','+966599943224','Maaha80@gmail.com','مهتم بشراء الوحدة رقم 803 بمشروع رقم 132',NULL,0,'2025-06-02 08:48:33','2025-06-02 08:48:33'),
(142,55,1390,'Faris Almujeish','+966566006300','','مهتم بشراء الوحدة رقم 904 بمشروع رقم 132',NULL,0,'2025-06-02 18:46:26','2025-06-02 18:46:26'),
(143,55,1387,'عبدالرحمن النعيم','+966566720302','Dhoome12312@hotmail.com','مهتم بشراء الوحدة رقم 901 بمشروع رقم 132',NULL,0,'2025-06-03 19:34:18','2025-06-03 19:34:18'),
(144,55,1093,'محمد الشلاقي','+966566065557','shelaqy@gmail.com','مهتم بشراء الوحدة رقم 301 بمشروع رقم 132',NULL,0,'2025-06-04 07:51:05','2025-06-04 07:51:05'),
(145,55,1113,'محمد صالح القحطاني','+966509999198',NULL,'مهتم بشراء الوحدة رقم 414 بمشروع رقم 132',NULL,0,'2025-06-05 06:28:22','2025-06-05 06:28:22'),
(146,55,1382,'محمد القحطاني ','+966509999198',NULL,'مهتم بشراء الوحدة رقم 812 بمشروع رقم 132',NULL,0,'2025-06-05 06:30:52','2025-06-05 06:30:52'),
(147,55,1093,'زايد','+966546078000','zayed_8000@hotmail.com','مهتم بشراء الوحدة رقم 301 بمشروع رقم 132',NULL,0,'2025-06-05 09:12:57','2025-06-05 09:12:57'),
(148,51,1023,'نايف سعود','+966559992557','','مهتم بشراء الوحدة رقم 231 بمشروع رقم 134',NULL,0,'2025-06-05 18:46:51','2025-06-05 18:46:51'),
(149,53,854,'Mashael Alqahtani','+966535975310','Mashaelali5q@gmail.com','مهتم بشراء الوحدة رقم 7 بمشروع رقم 123',NULL,0,'2025-06-06 19:46:09','2025-06-06 19:46:09'),
(150,55,1393,'طارق الغامدي','+966500842111','tariqalghamdi322@gmail.com','مهتم بشراء الوحدة رقم 913 بمشروع رقم 132',NULL,0,'2025-06-08 09:51:07','2025-06-08 09:51:07'),
(151,55,1112,'طارق الغامدي','+966500842111','tariqalghamdi322@gmail.com','مهتم بشراء الوحدة رقم 413 بمشروع رقم 132',NULL,0,'2025-06-08 09:53:02','2025-06-08 09:53:02'),
(152,55,1113,'طارق الغامدي','+966500842111','tariqalghamdi322@gmail.com','مهتم بشراء الوحدة رقم 414 بمشروع رقم 132',NULL,0,'2025-06-08 09:53:23','2025-06-08 09:53:23'),
(153,55,1113,'Ghsoon Bakhsh','+966569964475','Bakhshghsoon@gmail.com','مهتم بشراء الوحدة رقم 414 بمشروع رقم 132',NULL,0,'2025-06-08 13:40:29','2025-06-08 13:40:29'),
(154,55,1093,'رغد الحمد','+966597796015',NULL,'مهتم بشراء الوحدة رقم 301 بمشروع رقم 132',NULL,0,'2025-06-09 10:43:58','2025-06-09 10:43:58'),
(155,55,1382,'رغد الحمد','+966597796015',NULL,'مهتم بشراء الوحدة رقم 812 بمشروع رقم 132',NULL,0,'2025-06-09 10:46:05','2025-06-09 10:46:05'),
(156,55,1385,'رغد الحمد','+966597796015',NULL,'مهتم بشراء الوحدة رقم 821 بمشروع رقم 132',NULL,0,'2025-06-09 10:46:50','2025-06-09 10:46:50'),
(157,55,1100,'خالد سعد','+966590888878',NULL,'مهتم بشراء الوحدة رقم 322 بمشروع رقم 132',NULL,0,'2025-06-09 16:25:42','2025-06-09 16:25:42'),
(158,55,1093,'Oroob','+966558539106','Oalmalki0032@gmail.com','مهتم بشراء الوحدة رقم 301 بمشروع رقم 132',NULL,0,'2025-06-09 22:12:17','2025-06-09 22:12:17'),
(159,51,1004,'حصة عبدالكريم ','+966544119584','Hessaabahussain@gmail.com','مهتم بشراء الوحدة رقم 201 بمشروع رقم 134',NULL,0,'2025-06-10 20:04:51','2025-06-10 20:04:51'),
(160,55,1392,'Sulaiman Albazie','+966560899994','Sulaiman.albazei@gmail.com','مهتم بشراء الوحدة رقم 912 بمشروع رقم 132',NULL,0,'2025-06-11 14:55:03','2025-06-11 14:55:03'),
(161,49,788,'سعد عبدالعزيز الغامدي ','+966504578557','mr.saad9009@gmail.com','مهتم بشراء الوحدة رقم 103 بمشروع رقم 128',NULL,0,'2025-06-12 21:56:19','2025-06-12 21:56:19'),
(162,54,1229,'محمد القحطاني','+966552789789',NULL,'مهتم بشراء الوحدة رقم 143 بمشروع رقم 133',NULL,0,'2025-06-13 10:38:43','2025-06-13 10:38:43'),
(163,53,855,'ryuiweyriwue','+966563477454','gagdhsa@gmail.com','مهتم بشراء الوحدة رقم 8 بمشروع رقم 123',NULL,0,'2025-06-14 12:45:40','2025-06-14 12:45:40'),
(164,55,1387,'سميه علي السويلم','+966503939274','Sumaya1422@gmail.com','مهتم بشراء الوحدة رقم 901 بمشروع رقم 132',NULL,0,'2025-06-14 14:43:27','2025-06-14 14:43:27'),
(165,55,1112,'TEST','+966555765674',NULL,'مهتم بشراء الوحدة رقم 413 بمشروع رقم 132',NULL,0,'2025-06-15 10:06:06','2025-06-15 10:06:06'),
(166,55,1111,'TEST','+966555765674',NULL,'مهتم بشراء الوحدة رقم 412 بمشروع رقم 132',NULL,0,'2025-06-15 10:11:15','2025-06-15 10:11:15'),
(167,49,788,'Mashael','+966542490002','misho767@gmail.com','مهتم بشراء الوحدة رقم 103 بمشروع رقم 128',NULL,0,'2025-06-15 15:03:41','2025-06-15 15:03:41'),
(168,55,1390,'ديمه السيف','+966558363633','idema16@gmail.com','مهتم بشراء الوحدة رقم 904 بمشروع رقم 132',NULL,0,'2025-06-16 09:33:36','2025-06-16 09:33:36'),
(169,55,1078,'نايف العنزي ','+966505281314','Surgeon_n@hotmail.com','مهتم بشراء الوحدة رقم 132 بمشروع رقم 132',NULL,0,'2025-06-16 12:23:38','2025-06-16 12:23:38'),
(170,55,1103,'Naif abdullah','+966505281314','Dr.naifalenazi@gmail.com','مهتم بشراء الوحدة رقم 331 بمشروع رقم 132',NULL,0,'2025-06-16 12:27:39','2025-06-16 12:27:39'),
(171,55,1112,'Reem Alharbi','+966555560028','reemalharbi22@gmail.com','مهتم بشراء الوحدة رقم 413 بمشروع رقم 132',NULL,0,'2025-06-16 12:53:07','2025-06-16 12:53:07'),
(172,55,1134,'Reem Alharbi','+966555560028','reemalharbi22@gmail.com','مهتم بشراء الوحدة رقم 522 بمشروع رقم 132',NULL,0,'2025-06-16 12:54:34','2025-06-16 12:54:34'),
(173,55,1083,'غازي الصبحي','+966544400006','gh.alsubhi@gmail.com','مهتم بشراء الوحدة رقم 211 بمشروع رقم 132',NULL,0,'2025-06-17 04:40:24','2025-06-17 04:40:24'),
(174,55,1134,'منيره صالح مفرح القحطاني ','+966552130471',NULL,'مهتم بشراء الوحدة رقم 522 بمشروع رقم 132',NULL,0,'2025-06-17 08:17:55','2025-06-17 08:17:55'),
(175,55,1080,'زايده عبدالعالي علي المالكي ','+966505124150',NULL,'مهتم بشراء الوحدة رقم 202 بمشروع رقم 132',NULL,0,'2025-06-17 10:54:13','2025-06-17 10:54:13'),
(176,55,1100,'زايدة عبدالعالي المالكي ','+966505124150',NULL,'مهتم بشراء الوحدة رقم 322 بمشروع رقم 132',NULL,0,'2025-06-17 11:26:10','2025-06-17 11:26:10'),
(177,55,1134,'بسمة العوفي','+966550775095',NULL,'مهتم بشراء الوحدة رقم 522 بمشروع رقم 132',NULL,0,'2025-06-18 04:58:48','2025-06-18 04:58:48'),
(178,55,1125,'ابرار عبدالمحسن بن خليف ','+966541555954','Rar.binkhleef@hotmail.com','مهتم بشراء الوحدة رقم 501 بمشروع رقم 132',NULL,0,'2025-06-18 10:11:50','2025-06-18 10:11:50'),
(179,55,1088,'Hatoon Alamri','+966551920720','hatoon08@gmail.com','Interested of Unit 222, Project No 132',NULL,0,'2025-06-20 08:55:30','2025-06-20 08:55:30'),
(180,55,1112,'Hatoon Alamri','+966551920720','hatoon08@gmail.com','Interested of Unit 413, Project No 132',NULL,0,'2025-06-20 09:00:54','2025-06-20 09:00:54'),
(181,53,854,'عصام المالكي ','+966500542442','esmalki@gmail.com','مهتم بشراء الوحدة رقم 7 بمشروع رقم 123',NULL,0,'2025-06-21 03:35:37','2025-06-21 03:35:37'),
(182,55,1390,'عمر مناور','+966531409738','omarszone@gmail.com','مهتم بشراء الوحدة رقم 904 بمشروع رقم 132',NULL,0,'2025-06-21 19:52:09','2025-06-21 19:52:09'),
(183,54,1206,'TEST','+966555765674','fahd.bawazir@alsoliman.com.sa','مهتم بشراء الوحدة رقم 104 بمشروع رقم 133',NULL,0,'2025-06-22 05:14:52','2025-06-22 05:14:52'),
(184,55,1088,'هند عبدالعزيز عبدالكريم','+966536223177','hind.a77@hotmail.com','مهتم بشراء الوحدة رقم 222 بمشروع رقم 132',NULL,0,'2025-06-22 05:35:56','2025-06-22 05:35:56'),
(185,55,1113,'هند عبدالعزيز عبدالكريم','+966536223177','hind.a77@hotmail.com','مهتم بشراء الوحدة رقم 414 بمشروع رقم 132',NULL,0,'2025-06-22 05:36:58','2025-06-22 05:36:58'),
(186,54,1340,'Test','+966555765674','fahd.bawazir@alsoliman.com.sa','مهتم بشراء الوحدة رقم 407 بمشروع رقم 133',NULL,0,'2025-06-22 08:06:41','2025-06-22 08:06:41'),
(187,55,1088,'Raghad Ismael','+966561100445','RaghadEAlessa@gmail.com','Interested of Unit 222, Project No 132',NULL,0,'2025-06-22 09:19:44','2025-06-22 09:19:44'),
(188,55,1125,'ياسر ','+966555707645','Yaaasar2013@hotmail.com','مهتم بشراء الوحدة رقم 501 بمشروع رقم 132',NULL,0,'2025-06-22 13:51:33','2025-06-22 13:51:33'),
(189,55,1392,'مشاري الغامدي','+966543377433','Ma.alghdi@gmail.com','مهتم بشراء الوحدة رقم 912 بمشروع رقم 132',NULL,0,'2025-06-23 04:20:26','2025-06-23 04:20:26'),
(190,55,1113,'زهور حسن المالكي','+966558787008','zohooory1405@gmail.com','مهتم بشراء الوحدة رقم 414 بمشروع رقم 132',NULL,0,'2025-06-23 14:34:45','2025-06-23 14:34:45'),
(191,55,1113,'زهور حسن المالكي','+966558787008','zohooory1405@gmail.com','مهتم بشراء الوحدة رقم 414 بمشروع رقم 132',NULL,0,'2025-06-23 14:35:59','2025-06-23 14:35:59'),
(192,55,1116,'زهور حسن سعيد المالكي','+966558787008','zohooory1405@gmail.com','مهتم بشراء الوحدة رقم 601 بمشروع رقم 132',NULL,0,'2025-06-23 14:37:19','2025-06-23 14:37:19'),
(193,55,1390,'Hebah','+966555103713','Hebahzayed1@gmail.com','مهتم بشراء الوحدة رقم 904 بمشروع رقم 132',NULL,0,'2025-06-25 16:45:44','2025-06-25 16:45:44'),
(194,55,1139,'Afnan Alqahtani','+966543777355','Dr.afnan_hussain@outlook.com','مهتم بشراء الوحدة رقم 711 بمشروع رقم 132',NULL,0,'2025-06-25 22:45:01','2025-06-25 22:45:01'),
(195,55,1125,'Yazi Alenezi','+966503033516','Yalenezi1417@gmail.com','مهتم بشراء الوحدة رقم 501 بمشروع رقم 132',NULL,0,'2025-06-26 06:27:04','2025-06-26 06:27:04'),
(196,55,1130,'اثير','+966553533150','Atmualanazi@gmail.com','مهتم بشراء الوحدة رقم 512 بمشروع رقم 132',NULL,0,'2025-06-26 11:01:37','2025-06-26 11:01:37'),
(197,55,1118,'Suliman','+966500652865','alal1926@hotmail.com','مهتم بشراء الوحدة رقم 603 بمشروع رقم 132',NULL,0,'2025-06-26 12:33:34','2025-06-26 12:33:34'),
(198,55,1100,'ماجد علي عباس','+966532222489','Majid.a.abbas@outlook.com','مهتم بشراء الوحدة رقم 322 بمشروع رقم 132',NULL,0,'2025-06-26 19:25:46','2025-06-26 19:25:46'),
(199,55,1118,'ماجد علي عباس','+966532222489','Majid.a.abbas@outlook.com','مهتم بشراء الوحدة رقم 603 بمشروع رقم 132',NULL,0,'2025-06-26 19:43:59','2025-06-26 19:43:59'),
(200,55,1100,'ماجد علي عباس','+966532222489','Majid.a.abbas@outlook.com','مهتم بشراء الوحدة رقم 322 بمشروع رقم 132',NULL,0,'2025-06-26 19:45:42','2025-06-26 19:45:42'),
(201,55,1142,'عبدالمجيد الرويلي','+966505831413','majid.alruwily@gmail.com','مهتم بشراء الوحدة رقم 714 بمشروع رقم 132',NULL,0,'2025-06-27 00:53:40','2025-06-27 00:53:40'),
(202,55,1139,'رنيم الغامدي','+966533803332','Raneem.salehgh@gmail.com','مهتم بشراء الوحدة رقم 711 بمشروع رقم 132',NULL,0,'2025-06-27 08:26:57','2025-06-27 08:26:57'),
(203,36,497,'سليمان محمد العمري ','+966538532780','slimana.701alamri@gmail.com','مهتم بشراء الوحدة رقم 7 بمشروع رقم 124',NULL,0,'2025-06-28 02:25:17','2025-06-28 02:25:17'),
(204,55,1130,'مرام ','+966530091996','Maq__99@hotmail.com','مهتم بشراء الوحدة رقم 512 بمشروع رقم 132',NULL,0,'2025-06-28 18:59:20','2025-06-28 18:59:20'),
(205,55,1100,'Faisal','+966569009165','Almoghair1418@gmail.com','مهتم بشراء الوحدة رقم 322 بمشروع رقم 132',NULL,0,'2025-06-29 15:50:45','2025-06-29 15:50:45'),
(206,54,1205,'مريم عبدالله ','+966533193146','sosaswd7@gmail.com','مهتم بشراء الوحدة رقم 103 بمشروع رقم 133',NULL,0,'2025-06-30 01:37:20','2025-06-30 01:37:20'),
(207,55,1088,'مريم عبدالله','+966533193146','sosaswd7@gmail.con','مهتم بشراء الوحدة رقم 222 بمشروع رقم 132',NULL,0,'2025-06-30 02:08:01','2025-06-30 02:08:01'),
(208,49,788,'مريم عبدالله','+966533193146','sosaswd7@gmail.com','مهتم بشراء الوحدة رقم 103 بمشروع رقم 128',NULL,0,'2025-06-30 02:10:57','2025-06-30 02:10:57'),
(209,55,1080,'مريم عبدالله','+966533193146','sosawd7@gmail.com','مهتم بشراء الوحدة رقم 202 بمشروع رقم 132',NULL,0,'2025-06-30 02:24:23','2025-06-30 02:24:23'),
(210,55,1062,'عبدالله السمحان ','+966506470184','Abdullahm.alsamhan@gmail.com','مهتم بشراء الوحدة رقم 103 بمشروع رقم 132',NULL,0,'2025-06-30 05:41:23','2025-06-30 05:41:23'),
(211,55,1112,'نوف البسام','+966596505258','Noufs1995@gmail.com','مهتم بشراء الوحدة رقم 413 بمشروع رقم 132',NULL,0,'2025-06-30 08:13:30','2025-06-30 08:13:30'),
(212,55,1065,'عبير سعد ','+966551294520',NULL,'مهتم بشراء الوحدة رقم 111 بمشروع رقم 132',NULL,0,'2025-07-02 06:05:57','2025-07-02 06:05:57'),
(213,55,1111,'رغد الحمد','+966597796015','ٌraghad144@hotmail.com','مهتم بشراء الوحدة رقم 412 بمشروع رقم 132',NULL,0,'2025-07-02 06:19:55','2025-07-02 06:19:55'),
(214,55,1061,'test form','+966556001212','test@Test.com','Interested of Unit 102, Project No 132',NULL,0,'2025-07-04 08:41:29','2025-07-04 08:41:29'),
(215,54,1203,'test form','+966556901212','test@test.com','Interested of Unit 101, Project No 133',NULL,0,'2025-07-04 08:42:16','2025-07-04 08:42:16'),
(216,55,1116,'سعود محمد ','+966555224822',NULL,'مهتم بشراء الوحدة رقم 601 بمشروع رقم 132',NULL,0,'2025-07-04 13:32:14','2025-07-04 13:32:14'),
(217,55,1061,'test booking','+966556001212','testbooking@gmail.com','Interested of Unit 102, Project No 132',NULL,0,'2025-07-04 14:57:40','2025-07-04 14:57:40'),
(218,55,1139,'Ali Ahmed AlRasheed','+966556300404','ali.alrasheed@gmail.com','Interested of Unit 711, Project No 132',NULL,0,'2025-07-05 08:11:44','2025-07-05 08:11:44'),
(219,55,1112,'Ali Ahmed AlRasheed','+966556300404','ali.alrasheed@gmail.com','Interested of Unit 413, Project No 132',NULL,0,'2025-07-05 08:12:55','2025-07-05 08:12:55'),
(220,55,1139,'علي البشر','+966555922599','Albisher-ali@hotmail.com','مهتم بشراء الوحدة رقم 711 بمشروع رقم 132',NULL,0,'2025-07-05 14:33:13','2025-07-05 14:33:13'),
(221,55,1116,'عفاف هادي حسن ال الهادي','+966560601106','Fanillia@hotmail.com','مهتم بشراء الوحدة رقم 601 بمشروع رقم 132',NULL,0,'2025-07-06 05:41:33','2025-07-06 05:41:33'),
(222,55,1112,'عفاف هادي حسن ال الهادي','+966560601106','Fanillia@hotmail.com','مهتم بشراء الوحدة رقم 413 بمشروع رقم 132',NULL,0,'2025-07-06 05:43:58','2025-07-06 05:43:58'),
(223,55,1390,'وعد محمد خيري','+966545532828','waadmk91@gmail.com','مهتم بشراء الوحدة رقم 904 بمشروع رقم 132',NULL,0,'2025-07-06 05:47:52','2025-07-06 05:47:52'),
(224,55,1111,'TEST','+966555765674',NULL,'مهتم بشراء الوحدة رقم 412 بمشروع رقم 132',NULL,0,'2025-07-06 05:49:15','2025-07-06 05:49:15'),
(225,55,1390,'مازن الحربي ','+966551188033','alhams0c@gmail.com','Interested of Unit 904, Project No 132',NULL,0,'2025-07-06 07:36:40','2025-07-06 07:36:40'),
(226,55,1077,'غزيل ','+966554575580','gsq5@hotmail.com','مهتم بشراء الوحدة رقم 131 بمشروع رقم 132',NULL,0,'2025-07-06 10:01:43','2025-07-06 10:01:43'),
(227,55,1091,'غزع','+966554575580','gsq5@hotmail.com','مهتم بشراء الوحدة رقم 231 بمشروع رقم 132',NULL,0,'2025-07-06 10:02:27','2025-07-06 10:02:27'),
(228,55,1390,'Maryam fahad','+966541311132','Mariam.f.enezii@hotmail.com','مهتم بشراء الوحدة رقم 904 بمشروع رقم 132',NULL,0,'2025-07-06 10:55:38','2025-07-06 10:55:38'),
(229,54,1203,'test form','+966556001212','test@test.com','Interested of Unit 101, Project No 133',NULL,0,'2025-07-06 21:58:50','2025-07-06 21:58:50'),
(230,55,1112,'Naif Altheyabi','+966548866331','nayuooof@gmail.com','Interested of Unit 413, Project No 132',NULL,0,'2025-07-07 04:46:34','2025-07-07 04:46:34'),
(231,54,1205,'New Test','+966556001212','newtest@test.com','Interested of Unit 103, Project No 133',NULL,0,'2025-07-07 08:22:22','2025-07-07 08:22:22'),
(232,55,1112,'نوف خالد','+966592916781',NULL,'مهتم بشراء الوحدة رقم 413 بمشروع رقم 132',NULL,0,'2025-07-07 13:19:57','2025-07-07 13:19:57'),
(233,55,1390,'رانيا حمود','+966559673396','Rania_1alaraifi@hotmail.com','مهتم بشراء الوحدة رقم 904 بمشروع رقم 132',NULL,0,'2025-07-07 14:49:57','2025-07-07 14:49:57'),
(234,55,1116,'رانيا حمود','+966559673396','Rania_alaraifi@hotmail.com','مهتم بشراء الوحدة رقم 601 بمشروع رقم 132',NULL,0,'2025-07-07 14:51:12','2025-07-07 14:51:12'),
(235,55,1112,'لمى','+966553115433','lamaibrahim90@hotmail.com','مهتم بشراء الوحدة رقم 413 بمشروع رقم 132',NULL,0,'2025-07-07 15:29:56','2025-07-07 15:29:56'),
(236,55,1111,'TEST','+966555765674','fahd@test.com','مهتم بشراء الوحدة رقم 412 بمشروع رقم 132',NULL,0,'2025-07-08 04:42:17','2025-07-08 04:42:17'),
(237,55,1118,'Mutaz alharthi','+966555258443','Alharthimutaz@gmail.com','Interested of Unit 603, Project No 132',NULL,0,'2025-07-08 06:24:05','2025-07-08 06:24:05'),
(238,55,1132,'Mutaz alharthi','+966555258443','Alharthimutaz@gmail.com','Interested of Unit 514, Project No 132',NULL,0,'2025-07-08 06:25:45','2025-07-08 06:25:45'),
(239,55,1112,'Najla ','+966502319990','N.andejani@hotmail.com','مهتم بشراء الوحدة رقم 413 بمشروع رقم 132',NULL,0,'2025-07-08 09:51:44','2025-07-08 09:51:44'),
(240,55,1118,'Najla andejani','+966502319990','N.andejani@hotmail.com','مهتم بشراء الوحدة رقم 603 بمشروع رقم 132',NULL,0,'2025-07-08 09:52:43','2025-07-08 09:52:43'),
(241,55,1112,'احمد محمد السعدون','+966531397560','a9y0@hotmail.com','مهتم بشراء الوحدة رقم 413 بمشروع رقم 132',NULL,0,'2025-07-09 01:14:07','2025-07-09 01:14:07'),
(242,55,1125,'الهنوف','+966583387771','Hano.s.9@hotmail.com','مهتم بشراء الوحدة رقم 501 بمشروع رقم 132',NULL,0,'2025-07-09 08:55:01','2025-07-09 08:55:01'),
(243,55,1112,'الاء عمر الحوشان','+966550277070','alaaho_82@hotmail.com','مهتم بشراء الوحدة رقم 413 بمشروع رقم 132',NULL,0,'2025-07-09 09:02:14','2025-07-09 09:02:14'),
(244,54,1209,'Yousef alghamdi','+966533100035','Y.ghamdi@outlook.com','مهتم بشراء الوحدة رقم 112 بمشروع رقم 133',NULL,0,'2025-07-10 07:04:32','2025-07-10 07:04:32'),
(245,55,1125,'هيا سعد العمري ','+966509004849',NULL,'مهتم بشراء الوحدة رقم 501 بمشروع رقم 132',NULL,0,'2025-07-10 17:37:24','2025-07-10 17:37:24'),
(246,55,1112,'الاء الغامدي ','+966554908044','Alaa.j.sabi@gmail.com','مهتم بشراء الوحدة رقم 413 بمشروع رقم 132',NULL,0,'2025-07-11 09:40:13','2025-07-11 09:40:13'),
(247,54,1209,'Anda','+966557019187','Kwater147@gmail.com','مهتم بشراء الوحدة رقم 112 بمشروع رقم 133',NULL,0,'2025-07-11 12:54:27','2025-07-11 12:54:27'),
(248,55,1112,'ABDULAZIZ ALDHUBAYB','+966544557023','Lt.Abdulaziz1991@gmail.com','مهتم بشراء الوحدة رقم 413 بمشروع رقم 132',NULL,0,'2025-07-11 13:44:59','2025-07-11 13:44:59'),
(249,55,1125,'Talal Manie','+966549964335',NULL,'Interested of Unit 501, Project No 132',NULL,0,'2025-07-12 08:05:28','2025-07-12 08:05:28'),
(250,55,1125,'تركي الرشيد','+966562122760','tmr.246@hotmail.co','مهتم بشراء الوحدة رقم 501 بمشروع رقم 132',NULL,0,'2025-07-12 08:32:14','2025-07-12 08:32:14'),
(251,55,1112,'عبدالعزيز المبارك','+966553947237','aalmubarak89@gmail.com','مهتم بشراء الوحدة رقم 413 بمشروع رقم 132',NULL,0,'2025-07-12 15:09:56','2025-07-12 15:09:56'),
(252,36,497,'عبدالله بن مهدي','+966506879696',NULL,'مهتم بشراء الوحدة رقم 7 بمشروع رقم 124',NULL,0,'2025-07-13 05:48:14','2025-07-13 05:48:14'),
(253,54,1203,'TEST','+966656565656',NULL,'مهتم بشراء الوحدة رقم 101 بمشروع رقم 133',NULL,0,'2025-07-13 09:49:51','2025-07-13 09:49:51'),
(254,55,1061,'test form','+966234092834','testa@gmail.com','مهتم بشراء الوحدة رقم 102 بمشروع رقم 132',NULL,0,'2025-07-14 04:52:25','2025-07-14 04:52:25'),
(255,55,1111,'Majed Alhagbani','+966566407570','Majed.alhagbani@gmail.com','Interested of Unit 412, Project No 132',NULL,0,'2025-07-14 04:53:44','2025-07-14 04:53:44'),
(256,55,1125,'محمد الشعلان ','+966560420301','Mss1wm@gmail.com','مهتم بشراء الوحدة رقم 501 بمشروع رقم 132',NULL,0,'2025-07-14 08:03:59','2025-07-14 08:03:59'),
(257,55,1125,'رجاوي سقا ','+966567788252','rj.sagga@gmail.com','مهتم بشراء الوحدة رقم 501 بمشروع رقم 132',NULL,0,'2025-07-14 10:57:14','2025-07-14 10:57:14'),
(258,55,1112,'باسم عبدالعزيز ','+966504131210','Pl.basem2009@gmail.com','مهتم بشراء الوحدة رقم 413 بمشروع رقم 132',NULL,0,'2025-07-14 12:34:50','2025-07-14 12:34:50'),
(259,36,497,'Mouad','+966533626722',NULL,'مهتم بشراء الوحدة رقم 7 بمشروع رقم 124',NULL,0,'2025-07-14 19:51:40','2025-07-14 19:51:40'),
(260,55,1111,'عبدالله السكران','+966552678363','Abdullahhalsakran@gmail.com','مهتم بشراء الوحدة رقم 412 بمشروع رقم 132',NULL,0,'2025-07-15 05:24:41','2025-07-15 05:24:41'),
(261,55,1125,'زها محمد','+966567063370','ZahaDan14@gmail.com','مهتم بشراء الوحدة رقم 501 بمشروع رقم 132',NULL,0,'2025-07-15 11:06:41','2025-07-15 11:06:41'),
(262,55,1125,'موزة حماد','+966531233975','Nora109406@gmail.com','مهتم بشراء الوحدة رقم 501 بمشروع رقم 132',NULL,0,'2025-07-15 13:00:28','2025-07-15 13:00:28'),
(263,23,408,'مرام ال دويس','+966507480146','Iiixxiii1999@gmail.com','مهتم بشراء الوحدة رقم 13 بمشروع رقم 118',NULL,0,'2025-07-15 17:57:25','2025-07-15 17:57:25'),
(264,55,1125,'Ghadah alateik','+966557922193','Theghadahjaber@gmail.com','مهتم بشراء الوحدة رقم 501 بمشروع رقم 132',NULL,0,'2025-07-16 17:13:53','2025-07-16 17:13:53'),
(265,55,1125,'عادل','+966555545850',NULL,'مهتم بشراء الوحدة رقم 501 بمشروع رقم 132',NULL,0,'2025-07-17 18:18:23','2025-07-17 18:18:23'),
(266,55,1125,'ابراهيم عمير','+966555442920','zahadan14@gmail.com','مهتم بشراء الوحدة رقم 501 بمشروع رقم 132',NULL,0,'2025-07-18 19:16:26','2025-07-18 19:16:26'),
(267,49,972,'عبدالله أنس حسن الخويلدي','+966533222051','abl.ip6@gmail.com','مهتم بشراء الوحدة رقم 316 بمشروع رقم 128',NULL,0,'2025-07-19 09:42:03','2025-07-19 09:42:03'),
(268,54,1207,'سعيد','+966541123422','abubasil1440@hotmail.com','مهتم بشراء الوحدة رقم 105 بمشروع رقم 133',NULL,0,'2025-07-19 15:58:04','2025-07-19 15:58:04'),
(269,55,1125,'ali alsaleh','+966554930090',NULL,'Interested of Unit 501, Project No 132',NULL,0,'2025-07-20 10:18:41','2025-07-20 10:18:41'),
(270,55,1125,'Hamad','+966563622888','albati.h@gmail.com','Interested of Unit 501, Project No 132',NULL,0,'2025-07-20 11:08:21','2025-07-20 11:08:21'),
(271,49,958,'عبدالله القحطاني ','+966554475574','afaaalqahtani@gmail.com','مهتم بشراء الوحدة رقم 232 بمشروع رقم 128',NULL,0,'2025-07-21 15:18:09','2025-07-21 15:18:09'),
(272,55,1066,'ايللف الشمري','+966564880729','ثمشبشمساشةةشقه6@لةشهمزؤخة','مهتم بشراء الوحدة رقم 112 بمشروع رقم 132',NULL,0,'2025-07-21 16:48:13','2025-07-21 16:48:13'),
(273,55,1068,'عبدالعزيز الغفيلي','+966555133914',NULL,'مهتم بشراء الوحدة رقم 114 بمشروع رقم 132',NULL,0,'2025-07-21 20:38:45','2025-07-21 20:38:45'),
(274,45,755,'Amal','+966540550881','Amal.hzazi9@gmail.com','مهتم بشراء الوحدة رقم 121 بمشروع رقم 127',NULL,0,'2025-07-22 08:52:59','2025-07-22 08:52:59'),
(275,16,268,'Nadia alhejaily ','+966538943088','Moh.s.arabm@gmail.com','مهتم بشراء الوحدة رقم 9 بمشروع رقم 115',NULL,0,'2025-07-22 13:53:07','2025-07-22 13:53:07'),
(276,55,1082,'فيصل ابراهيم العبدالجبار','+966555213379',NULL,'مهتم بشراء الوحدة رقم 204 بمشروع رقم 132',NULL,0,'2025-07-23 07:23:00','2025-07-23 07:23:00'),
(277,55,1112,'Murat ERBAS','+966509614344','MuratErbas@istanbulteknik.com','Interested of Unit 413, Project No 132',NULL,0,'2025-07-24 10:04:26','2025-07-24 10:04:26'),
(278,36,497,'نوف ','+966564894750',NULL,'مهتم بشراء الوحدة رقم 7 بمشروع رقم 124',NULL,0,'2025-07-24 10:55:40','2025-07-24 10:55:40'),
(279,55,1112,'اية بدر','+966500972955','aya.badr.98@gmail.com','مهتم بشراء الوحدة رقم 413 بمشروع رقم 132',NULL,0,'2025-07-25 07:13:34','2025-07-25 07:13:34'),
(280,55,1082,'اية بدر','+966500972955','aya.badr.98@gmail.com','مهتم بشراء الوحدة رقم 204 بمشروع رقم 132',NULL,0,'2025-07-25 07:15:08','2025-07-25 07:15:08'),
(281,55,1118,'نايف بوعائشة ','+966504909757','e.nayef13@gmail.com','مهتم بشراء الوحدة رقم 603 بمشروع رقم 132',NULL,0,'2025-07-25 12:03:56','2025-07-25 12:03:56'),
(282,55,1077,'Abdullah BinSaeed','+966566625623',NULL,'مهتم بشراء الوحدة رقم 131 بمشروع رقم 132',NULL,0,'2025-07-26 07:01:24','2025-07-26 07:01:24'),
(283,55,1091,'Abdullah BinSaeed','+966566625623',NULL,'مهتم بشراء الوحدة رقم 231 بمشروع رقم 132',NULL,0,'2025-07-26 07:02:18','2025-07-26 07:02:18'),
(284,55,1100,'مرام الجهني','+966566010081',NULL,'مهتم بشراء الوحدة رقم 322 بمشروع رقم 132',NULL,0,'2025-07-26 07:03:03','2025-07-26 07:03:03'),
(285,55,1080,'مرام الجهني','+966566010081',NULL,'مهتم بشراء الوحدة رقم 202 بمشروع رقم 132',NULL,0,'2025-07-26 07:04:13','2025-07-26 07:04:13'),
(286,55,1118,'ساره العوده','+966546022888',NULL,'مهتم بشراء الوحدة رقم 603 بمشروع رقم 132',NULL,0,'2025-07-26 11:30:05','2025-07-26 11:30:05'),
(287,55,1068,'ساره العوده ','+966546022888',NULL,'مهتم بشراء الوحدة رقم 114 بمشروع رقم 132',NULL,0,'2025-07-26 11:31:43','2025-07-26 11:31:43'),
(288,55,1112,'احمد العمر','+966552323069','Iahmad1290@gmail.com','مهتم بشراء الوحدة رقم 413 بمشروع رقم 132',NULL,0,'2025-07-27 06:10:10','2025-07-27 06:10:10'),
(289,55,1068,'Shaykhah Alsulaiman ','+966552232033','Sh.s.Alsulaiman@gmail.com','مهتم بشراء الوحدة رقم 114 بمشروع رقم 132',NULL,0,'2025-07-27 08:01:36','2025-07-27 08:01:36'),
(290,55,1112,'Wail Bafail','+966565606034','w.bafail@gmail.com','Interested of Unit 413, Project No 132',NULL,0,'2025-07-27 10:06:11','2025-07-27 10:06:11'),
(291,55,1112,'Khlood Faried','+966570043916','Khlood.faried@hotmail.com','مهتم بشراء الوحدة رقم 413 بمشروع رقم 132',NULL,0,'2025-07-27 10:34:31','2025-07-27 10:34:31'),
(292,55,1082,'امجاد','+966504250222','Joody1190@gmail.com','مهتم بشراء الوحدة رقم 204 بمشروع رقم 132',NULL,0,'2025-07-27 10:35:50','2025-07-27 10:35:50'),
(293,23,408,'عبدالله الموس','+966549713141','Abdull.fahad0@gmail.com','مهتم بشراء الوحدة رقم 13 بمشروع رقم 118',NULL,0,'2025-07-28 05:43:10','2025-07-28 05:43:10'),
(294,55,1112,'موضي العيسى','+966500290909','Moudhi1991@gmail.com','مهتم بشراء الوحدة رقم 413 بمشروع رقم 132',NULL,0,'2025-07-28 10:54:42','2025-07-28 10:54:42'),
(295,55,1112,'محمد القعود ','+966503533354',NULL,'مهتم بشراء الوحدة رقم 413 بمشروع رقم 132',NULL,0,'2025-07-28 11:59:27','2025-07-28 11:59:27'),
(296,55,1112,'Najwan Albarakati ','+966556140779','Naajwan@gmail.com','مهتم بشراء الوحدة رقم 413 بمشروع رقم 132',NULL,0,'2025-07-28 17:14:57','2025-07-28 17:14:57'),
(297,55,1082,'انفال محمد','+966550233273',NULL,'مهتم بشراء الوحدة رقم 204 بمشروع رقم 132',NULL,0,'2025-07-29 09:05:52','2025-07-29 09:05:52'),
(298,55,1386,'Majed ','+966580703363','Mhalmadaj1@gmIl.com','Interested of Unit 822, Project No 132',NULL,0,'2025-07-29 18:55:24','2025-07-29 18:55:24'),
(299,55,1082,'جلال الحويطي ','+966563114644','Gelo9090@hotmail.com','مهتم بشراء الوحدة رقم 204 بمشروع رقم 132',NULL,0,'2025-07-29 18:56:05','2025-07-29 18:56:05'),
(300,55,1082,'محمد السالم ','+966553188085','Nonjuod11@gmail.com','مهتم بشراء الوحدة رقم 204 بمشروع رقم 132',NULL,0,'2025-07-30 12:43:09','2025-07-30 12:43:09'),
(301,55,1092,'محمد السالم ','+966553188085','Nonjuod11@gmail.com','مهتم بشراء الوحدة رقم 232 بمشروع رقم 132',NULL,0,'2025-07-30 12:46:15','2025-07-30 12:46:15'),
(302,55,1112,'هاني غميص السفياني','+966508115597',NULL,'مهتم بشراء الوحدة رقم 413 بمشروع رقم 132',NULL,0,'2025-07-31 03:35:11','2025-07-31 03:35:11'),
(303,55,1082,'شموخ تركي العتيبث','+966551055811','Shmokht@hotmail.com','مهتم بشراء الوحدة رقم 204 بمشروع رقم 132',NULL,0,'2025-07-31 07:36:42','2025-07-31 07:36:42'),
(304,55,1068,'Shmokh alotaibi','+966551055811','Shmokht@hotmail.com','مهتم بشراء الوحدة رقم 114 بمشروع رقم 132',NULL,0,'2025-07-31 07:38:03','2025-07-31 07:38:03'),
(305,55,1112,'Qamar Aftab','+966567897957','qamarcfa@gmail.com','مهتم بشراء الوحدة رقم 413 بمشروع رقم 132',NULL,0,'2025-07-31 13:02:08','2025-07-31 13:02:08'),
(306,55,1079,'رهف المشيطي','+966541260212','rahafalmushiti@gmail.com','مهتم بشراء الوحدة رقم 201 بمشروع رقم 132',NULL,0,'2025-08-01 07:11:33','2025-08-01 07:11:33'),
(307,55,1112,'ايمان','+966533407380',NULL,'مهتم بشراء الوحدة رقم 413 بمشروع رقم 132',NULL,0,'2025-08-01 07:23:53','2025-08-01 07:23:53'),
(308,55,1079,'راشد التميمي','+966557747555','Rashed.T.1989@gmail.com','مهتم بشراء الوحدة رقم 201 بمشروع رقم 132',NULL,0,'2025-08-01 07:47:57','2025-08-01 07:47:57'),
(309,55,1079,'راشد التميمي','+966557747555','Rashed.T.1989@gmail.com','مهتم بشراء الوحدة رقم 201 بمشروع رقم 132',NULL,0,'2025-08-01 08:21:49','2025-08-01 08:21:49'),
(310,55,1079,'صالح الخميس','+966507297001','sale7khamees@gmail.com','مهتم بشراء الوحدة رقم 201 بمشروع رقم 132',NULL,0,'2025-08-01 12:00:38','2025-08-01 12:00:38'),
(311,55,1098,'Shmok alotaibi ','+966551055811','Shmokht@hotmail.com','مهتم بشراء الوحدة رقم 314 بمشروع رقم 132',NULL,0,'2025-08-01 12:08:58','2025-08-01 12:08:58'),
(312,55,1112,'فهد ابراهيم ','+966540701737',NULL,'مهتم بشراء الوحدة رقم 413 بمشروع رقم 132',NULL,0,'2025-08-01 15:44:55','2025-08-01 15:44:55'),
(313,55,1079,'أحمد الحمْد ','+966562277339',NULL,'مهتم بشراء الوحدة رقم 201 بمشروع رقم 132',NULL,0,'2025-08-02 06:00:07','2025-08-02 06:00:07'),
(314,55,1112,'ريم ناصر ','+966501001504','venus_300@hotmail.com','مهتم بشراء الوحدة رقم 413 بمشروع رقم 132',NULL,0,'2025-08-02 10:29:48','2025-08-02 10:29:48'),
(315,55,1112,'مسلم','+966537049762','Salom20014@hotmail.com','مهتم بشراء الوحدة رقم 413 بمشروع رقم 132',NULL,0,'2025-08-02 10:43:53','2025-08-02 10:43:53'),
(316,23,408,'نايف علي الزهراني','+966544407898','naifalzahrani913@gmail.com','مهتم بشراء الوحدة رقم 13 بمشروع رقم 118',NULL,0,'2025-08-03 04:22:16','2025-08-03 04:22:16'),
(317,55,1134,'سلمان الحمد','+966505778768','S2.h@hotmail.com','مهتم بشراء الوحدة رقم 522 بمشروع رقم 132',NULL,0,'2025-08-03 11:50:49','2025-08-03 11:50:49'),
(318,51,1022,'محمد سهيل الشهري','+966549557742','mmalshhehri23@gmail.com','مهتم بشراء الوحدة رقم 227 بمشروع رقم 134',NULL,0,'2025-08-03 17:24:29','2025-08-03 17:24:29'),
(319,55,1098,'Hajar ','+966552891749','s14s14s11@hotmail.com','مهتم بشراء الوحدة رقم 314 بمشروع رقم 132',NULL,0,'2025-08-05 14:03:29','2025-08-05 14:03:29'),
(320,55,1135,'Hajar ','+966552891749','s14s14s11@hotmail.com','مهتم بشراء الوحدة رقم 701 بمشروع رقم 132',NULL,0,'2025-08-05 14:05:12','2025-08-05 14:05:12'),
(321,55,1061,'Hajar ','+966552891749','s14s14s11@hotmail.com','مهتم بشراء الوحدة رقم 102 بمشروع رقم 132',NULL,0,'2025-08-05 14:07:41','2025-08-05 14:07:41'),
(322,55,1136,'Hajar ','+966552891749','s14s14s11@hotmail.com','مهتم بشراء الوحدة رقم 702 بمشروع رقم 132',NULL,0,'2025-08-05 14:11:19','2025-08-05 14:11:19'),
(323,43,690,'خالد الشماسي','+966505522613','alshamasikhalid@yahoo.com','مهتم بشراء الوحدة رقم 213 بمشروع رقم 125',NULL,0,'2025-08-06 17:04:28','2025-08-06 17:04:28'),
(324,55,1098,'عبدالله بن عبدالكريم حمد','+966580646935','Abdullahhamad667@gmail.com','مهتم بشراء الوحدة رقم 314 بمشروع رقم 132',NULL,0,'2025-08-07 04:30:30','2025-08-07 04:30:30'),
(325,55,1112,'بدر سليمان','+966505103655','bsnt0024@yahoo.com','مهتم بشراء الوحدة رقم 413 بمشروع رقم 132',NULL,0,'2025-08-07 05:40:23','2025-08-07 05:40:23'),
(326,55,1112,'عمر عبدالعزيز','+966555940545','Asome.2020@icloud.com','مهتم بشراء الوحدة رقم 413 بمشروع رقم 132',NULL,0,'2025-08-07 10:34:11','2025-08-07 10:34:11'),
(327,55,1112,'عبدالمنعم الحياني ','+966505688864','Hayani30@hotmail.com','مهتم بشراء الوحدة رقم 413 بمشروع رقم 132',NULL,0,'2025-08-07 13:57:35','2025-08-07 13:57:35'),
(328,36,497,'عبدالرحمن ناجع محمد جابري','+966502569026','','مهتم بشراء الوحدة رقم 7 بمشروع رقم 124',NULL,0,'2025-08-08 04:10:50','2025-08-08 04:10:50'),
(329,23,408,'عبدالرحمن الجابري','+966502569026',NULL,'مهتم بشراء الوحدة رقم 13 بمشروع رقم 118',NULL,0,'2025-08-08 05:24:33','2025-08-08 05:24:33'),
(330,54,1228,'مالك ','+966555096412',NULL,'مهتم بشراء الوحدة رقم 142 بمشروع رقم 133',NULL,0,'2025-08-09 04:17:12','2025-08-09 04:17:12'),
(331,55,1108,'Turkinasser','+966540550805','Turkialojayan@gmail.com','مهتم بشراء الوحدة رقم 403 بمشروع رقم 132',NULL,0,'2025-08-09 04:25:09','2025-08-09 04:25:09'),
(332,45,753,'فهد عبدالله ابراهيم الدوسري ','+966569497792','Fhda97792@gmail.com','مهتم بشراء الوحدة رقم 113 بمشروع رقم 127',NULL,0,'2025-08-09 21:58:37','2025-08-09 21:58:37'),
(333,55,1142,'Bandar Alhelali','+966543136665','i.am.bandar@gmail.com','مهتم بشراء الوحدة رقم 714 بمشروع رقم 132',NULL,0,'2025-08-10 08:32:54','2025-08-10 08:32:54'),
(334,23,408,'عبدالله عداوي ','+966591422007','adawiabdullah@gmail.com','مهتم بشراء الوحدة رقم 13 بمشروع رقم 118',NULL,0,'2025-08-10 09:05:20','2025-08-10 09:05:20'),
(335,55,1112,'جمال كتبي','+966569121691','Jamalkutbi@gmail.com','مهتم بشراء الوحدة رقم 413 بمشروع رقم 132',NULL,0,'2025-08-10 14:44:36','2025-08-10 14:44:36'),
(336,55,1112,'احمد الغامدي','+966534039388','Ahmed.almaqbool95@gmail.com','Interested of Unit 413, Project No 132',NULL,0,'2025-08-11 17:54:49','2025-08-11 17:54:49'),
(337,36,497,'Jaber Okayri','+966537377789','Jokayri16@gmail.com','مهتم بشراء الوحدة رقم 7 بمشروع رقم 124',NULL,0,'2025-08-13 07:28:11','2025-08-13 07:28:11'),
(338,55,1112,'ضحى ','+966555854802','Saad352@hotmail.com','مهتم بشراء الوحدة رقم 413 بمشروع رقم 132',NULL,0,'2025-08-14 09:17:22','2025-08-14 09:17:22'),
(339,55,1112,'عبدالله بن صالح المحمود ','+966550005400',NULL,'مهتم بشراء الوحدة رقم 413 بمشروع رقم 132',NULL,0,'2025-08-14 09:36:35','2025-08-14 09:36:35'),
(340,55,1112,'الجوهرة منصور القحطاني ','+966597312113','Jw12-12@hotmail.com','مهتم بشراء الوحدة رقم 413 بمشروع رقم 132',NULL,0,'2025-08-14 11:26:34','2025-08-14 11:26:34'),
(341,55,1092,'الجوهرة','+966597312113','Jw12-12@hotmail.com','مهتم بشراء الوحدة رقم 232 بمشروع رقم 132',NULL,0,'2025-08-14 11:30:01','2025-08-14 11:30:01'),
(342,45,762,'عبدالله عبدالعزيز الدوسري ','+966548450050','ollf1409@hotmail.com','مهتم بشراء الوحدة رقم 211 بمشروع رقم 127',NULL,0,'2025-08-14 17:52:41','2025-08-14 17:52:41'),
(343,55,1112,'سلطان الخميس','+966544256898','s.alssr7ani@hotmail.com','Interested of Unit 413, Project No 132',NULL,0,'2025-08-15 09:16:37','2025-08-15 09:16:37'),
(344,55,1112,'Abbas Sabir','+966568098498','abbassabir@gmail.com','Interested of Unit 413, Project No 132',NULL,0,'2025-08-17 08:29:41','2025-08-17 08:29:41'),
(345,36,497,'وضحى','+966558499852','Walmalki@ksu.edu.sa','مهتم بشراء الوحدة رقم 7 بمشروع رقم 124',NULL,0,'2025-08-17 11:16:02','2025-08-17 11:16:02'),
(346,55,1112,'رزان القرني ','+966508658519','rtalqarni0@gmail.com','مهتم بشراء الوحدة رقم 413 بمشروع رقم 132',NULL,0,'2025-08-20 14:48:32','2025-08-20 14:48:32'),
(347,55,1061,'شوق سعد المسعر','+966545772642','Shougmasaar@gmail.com','مهتم بشراء الوحدة رقم 102 بمشروع رقم 132',NULL,0,'2025-08-21 09:30:36','2025-08-21 09:30:36'),
(348,55,1066,'شوق سعد المسعر','+966545772642','Shougmasaar@gmail.com','مهتم بشراء الوحدة رقم 112 بمشروع رقم 132',NULL,0,'2025-08-21 09:33:25','2025-08-21 09:33:25'),
(349,55,1112,'ميعاد حمد','+966555073442',NULL,'مهتم بشراء الوحدة رقم 413 بمشروع رقم 132',NULL,0,'2025-08-21 18:06:56','2025-08-21 18:06:56'),
(350,55,1112,'أحمد التخيفي','+966545109999','a-m-t1992@hotmail.com','مهتم بشراء الوحدة رقم 413 بمشروع رقم 132',NULL,0,'2025-08-22 16:07:35','2025-08-22 16:07:35'),
(351,55,1112,'شروق الاحمدي','+966544767816',NULL,'مهتم بشراء الوحدة رقم 413 بمشروع رقم 132',NULL,0,'2025-08-23 10:28:07','2025-08-23 10:28:07'),
(352,54,1206,'Najla alsahli','+966563444164','Najla3bdullah@hotmail.com','مهتم بشراء الوحدة رقم 104 بمشروع رقم 133',NULL,0,'2025-08-23 11:12:02','2025-08-23 11:12:02'),
(353,55,1112,'Nour','+966544193244',NULL,'مهتم بشراء الوحدة رقم 413 بمشروع رقم 132',NULL,0,'2025-08-23 14:42:09','2025-08-23 14:42:09'),
(354,55,1142,'Rami','+966563501981',NULL,'مهتم بشراء الوحدة رقم 714 بمشروع رقم 132',NULL,0,'2025-08-23 14:45:44','2025-08-23 14:45:44'),
(355,51,1023,'عبدالمحسن العامر','+966558080454','mohsen.alamer@gmail.com','مهتم بشراء الوحدة رقم 231 بمشروع رقم 134',NULL,0,'2025-08-23 16:39:39','2025-08-23 16:39:39'),
(356,55,1112,'عبدالله','+966508951762',NULL,'Interested of Unit 413, Project No 132',NULL,0,'2025-08-23 17:11:03','2025-08-23 17:11:03'),
(357,55,1068,'عبدالمحسن فهد العامر','+966558080454','mohsen.alamer@gmail.com','مهتم بشراء الوحدة رقم 114 بمشروع رقم 132',NULL,0,'2025-08-23 18:01:00','2025-08-23 18:01:00'),
(358,55,1112,'عبدالرحمن العنقري ','+966500316664','Alangary2002@gmail.com','مهتم بشراء الوحدة رقم 413 بمشروع رقم 132',NULL,0,'2025-08-23 20:21:33','2025-08-23 20:21:33'),
(359,23,408,'ملاك حلواني ','+966541473000','M.halawani87@gmail.com','مهتم بشراء الوحدة رقم 13 بمشروع رقم 118',NULL,0,'2025-08-23 22:34:22','2025-08-23 22:34:22'),
(360,55,1112,'عبدالله العتيبي ','+966556263339','Alwafi60060@gmail.com','مهتم بشراء الوحدة رقم 413 بمشروع رقم 132',NULL,0,'2025-08-26 11:06:46','2025-08-26 11:06:46'),
(361,55,1112,'عصام بافرج','+966544378124',NULL,'Interested of Unit 413, Project No 132',NULL,0,'2025-08-26 16:08:42','2025-08-26 16:08:42'),
(362,55,1112,'مشاري الشلهوب ','+966551117911',NULL,'مهتم بشراء الوحدة رقم 413 بمشروع رقم 132',NULL,0,'2025-08-26 18:14:27','2025-08-26 18:14:27'),
(363,55,1112,'Malak Halawani','+966541473000','M.halawani87@gmail.com','مهتم بشراء الوحدة رقم 413 بمشروع رقم 132',NULL,0,'2025-08-27 08:36:13','2025-08-27 08:36:13'),
(364,55,1108,'ريما صالح العيد','+966533503901','Reemaaleid19@gmail.com','مهتم بشراء الوحدة رقم 403 بمشروع رقم 132',NULL,0,'2025-08-27 11:36:04','2025-08-27 11:36:04'),
(365,53,855,'ندى قباني','+966567673999',NULL,'مهتم بشراء الوحدة رقم 8 بمشروع رقم 123',NULL,0,'2025-08-27 18:42:39','2025-08-27 18:42:39'),
(366,43,819,'محمد الفايز','+966568691681','eng.alfayez86@gmail.com','مهتم بشراء الوحدة رقم 331 بمشروع رقم 125',NULL,0,'2025-08-28 10:09:06','2025-08-28 10:09:06'),
(367,53,854,'محمد الفايز','+966568691681','eng.alfayez86@gmail.com','مهتم بشراء الوحدة رقم 7 بمشروع رقم 123',NULL,0,'2025-08-28 10:10:34','2025-08-28 10:10:34'),
(368,55,1112,'عبدالله المفدى','+966540330505','a.almufadda@gmail.com','مهتم بشراء الوحدة رقم 413 بمشروع رقم 132',NULL,0,'2025-08-29 10:20:14','2025-08-29 10:20:14'),
(369,55,1112,'أبوعبدالله ','+966506255869',NULL,'مهتم بشراء الوحدة رقم 413 بمشروع رقم 132',NULL,0,'2025-08-29 13:25:33','2025-08-29 13:25:33'),
(370,55,1112,'نوره ','+966540789194',NULL,'مهتم بشراء الوحدة رقم 413 بمشروع رقم 132',NULL,0,'2025-08-29 15:56:14','2025-08-29 15:56:14'),
(371,55,1112,'عبدالله العمرو ','+966555543200','alamro.abdullah@gmail.com','مهتم بشراء الوحدة رقم 413 بمشروع رقم 132',NULL,0,'2025-08-29 21:59:06','2025-08-29 21:59:06'),
(372,55,1112,'Mohammed alshehri','+966530900004','m-shafi99@hotmail.com','مهتم بشراء الوحدة رقم 413 بمشروع رقم 132',NULL,0,'2025-08-30 20:34:48','2025-08-30 20:34:48'),
(373,55,1112,'يزيد الجريس','+966566800563','yazeed-aljurais@hotmail.com','مهتم بشراء الوحدة رقم 413 بمشروع رقم 132',NULL,0,'2025-08-30 22:35:05','2025-08-30 22:35:05'),
(374,36,497,'محمد فهد ','+966534244355',NULL,'مهتم بشراء الوحدة رقم 7 بمشروع رقم 124',NULL,0,'2025-08-30 23:16:31','2025-08-30 23:16:31'),
(375,55,1112,'سلمان','+966501201050',NULL,'مهتم بشراء الوحدة رقم 413 بمشروع رقم 132',NULL,0,'2025-08-31 07:33:07','2025-08-31 07:33:07'),
(376,55,1112,'سمير','+966595550063','hi@samirjammal.com','مهتم بشراء الوحدة رقم 413 بمشروع رقم 132',NULL,0,'2025-08-31 07:34:08','2025-08-31 07:34:08'),
(377,55,1112,'ياسر','+966595550063','YASSER@KATHIB.COM.SA','مهتم بشراء الوحدة رقم 413 بمشروع رقم 132',NULL,0,'2025-08-31 07:34:48','2025-08-31 07:34:48'),
(378,55,1112,'هيثم ابومنصور','+966505356178','habumansoor@gmail.com','Interested of Unit 413, Project No 132',NULL,0,'2025-08-31 21:30:56','2025-08-31 21:30:56'),
(379,23,408,'عبدالسلام راشد ال عبدالسلام ','+966557555206','i9z@hotmail.es','مهتم بشراء الوحدة رقم 13 بمشروع رقم 118',NULL,0,'2025-08-31 23:56:59','2025-08-31 23:56:59'),
(380,55,1112,'Rym badreddine','+966504667180','Ryma_zouari@hotmail.fr','مهتم بشراء الوحدة رقم 413 بمشروع رقم 132',NULL,0,'2025-09-01 07:52:13','2025-09-01 07:52:13'),
(381,55,1068,'فرح ابو فرحه ','+966059545895','Farah554444@gmail.com','مهتم بشراء الوحدة رقم 114 بمشروع رقم 132',NULL,0,'2025-09-01 09:42:00','2025-09-01 09:42:00'),
(382,55,1112,'سامي ابو فرحه ','+966059991266','Farah554444@gmail.com','مهتم بشراء الوحدة رقم 413 بمشروع رقم 132',NULL,0,'2025-09-01 09:44:16','2025-09-01 09:44:16'),
(383,54,1207,'عبدالعزيز عبدالله الرشيد ','+966559222629',NULL,'مهتم بشراء الوحدة رقم 105 بمشروع رقم 133',NULL,0,'2025-09-02 17:26:30','2025-09-02 17:26:30'),
(384,2,480,'عبدالرحمن الجابري ','+966593514477','aams133@hotmail.com','مهتم بشراء الوحدة رقم 224 بمشروع رقم 126',NULL,0,'2025-09-02 18:21:47','2025-09-02 18:21:47'),
(385,54,1206,'اسماء الشمري ','+966583770792','alomarasma113@gmail.con','مهتم بشراء الوحدة رقم 104 بمشروع رقم 133',NULL,0,'2025-09-02 22:28:47','2025-09-02 22:28:47'),
(386,55,1108,'Asma alomar','+966583770792','alomarasma113@gmail.com','مهتم بشراء الوحدة رقم 403 بمشروع رقم 132',NULL,0,'2025-09-02 22:36:38','2025-09-02 22:36:38'),
(387,54,1371,'Arwa Damanhori','+966563129122','arwa.damanhori@gmail.com','مهتم بشراء الوحدة رقم 442 بمشروع رقم 133',NULL,0,'2025-09-03 08:41:18','2025-09-03 08:41:18'),
(388,55,1112,'دينا سعود','+966566489225','dsammb7@gmail.com','مهتم بشراء الوحدة رقم 413 بمشروع رقم 132',NULL,0,'2025-09-03 12:40:17','2025-09-03 12:40:17'),
(389,55,1061,'عبدالمحسن الحمود','+966534444940','Abdulmohsenalhumud@yahoo.com','مهتم بشراء الوحدة رقم 102 بمشروع رقم 132',NULL,0,'2025-09-03 22:45:48','2025-09-03 22:45:48'),
(390,55,1390,'رزان الصحفي','+966556001810',NULL,'مهتم بشراء الوحدة رقم 904 بمشروع رقم 132',NULL,0,'2025-09-04 13:23:02','2025-09-04 13:23:02'),
(391,55,1399,'Farouq Kurdi','+966502037577','Farouqkurdi@gmail.com','مهتم بشراء الوحدة رقم 931 بمشروع رقم 132',NULL,0,'2025-09-04 16:25:36','2025-09-04 16:25:36'),
(392,55,1418,'Farouq Kurdi','+966502037577','Farouqkurdi@gmail.com','مهتم بشراء الوحدة رقم 1032 بمشروع رقم 132',NULL,0,'2025-09-04 16:27:04','2025-09-04 16:27:04'),
(393,54,1204,'ساره الجميلان','+966550135515','Sarahaljomailan@gmail.com','مهتم بشراء الوحدة رقم 102 بمشروع رقم 133',NULL,0,'2025-09-05 07:08:30','2025-09-05 07:08:30'),
(394,55,1400,'Farhan ','+966599622776','farhanghafoor@ymail.com','Interested of Unit 1001, Project No 132',NULL,0,'2025-09-05 11:58:37','2025-09-05 11:58:37'),
(395,54,1334,'تركي بن طلحة ','+966556200071','Turki.r.p.a@hotmail.com','مهتم بشراء الوحدة رقم 401 بمشروع رقم 133',NULL,0,'2025-09-06 12:29:01','2025-09-06 12:29:01'),
(396,55,1418,'هيا المليحي','+966580912220','Hnm1418@gmail.com','مهتم بشراء الوحدة رقم 1032 بمشروع رقم 132',NULL,0,'2025-09-06 15:55:58','2025-09-06 15:55:58'),
(397,55,1112,'سعيد أحمد قروان','+966555269408','saidgarwan59@gmail.cpm','مهتم بشراء الوحدة رقم 413 بمشروع رقم 132',NULL,0,'2025-09-08 02:18:36','2025-09-08 02:18:36'),
(398,55,1411,'سعيد أحمد قروان','+966555279408','saidgarwan59@gmail.com','مهتم بشراء الوحدة رقم 1021 بمشروع رقم 132',NULL,0,'2025-09-08 02:44:01','2025-09-08 02:44:01'),
(399,54,1209,'Hana Malik','+966549955847','nono@gino.com','Interested of Unit 112, Project No 133',NULL,0,'2025-09-08 15:29:15','2025-09-08 15:29:15'),
(400,54,1371,'Arwa Damanhori','+966563129122','arwa.damanhori@gmail.com','مهتم بشراء الوحدة رقم 442 بمشروع رقم 133',NULL,0,'2025-09-09 09:12:21','2025-09-09 09:12:21'),
(401,55,1413,'رزان الصحفي','+966556001810','Roooz989@hotmail.com','مهتم بشراء الوحدة رقم 1023 بمشروع رقم 132',NULL,0,'2025-09-09 09:22:19','2025-09-09 09:22:19'),
(402,55,1410,'أبو محمد','+966505621424',NULL,'مهتم بشراء الوحدة رقم 1016 بمشروع رقم 132',NULL,0,'2025-09-09 16:37:33','2025-09-09 16:37:33'),
(403,55,1391,'sarah alsomali','+966552524139','Sarah.a.alsomali@live.com','مهتم بشراء الوحدة رقم 911 بمشروع رقم 132',NULL,0,'2025-09-10 07:17:20','2025-09-10 07:17:20'),
(404,55,1401,'sarah alsomali','+966552524139','Sarah.a.alsomali@live.com','مهتم بشراء الوحدة رقم 1002 بمشروع رقم 132',NULL,0,'2025-09-10 07:18:08','2025-09-10 07:18:08'),
(405,23,408,'muhammad','+966537536347','aromals@yahoo.com','Interested of Unit 13, Project No 118',NULL,0,'2025-09-10 11:44:51','2025-09-10 11:44:51'),
(406,55,1112,'محمد الدوخي','+966055480844','n----3@hotmail.com','مهتم بشراء الوحدة رقم 413 بمشروع رقم 132',NULL,0,'2025-09-10 14:46:53','2025-09-10 14:46:53'),
(407,54,1210,'هذال بن محمد آل ظافر ','+966555226475','hathalm@gmail.com','مهتم بشراء الوحدة رقم 113 بمشروع رقم 133',NULL,0,'2025-09-10 19:34:47','2025-09-10 19:34:47'),
(408,55,1395,'Shaimaa Elhaddad','+966556825756','Shaimaa.elhaddad@gmail.com','مهتم بشراء الوحدة رقم 921 بمشروع رقم 132',NULL,0,'2025-09-11 03:20:03','2025-09-11 03:20:03'),
(409,55,1388,'عبدالعزيز فارس','+966504143717','abdullaziz.fares@gmail.com','مهتم بشراء الوحدة رقم 902 بمشروع رقم 132',NULL,0,'2025-09-11 07:42:56','2025-09-11 07:42:56'),
(410,55,1399,'عبدالرحمن الفايز','+966505288782',NULL,'مهتم بشراء الوحدة رقم 931 بمشروع رقم 132',NULL,0,'2025-09-11 11:18:30','2025-09-11 11:18:30'),
(411,55,1394,'mohammed kamel','+966543779780','m.dahshoury@techno-ways.com','مهتم بشراء الوحدة رقم 914 بمشروع رقم 132',NULL,0,'2025-09-12 16:32:45','2025-09-12 16:32:45'),
(412,55,1410,'لطيفة سعد عبدالعزيز','+966050429958',NULL,'مهتم بشراء الوحدة رقم 1016 بمشروع رقم 132',NULL,0,'2025-09-13 00:45:40','2025-09-13 00:45:40'),
(413,55,1111,'احمد فايز','+966555553573','Kalthmy@hotmail.com','مهتم بشراء الوحدة رقم 412 بمشروع رقم 132',NULL,0,'2025-09-13 05:26:44','2025-09-13 05:26:44'),
(414,55,1112,'Nada Babikir ','+966570120296','Nadaa767@gmail.com','مهتم بشراء الوحدة رقم 413 بمشروع رقم 132',NULL,0,'2025-09-14 08:51:19','2025-09-14 08:51:19'),
(415,55,1135,'راشد التميمي','+966557747555','Rashed.T.1989@gmail.com','مهتم بشراء الوحدة رقم 701 بمشروع رقم 132',NULL,0,'2025-09-15 05:19:45','2025-09-15 05:19:45'),
(416,55,1112,'محمد ربيع السلمي','+966533910724','mohammadsulami47@gmail.com','مهتم بشراء الوحدة رقم 413 بمشروع رقم 132',NULL,0,'2025-09-15 09:30:18','2025-09-15 09:30:18'),
(417,55,1111,'Massilia','+966540708561','massiliak@hotmail.co.uk','Interested of Unit 412, Project No 132',NULL,0,'2025-09-15 11:37:24','2025-09-15 11:37:24'),
(418,55,1112,'Meshal Alfawaz','+966533524943','Alfawaz-2013@hotmail.com','Interested of Unit 413, Project No 132',NULL,0,'2025-09-16 22:05:38','2025-09-16 22:05:38'),
(419,55,1135,'Meshal Alfawaz','+966533524933','Alfawaz-2013@hotmail.com','Interested of Unit 701, Project No 132',NULL,0,'2025-09-16 22:06:31','2025-09-16 22:06:31'),
(420,55,1135,'ريم عبدالعزيز المحيميد','+966581716667','Reem.3.m777@hotmail.com','مهتم بشراء الوحدة رقم 701 بمشروع رقم 132',NULL,0,'2025-09-19 13:03:27','2025-09-19 13:03:27'),
(421,55,1391,'ريانه','+966580111006',NULL,'مهتم بشراء الوحدة رقم 911 بمشروع رقم 132',NULL,0,'2025-09-19 19:26:33','2025-09-19 19:26:33'),
(422,49,788,'Fahad Test','+966555765674','fahd2hmed@gmail.com','مهتم بشراء الوحدة رقم 103 بمشروع رقم 128',NULL,0,'2025-09-21 11:02:04','2025-09-21 11:02:04'),
(423,55,1112,'Ahmed','+966545576623',NULL,'Interested of Unit 413, Project No 132',NULL,0,'2025-09-21 21:47:45','2025-09-21 21:47:45'),
(424,55,1418,'عبدالرحمن','+966505288782',NULL,'مهتم بشراء الوحدة رقم 1032 بمشروع رقم 132',NULL,0,'2025-09-22 07:51:08','2025-09-22 07:51:08'),
(425,55,1399,'عبدالرحمن','+966505288782',NULL,'مهتم بشراء الوحدة رقم 931 بمشروع رقم 132',NULL,0,'2025-09-22 07:51:27','2025-09-22 07:51:27'),
(426,53,860,'محمد بن عبدالعزيز','+966530830515','Mohammed.Akrash@hotmail.com','مهتم بشراء الوحدة رقم 13 بمشروع رقم 123',NULL,0,'2025-09-22 22:39:04','2025-09-22 22:39:04'),
(427,43,815,'ملاك ','+966502068653','malokaaa1245@gmail.com','مهتم بشراء الوحدة رقم 313 بمشروع رقم 125',NULL,0,'2025-09-23 18:37:19','2025-09-23 18:37:19'),
(428,55,1391,'Abdulhamid Dawoud','+966534407316','Abdulhamid.td.9@gmail.com','Interested of Unit 911, Project No 132',NULL,0,'2025-09-24 07:06:04','2025-09-24 07:06:04'),
(429,55,1418,'عبدالعزيز العقل','+966559783643','alaql2009@gmail.com','مهتم بشراء الوحدة رقم 1032 بمشروع رقم 132',NULL,0,'2025-09-25 01:00:40','2025-09-25 01:00:40'),
(430,53,860,'رغد','+966503646338','roro15573@gmail.com','مهتم بشراء الوحدة رقم 13 بمشروع رقم 123',NULL,0,'2025-09-26 17:48:15','2025-09-26 17:48:15'),
(431,55,1108,'ابتهال الصبيحي','+966555186662',NULL,'مهتم بشراء الوحدة رقم 403 بمشروع رقم 132',NULL,0,'2025-09-28 02:09:34','2025-09-28 02:09:34'),
(432,54,1339,'ابتهال الصبيحي','+966555186662',NULL,'مهتم بشراء الوحدة رقم 406 بمشروع رقم 133',NULL,0,'2025-09-28 02:15:45','2025-09-28 02:15:45'),
(433,55,1403,'Ahmed','+966540338761','a7medessam@hotmail.com','Interested of Unit 1004, Project No 132',NULL,0,'2025-09-29 20:31:29','2025-09-29 20:31:29'),
(434,55,1401,'اسامة المطوع','+966509778295','','مهتم بشراء الوحدة رقم 1002 بمشروع رقم 132',NULL,0,'2025-09-29 20:50:59','2025-09-29 20:50:59'),
(435,55,1413,'شهاب ','+966580800902','S@s.com','مهتم بشراء الوحدة رقم 1023 بمشروع رقم 132',NULL,0,'2025-09-29 21:01:02','2025-09-29 21:01:02'),
(436,55,1389,'اسامة المطوع','+966509778295',NULL,'مهتم بشراء الوحدة رقم 903 بمشروع رقم 132',NULL,0,'2025-09-29 21:40:48','2025-09-29 21:40:48'),
(437,55,1394,'ظبيه','+966541201054','doodi240@hotmail.com','مهتم بشراء الوحدة رقم 914 بمشروع رقم 132',NULL,0,'2025-10-01 06:35:30','2025-10-01 06:35:30'),
(438,55,1391,'Asma Alotaibi ','+966508486071','asmamuteb.96@gmail.com','مهتم بشراء الوحدة رقم 911 بمشروع رقم 132',NULL,0,'2025-10-01 16:39:14','2025-10-01 16:39:14'),
(439,55,1391,'Zubair','+966501069924',NULL,'Interested of Unit 911, Project No 132',NULL,0,'2025-10-03 13:23:56','2025-10-03 13:23:56'),
(440,55,1414,'محمد سحاري','+966551502906','mks1412@hotmail.com','مهتم بشراء الوحدة رقم 1024 بمشروع رقم 132',NULL,0,'2025-10-05 18:52:32','2025-10-05 18:52:32'),
(441,49,971,'احمد عبدالله آل عائض','+966555984509','ahmedalayed2@gmail.com','مهتم بشراء الوحدة رقم 315 بمشروع رقم 128',NULL,0,'2025-10-07 08:07:25','2025-10-07 08:07:25'),
(442,55,1391,'Asma Thabet','+966561707806','Asmathabet63@gmail.com','مهتم بشراء الوحدة رقم 911 بمشروع رقم 132',NULL,0,'2025-10-07 22:54:16','2025-10-07 22:54:16'),
(443,55,1111,'عبدالله الحربي','+966500499144','2dar24@gmail.com','مهتم بشراء الوحدة رقم 412 بمشروع رقم 132',NULL,0,'2025-10-09 19:42:46','2025-10-09 19:42:46'),
(444,55,1403,'اسامة المطوع','+966509778295',NULL,'مهتم بشراء الوحدة رقم 1004 بمشروع رقم 132',NULL,0,'2025-10-10 14:41:56','2025-10-10 14:41:56'),
(445,55,1395,'Alanoud','+966599982251','ajalbarqawi@hotmail.com','مهتم بشراء الوحدة رقم 921 بمشروع رقم 132',NULL,0,'2025-10-11 15:30:05','2025-10-11 15:30:05'),
(446,49,976,'احمد آل عائض','+966555984509','Ahmedalayed2@gmail.com','مهتم بشراء الوحدة رقم 323 بمشروع رقم 128',NULL,0,'2025-10-12 07:30:52','2025-10-12 07:30:52'),
(447,53,860,'حمد سعود الضاوي','+966552401010','Hamadaldawi7@gmail.com','مهتم بشراء الوحدة رقم 13 بمشروع رقم 123',NULL,0,'2025-10-13 07:53:02','2025-10-13 07:53:02'),
(448,55,1112,'مريم ','+966541542233',NULL,'مهتم بشراء الوحدة رقم 413 بمشروع رقم 132',NULL,0,'2025-10-13 15:52:35','2025-10-13 15:52:35'),
(449,55,1389,'فيصل بسام بوهميل','+966595538292','Fbuhmail@gmail.com','مهتم بشراء الوحدة رقم 903 بمشروع رقم 132',NULL,0,'2025-10-17 23:16:20','2025-10-17 23:16:20'),
(450,55,1391,'عمار زياد','+966543353383','Ammar0ghararah@gmail.com','مهتم بشراء الوحدة رقم 911 بمشروع رقم 132',NULL,0,'2025-10-18 13:28:36','2025-10-18 13:28:36'),
(451,55,1410,'Mohamed Abdelrahman','+966560604042','mtm_4ever@hotmail.com','Interested of Unit 1016, Project No 132',NULL,0,'2025-10-18 21:33:46','2025-10-18 21:33:46'),
(452,55,1391,'Abdullah Alasmari ','+966555484740','aaa.1400@hotmail.com','مهتم بشراء الوحدة رقم 911 بمشروع رقم 132',NULL,0,'2025-10-21 02:33:57','2025-10-21 02:33:57'),
(453,43,815,'محمد سامي الأحمد','+966540074704','M.s.ala7med@gmail.com','مهتم بشراء الوحدة رقم 313 بمشروع رقم 125',NULL,0,'2025-10-24 02:57:27','2025-10-24 02:57:27'),
(454,43,688,'محمد سامي الأحمد','+966540074704','M.s.ala7med@gmail.com','مهتم بشراء الوحدة رقم 211 بمشروع رقم 125',NULL,0,'2025-10-24 02:58:01','2025-10-24 02:58:01'),
(455,55,1410,'رانيا','+966500499962','Roonyb_588@hotmail.com','مهتم بشراء الوحدة رقم 1016 بمشروع رقم 132',NULL,0,'2025-10-24 23:38:49','2025-10-24 23:38:49'),
(456,53,860,'عبدالله ','+966541466044',NULL,'مهتم بشراء الوحدة رقم 13 بمشروع رقم 123',NULL,0,'2025-10-25 00:32:31','2025-10-25 00:32:31'),
(457,53,860,'حليمة القرني ','+966535470704',NULL,'مهتم بشراء الوحدة رقم 13 بمشروع رقم 123',NULL,0,'2025-10-26 03:00:39','2025-10-26 03:00:39'),
(458,55,1388,'فهد الدوسري ','+966564179446','Eng.fahadomar@outlook.com','مهتم بشراء الوحدة رقم 902 بمشروع رقم 132',NULL,0,'2025-10-27 18:46:54','2025-10-27 18:46:54'),
(459,55,1405,'Nada abdullah','+966543535666',NULL,'مهتم بشراء الوحدة رقم 1011 بمشروع رقم 132',NULL,0,'2025-10-28 05:31:07','2025-10-28 05:31:07'),
(460,55,1395,'فيصل','+966553040731',NULL,'مهتم بشراء الوحدة رقم 921 بمشروع رقم 132',NULL,0,'2025-10-29 07:21:04','2025-10-29 07:21:04'),
(461,55,1401,'روان ','+966599201844','Rawanalshamlan@outlook.com','مهتم بشراء الوحدة رقم 1002 بمشروع رقم 132',NULL,0,'2025-10-29 21:48:12','2025-10-29 21:48:12'),
(462,55,1405,'سليمان الشهري ','+966532450363',NULL,'مهتم بشراء الوحدة رقم 1011 بمشروع رقم 132',NULL,0,'2025-11-02 01:49:53','2025-11-02 01:49:53'),
(463,55,1405,'نسرين ','+966555591900',NULL,'مهتم بشراء الوحدة رقم 1011 بمشروع رقم 132',NULL,0,'2025-11-02 08:06:12','2025-11-02 08:06:12'),
(464,55,1401,'حسناء','+966533868287','A515_@hotmail.com','مهتم بشراء الوحدة رقم 1002 بمشروع رقم 132',NULL,0,'2025-11-04 21:36:37','2025-11-04 21:36:37'),
(465,45,754,'فيصل','+966555220092','Alfaisal.1@yahoo.com','مهتم بشراء الوحدة رقم 114 بمشروع رقم 127',NULL,0,'2025-11-10 01:41:12','2025-11-10 01:41:12'),
(466,53,860,'سارة عبدالرحمن الفارس','+966540935580',NULL,'مهتم بشراء الوحدة رقم 13 بمشروع رقم 123',NULL,0,'2025-11-10 10:03:11','2025-11-10 10:03:11'),
(467,55,1388,'فهد العتيبي','+966566175200','fahdf2010@gmail.com','مهتم بشراء الوحدة رقم 902 بمشروع رقم 132',NULL,0,'2025-11-15 00:15:12','2025-11-15 00:15:12'),
(468,55,1395,'فهد العتيبي','+966566175200','fahdf2010@gmail.com','مهتم بشراء الوحدة رقم 921 بمشروع رقم 132',NULL,0,'2025-11-15 22:25:35','2025-11-15 22:25:35'),
(469,55,1391,'سارة','+966504174716','salbayodh@gmail.com','مهتم بشراء الوحدة رقم 911 بمشروع رقم 132',NULL,0,'2025-11-19 14:43:19','2025-11-19 14:43:19'),
(470,55,1416,'عبدالعزيز بن محمد الدعيجي','+966553606644',NULL,'مهتم بشراء الوحدة رقم 1026 بمشروع رقم 132',NULL,0,'2025-11-21 07:11:39','2025-11-21 07:11:39'),
(471,55,1416,'علياء الحربي','+966567124525','Alyaalharbi3@gmail.com','مهتم بشراء الوحدة رقم 1026 بمشروع رقم 132',NULL,0,'2025-11-23 12:43:32','2025-11-23 12:43:32'),
(472,55,1416,'نوار خياط','+966510550111','nawar.khayyat@gmail.com','مهتم بشراء الوحدة رقم 1026 بمشروع رقم 132',NULL,0,'2025-11-24 07:41:14','2025-11-24 07:41:14'),
(473,55,1414,'عبدالرحمن ','+966548565100','Abdulrahman.suliman7@gmail.com','مهتم بشراء الوحدة رقم 1024 بمشروع رقم 132',NULL,0,'2025-11-24 19:40:30','2025-11-24 19:40:30'),
(474,53,860,'IBRAHIM ALI ','+966570758407','Himo67044@gmail.com','مهتم بشراء الوحدة رقم 13 بمشروع رقم 123',NULL,0,'2025-11-25 00:26:28','2025-11-25 00:26:28'),
(475,53,860,'سعود عبدالله الجنيح','+966566556157',NULL,'مهتم بشراء الوحدة رقم 13 بمشروع رقم 123',NULL,0,'2025-11-25 20:50:54','2025-11-25 20:50:54'),
(476,55,1388,'ساره ال قاسم ','+966564086533','Sara-m.q@hotmail.com','مهتم بشراء الوحدة رقم 902 بمشروع رقم 132',NULL,0,'2025-11-27 13:19:28','2025-11-27 13:19:28'),
(477,55,1391,'الجوهرة الريس ','+966543966196',NULL,'مهتم بشراء الوحدة رقم 911 بمشروع رقم 132',NULL,0,'2025-11-27 21:04:39','2025-11-27 21:04:39'),
(478,55,1391,'باسم حجار','+966540409940','engbasimoff@gmail.com','مهتم بشراء الوحدة رقم 911 بمشروع رقم 132',NULL,0,'2025-11-29 13:40:19','2025-11-29 13:40:19'),
(479,55,1388,'Mohamed galwa','+966570707358','galwa567@gmail.com','مهتم بشراء الوحدة رقم 902 بمشروع رقم 132',NULL,0,'2025-11-30 07:36:54','2025-11-30 07:36:54'),
(480,55,1391,'محمد','+966504915983',NULL,'مهتم بشراء الوحدة رقم 911 بمشروع رقم 132',NULL,0,'2025-11-30 17:40:37','2025-11-30 17:40:37'),
(481,55,1416,'Bshaier Bukhari','+966566104303','Bshaierbukhari@gmail.com','مهتم بشراء الوحدة رقم 1026 بمشروع رقم 132',NULL,0,'2025-11-30 18:41:37','2025-11-30 18:41:37'),
(482,55,1388,'معاذ','+966554123152','','مهتم بشراء الوحدة رقم 902 بمشروع رقم 132',NULL,0,'2025-12-01 11:13:49','2025-12-01 11:13:49'),
(483,55,1389,'بسمة عبدالرحمن ','+966535854660','BasmaAldayel1@gmail.com','مهتم بشراء الوحدة رقم 903 بمشروع رقم 132',NULL,0,'2025-12-02 15:21:27','2025-12-02 15:21:27'),
(484,55,1388,'Sara Saleh','+966500597974','Miss_zamil@hotmail.com','مهتم بشراء الوحدة رقم 902 بمشروع رقم 132',NULL,0,'2025-12-07 13:40:52','2025-12-07 13:40:52'),
(485,55,1416,'حسناء احمد ال حسن','+966533868287','A515_@hotmail.com','مهتم بشراء الوحدة رقم 1026 بمشروع رقم 132',NULL,0,'2025-12-09 04:01:16','2025-12-09 04:01:16'),
(486,55,1414,'نور الحاج عيسى','+966533215726',NULL,'مهتم بشراء الوحدة رقم 1024 بمشروع رقم 132',NULL,0,'2025-12-09 11:31:05','2025-12-09 11:31:05'),
(487,55,1416,'حسام','+966569093755','Capt.hsr94@gmail.com','مهتم بشراء الوحدة رقم 1026 بمشروع رقم 132',NULL,0,'2025-12-09 16:11:50','2025-12-09 16:11:50'),
(488,43,693,'نواف المقرن','+966532001202','Dr.nawafmuqren@gmail.com','مهتم بشراء الوحدة رقم 223 بمشروع رقم 125',NULL,0,'2025-12-09 16:57:24','2025-12-09 16:57:24'),
(489,55,1391,'Asma','+966555885380','asmaalomar8@gmail.com','مهتم بشراء الوحدة رقم 911 بمشروع رقم 132',NULL,0,'2025-12-10 13:58:47','2025-12-10 13:58:47'),
(490,53,860,'سلطان','+966555457079',NULL,'مهتم بشراء الوحدة رقم 13 بمشروع رقم 123',NULL,0,'2025-12-13 16:22:35','2025-12-13 16:22:35'),
(491,43,836,'Shokhzod','+966532441927','berdiev_shaxzod@mail.ru','مهتم بشراء الوحدة رقم 503 بمشروع رقم 125',NULL,0,'2025-12-13 19:40:46','2025-12-13 19:40:46'),
(492,55,1388,'عبدالله التميمي','+966500280198',NULL,'Interested of Unit 902, Project No 132',NULL,0,'2025-12-15 19:02:28','2025-12-15 19:02:28'),
(493,55,1391,'Tamer Hamed','+966503668110','Tamer.fouad76@hotmail.com','Interested of Unit 911, Project No 132',NULL,0,'2025-12-19 09:45:35','2025-12-19 09:45:35'),
(494,53,860,'ساره الدوسري ','+966508188923','Saron211@hotmail.com','مهتم بشراء الوحدة رقم 13 بمشروع رقم 123',NULL,0,'2025-12-19 16:58:41','2025-12-19 16:58:41'),
(495,55,1408,'Nabil','+966567537093','sayfayn@gmail.com','مهتم بشراء الوحدة رقم 1014 بمشروع رقم 132',NULL,0,'2025-12-20 02:32:08','2025-12-20 02:32:08'),
(496,55,1416,'Dr.Sanaa Alorf','+966564308899','Dr.sanahamad@gmail.com','Interested of Unit 1026, Project No 132',NULL,0,'2025-12-20 17:47:34','2025-12-20 17:47:34'),
(497,55,1414,'نوره العمري ','+966554993838',NULL,'مهتم بشراء الوحدة رقم 1024 بمشروع رقم 132',NULL,0,'2025-12-20 22:49:45','2025-12-20 22:49:45'),
(498,53,860,'جراح بن هملول السقياني ','+966580539222','Msoc.1993@gmail.com','مهتم بشراء الوحدة رقم 13 بمشروع رقم 123',NULL,0,'2025-12-23 12:42:20','2025-12-23 12:42:20'),
(499,53,860,'عواطف سعد العنزي  ','+966503242417',NULL,'مهتم بشراء الوحدة رقم 13 بمشروع رقم 123',NULL,0,'2025-12-23 14:19:04','2025-12-23 14:19:04'),
(500,55,1391,'جوانا حمزه','+966532177781','Joanna.ahamza@gmail.com','مهتم بشراء الوحدة رقم 911 بمشروع رقم 132',NULL,0,'2025-12-24 05:36:06','2025-12-24 05:36:06'),
(501,55,1408,'جوانا حمزه','+966532177781','Joanna.ahamza@gmail.com','مهتم بشراء الوحدة رقم 1014 بمشروع رقم 132',NULL,0,'2025-12-24 05:36:58','2025-12-24 05:36:58'),
(502,53,860,'بندر عبدالله عبدالعزيز بن حلوان ','+966555476743','bnh5599@gmail.com','مهتم بشراء الوحدة رقم 13 بمشروع رقم 123',NULL,0,'2025-12-27 16:11:47','2025-12-27 16:11:47'),
(503,55,1388,'عبدالله الهويشل ','+966505212720',NULL,'مهتم بشراء الوحدة رقم 902 بمشروع رقم 132',NULL,0,'2025-12-28 14:30:19','2025-12-28 14:30:19'),
(504,55,1408,'ساره ادريس ','+966535020230','s.Idriss@hotmail.com','مهتم بشراء الوحدة رقم 1014 بمشروع رقم 132',NULL,0,'2025-12-30 17:43:15','2025-12-30 17:43:15'),
(505,55,1408,'سارة ادريس ','+966535020230',NULL,'مهتم بشراء الوحدة رقم 1014 بمشروع رقم 132',NULL,0,'2025-12-30 17:44:03','2025-12-30 17:44:03'),
(506,45,737,'Irfan Mansur ','+966551455330','irfanmansur@hotmail.com','Interested of Unit 411, Project No 127',NULL,0,'2025-12-31 14:59:36','2025-12-31 14:59:36'),
(507,55,1416,'محمد خالد ','+966538855524','Mohammed-591@hotmail.com','مهتم بشراء الوحدة رقم 1026 بمشروع رقم 132',NULL,0,'2026-01-01 13:01:08','2026-01-01 13:01:08'),
(508,55,1395,'Kamal ALSAADAWI ','+966582888924','abu_kamal@hotmail.con','Interested of Unit 921, Project No 132',NULL,0,'2026-01-04 15:29:09','2026-01-04 15:29:09'),
(509,55,1416,'Shroog Alrasheedi','+966538541891','Shroog.s.alrasheedi@gmail.com','مهتم بشراء الوحدة رقم 1026 بمشروع رقم 132',NULL,0,'2026-01-06 10:20:16','2026-01-06 10:20:16'),
(510,55,1414,'ابراهيم شبراويشي ','+966542785225','Shabrawishyeb@gmail.com','مهتم بشراء الوحدة رقم 1024 بمشروع رقم 132',NULL,0,'2026-01-06 19:02:09','2026-01-06 19:02:09'),
(511,55,1416,'Abdulmalek AlKaabi','+966565782644','AbdulmalekRK@gmail.com','Interested of Unit 1026, Project No 132',NULL,0,'2026-01-09 12:22:32','2026-01-09 12:22:32'),
(512,55,1388,'مشعل اباالخيل','+966537711558','mishaal.abaalkhail@live.com','مهتم بشراء الوحدة رقم 902 بمشروع رقم 132',NULL,0,'2026-01-10 18:12:22','2026-01-10 18:12:22'),
(513,53,860,'فهد','+966544005010',NULL,'مهتم بشراء الوحدة رقم 13 بمشروع رقم 123',NULL,0,'2026-01-11 09:53:42','2026-01-11 09:53:42'),
(514,53,860,'نواف عاتي ','+966502310986','nawaf765546@gmail.com','مهتم بشراء الوحدة رقم 13 بمشروع رقم 123',NULL,0,'2026-01-12 09:27:34','2026-01-12 09:27:34'),
(515,55,1416,'ميساء محمد السويد','+966573667691','mayssa.21.11@gmail.com','مهتم بشراء الوحدة رقم 1026 بمشروع رقم 132',NULL,0,'2026-01-12 16:52:35','2026-01-12 16:52:35'),
(516,49,938,'عبدالله','+966500550129',NULL,'مهتم بشراء الوحدة رقم 203 بمشروع رقم 128',NULL,0,'2026-01-13 11:34:11','2026-01-13 11:34:11'),
(517,55,1416,'عبدالرحمن النافع','+966550624768','Abdulalnafia@gmail.com','مهتم بشراء الوحدة رقم 1026 بمشروع رقم 132',NULL,0,'2026-01-14 16:02:53','2026-01-14 16:02:53'),
(518,55,1416,'Hamida','+966590008591','Khaybri@gmail.com','مهتم بشراء الوحدة رقم 1026 بمشروع رقم 132',NULL,0,'2026-01-14 17:53:07','2026-01-14 17:53:07'),
(519,53,860,'ماجد نايف العنزي','+966553339198','majd45p@gmail.com','مهتم بشراء الوحدة رقم 13 بمشروع رقم 123',NULL,0,'2026-01-21 16:50:06','2026-01-21 16:50:06'),
(520,55,1388,'عائشة محمد ','+966504134583',NULL,'مهتم بشراء الوحدة رقم 902 بمشروع رقم 132',NULL,0,'2026-01-24 12:53:34','2026-01-24 12:53:34'),
(521,55,1395,'Ahmed Mohaed','+966542800128','Ahmed.jameel2020@yahoo.com','Interested of Unit 921, Project No 132',NULL,0,'2026-01-24 17:46:48','2026-01-24 17:46:48'),
(522,53,860,'رولا ','+966530363926',NULL,'مهتم بشراء الوحدة رقم 13 بمشروع رقم 123',NULL,0,'2026-02-06 07:31:58','2026-02-06 07:31:58'),
(523,49,788,'نوح عايض صالح الزبني','+966531331013','aydsalhalrshydyn@gmail.com','مهتم بشراء الوحدة رقم 103 بمشروع رقم 128',NULL,0,'2026-02-06 08:58:53','2026-02-06 08:58:53'),
(524,55,1388,'أروى محمد','+966557053000','arwamohammad.am@gmail.com','مهتم بشراء الوحدة رقم 902 بمشروع رقم 132',NULL,0,'2026-02-06 14:42:12','2026-02-06 14:42:12'),
(525,55,1391,'Waleed Qrmli','+966545144416','Wqrmli@gmail.com','مهتم بشراء الوحدة رقم 911 بمشروع رقم 132',NULL,0,'2026-02-07 08:55:24','2026-02-07 08:55:24'),
(526,55,1416,'ريهام','+966560396854',NULL,'مهتم بشراء الوحدة رقم 1026 بمشروع رقم 132',NULL,0,'2026-02-08 18:32:25','2026-02-08 18:32:25'),
(527,49,788,'ضحى','+966568699097','Duha-1411@hotmail.com','مهتم بشراء الوحدة رقم 103 بمشروع رقم 128',NULL,0,'2026-02-13 10:07:23','2026-02-13 10:07:23'),
(528,53,860,'Mona','+966554875584',NULL,'مهتم بشراء الوحدة رقم 13 بمشروع رقم 123',NULL,0,'2026-02-13 10:11:36','2026-02-13 10:11:36'),
(529,53,860,'عفراء','+966559222420',NULL,'مهتم بشراء الوحدة رقم 13 بمشروع رقم 123',NULL,0,'2026-02-16 14:34:42','2026-02-16 14:34:42'),
(530,55,1391,'عائشه ','+966504977883','Dr.aishah.abdullah@hotmail.com','مهتم بشراء الوحدة رقم 911 بمشروع رقم 132',NULL,0,'2026-02-18 07:39:46','2026-02-18 07:39:46'),
(531,43,688,'غاده احمد','+966551392729',NULL,'مهتم بشراء الوحدة رقم 211 بمشروع رقم 125',NULL,0,'2026-02-18 22:05:50','2026-02-18 22:05:50'),
(532,55,1416,'Raghad Shafi ','+966566066416',NULL,'مهتم بشراء الوحدة رقم 1026 بمشروع رقم 132',NULL,0,'2026-02-20 09:44:19','2026-02-20 09:44:19'),
(533,45,739,'موضي الغامدي ','+966534248909','Modee772009@hotmail.com','مهتم بشراء الوحدة رقم 413 بمشروع رقم 127',NULL,0,'2026-02-20 10:58:08','2026-02-20 10:58:08'),
(534,55,1395,'Karim El Zein','+966535722422','karimelzein@outlook.com','Interested of Unit 921, Project No 132',NULL,0,'2026-02-21 13:19:23','2026-02-21 13:19:23'),
(535,55,1416,'Amal Suliman ','+966555866538','amal.azzaz@gmail.com','مهتم بشراء الوحدة رقم 1026 بمشروع رقم 132',NULL,0,'2026-02-23 09:26:57','2026-02-23 09:26:57'),
(536,55,1391,'سعد المرشد','+966500020040','Sa4dd1@gmail.com','مهتم بشراء الوحدة رقم 911 بمشروع رقم 132',NULL,0,'2026-02-23 13:04:19','2026-02-23 13:04:19'),
(537,55,1388,'Mohamad darwich','+966599499392',NULL,'مهتم بشراء الوحدة رقم 902 بمشروع رقم 132',NULL,0,'2026-02-23 13:53:41','2026-02-23 13:53:41'),
(538,55,1391,'Mohamad darwich','+966599499392',NULL,'مهتم بشراء الوحدة رقم 911 بمشروع رقم 132',NULL,0,'2026-02-23 13:56:39','2026-02-23 13:56:39'),
(539,53,860,'فهد مطلق','+966544005010',NULL,'مهتم بشراء الوحدة رقم 13 بمشروع رقم 123',NULL,0,'2026-02-23 16:07:07','2026-02-23 16:07:07'),
(540,55,1391,'عبدالمنعم','+966569542054',NULL,'مهتم بشراء الوحدة رقم 911 بمشروع رقم 132',NULL,0,'2026-02-23 22:52:04','2026-02-23 22:52:04'),
(541,53,860,'حصة العمرو','+966559809873','hessa.alamr@gmail.com','مهتم بشراء الوحدة رقم 13 بمشروع رقم 123',NULL,0,'2026-02-24 07:57:59','2026-02-24 07:57:59'),
(542,55,1391,'مآب الحسين ','+966502317228',NULL,'مهتم بشراء الوحدة رقم 911 بمشروع رقم 132',NULL,0,'2026-02-24 14:09:03','2026-02-24 14:09:03'),
(543,53,860,'Samia saeed bin saeed','+966502090061','So.so_2000@hotmail.com','مهتم بشراء الوحدة رقم 13 بمشروع رقم 123',NULL,0,'2026-02-25 21:35:22','2026-02-25 21:35:22'),
(544,43,837,'فاطمه احمد مجرشي','+966552098242',NULL,'مهتم بشراء الوحدة رقم 504 بمشروع رقم 125',NULL,0,'2026-02-26 09:27:09','2026-02-26 09:27:09'),
(545,43,693,'عبدالله محسن الجعفري','+966557868511','hnoodi2020@gmail.com','مهتم بشراء الوحدة رقم 223 بمشروع رقم 125',NULL,0,'2026-02-26 20:13:13','2026-02-26 20:13:13'),
(546,55,1416,'Marwah Islami','+966506362959','Marwahislami@hotmail.com','مهتم بشراء الوحدة رقم 1026 بمشروع رقم 132',NULL,0,'2026-02-28 14:37:38','2026-02-28 14:37:38'),
(547,43,837,'عبدالرحمن المرعول','+966569922621','A159a@hotmail.com','مهتم بشراء الوحدة رقم 504 بمشروع رقم 125',NULL,0,'2026-03-01 23:54:16','2026-03-01 23:54:16'),
(548,55,1416,'طارق','+966590555881','Tsm313@hotmail.com','مهتم بشراء الوحدة رقم 1026 بمشروع رقم 132',NULL,0,'2026-03-03 19:50:58','2026-03-03 19:50:58'),
(549,55,1416,'رجاوي سقا','+966567788252','rj.sagga@gmail.com','مهتم بشراء الوحدة رقم 1026 بمشروع رقم 132',NULL,0,'2026-03-05 13:08:14','2026-03-05 13:08:14'),
(550,55,1391,'عبدالمحسن القحطاني','+966531955358','Eng.mfardan@gmail.com','مهتم بشراء الوحدة رقم 911 بمشروع رقم 132',NULL,0,'2026-03-07 21:59:45','2026-03-07 21:59:45'),
(551,53,860,'عبدالملك منصور العقيفي ','+966582222961','Abdulmalik.alogaifi@gmail.com','مهتم بشراء الوحدة رقم 13 بمشروع رقم 123',NULL,0,'2026-03-10 00:04:08','2026-03-10 00:04:08'),
(552,55,1391,'Bayader Abdulquddus ','+966546022876',NULL,'مهتم بشراء الوحدة رقم 911 بمشروع رقم 132',NULL,0,'2026-03-12 08:48:33','2026-03-12 08:48:33'),
(553,55,1469,'جود خالد السفياني','+966541561439','Joudksf1@gmail.com','مهتم بشراء الوحدة رقم 1233 بمشروع رقم 132',NULL,0,'2026-03-14 22:27:24','2026-03-14 22:27:24'),
(554,43,837,'Durrah','+966541206681',NULL,'مهتم بشراء الوحدة رقم 504 بمشروع رقم 125',NULL,0,'2026-03-15 18:15:18','2026-03-15 18:15:18'),
(555,55,1416,'Rajaa Alshareef','+966567333372','Rajaaa@outlook.com','Interested of Unit 1026, Project No 132',NULL,0,'2026-03-18 11:20:11','2026-03-18 11:20:11'),
(556,53,860,'مشعل عبدالعزيز فهد السويلم ','+966566306082',NULL,'مهتم بشراء الوحدة رقم 13 بمشروع رقم 123',NULL,0,'2026-03-22 16:41:22','2026-03-22 16:41:22'),
(557,55,1465,'فواز','+966553800600',NULL,'Interested of Unit 1224, Project No 132',NULL,0,'2026-03-27 14:10:52','2026-03-27 14:10:52'),
(558,49,788,'Nouf ','+966566668293',NULL,'مهتم بشراء الوحدة رقم 103 بمشروع رقم 128',NULL,0,'2026-03-29 12:16:59','2026-03-29 12:16:59'),
(559,55,1465,'سعود','+966555101409',NULL,'مهتم بشراء الوحدة رقم 1224 بمشروع رقم 132',NULL,0,'2026-04-05 16:32:16','2026-04-05 16:32:16'),
(560,45,737,'عبدالله','+966503293361','Bawazir.ao@gmail.com','مهتم بشراء الوحدة رقم 411 بمشروع رقم 127',NULL,0,'2026-04-06 09:48:59','2026-04-06 09:48:59'),
(561,55,1448,'اسماء','+966545871984','Asmaalq94@gmail.com','Interested of Unit 1104, Project No 132',NULL,0,'2026-04-07 14:13:48','2026-04-07 14:13:48'),
(562,45,740,'جميلة','+966553324806','                              ','مهتم بشراء الوحدة رقم 414 بمشروع رقم 127',NULL,0,'2026-04-09 09:35:30','2026-04-09 09:35:30'),
(563,45,762,'جميلة','+966553324806',NULL,'مهتم بشراء الوحدة رقم 211 بمشروع رقم 127',NULL,0,'2026-04-09 09:36:38','2026-04-09 09:36:38'),
(564,55,1077,'حاتم محمد ','+966530233782','wajeez87@gmail.com','مهتم بشراء الوحدة رقم 131 بمشروع رقم 132',NULL,0,'2026-04-13 17:26:16','2026-04-13 17:26:16'),
(565,55,1465,'عبدالرحمن عبدالله الصغير','+966568825880','Alsagir.9.7@gmail.com','مهتم بشراء الوحدة رقم 1224 بمشروع رقم 132',NULL,0,'2026-04-15 22:33:11','2026-04-15 22:33:11'),
(566,55,1461,'ريهام','+966560396854',NULL,'مهتم بشراء الوحدة رقم 1215 بمشروع رقم 132',NULL,0,'2026-04-16 07:26:04','2026-04-16 07:26:04'),
(567,55,1456,'فارس عبدالعزيز البلوي','+966551490955','F.albalawi718@gmail.com','مهتم بشراء الوحدة رقم 1202 بمشروع رقم 132',NULL,0,'2026-04-16 10:55:16','2026-04-16 10:55:16'),
(568,55,1445,'مي الحماد','+966555486296','maiialhammad@yahoo.com','مهتم بشراء الوحدة رقم 1101 بمشروع رقم 132',NULL,0,'2026-04-16 15:06:55','2026-04-16 15:06:55'),
(569,55,1456,'انس','+966540001334','a.haneya@gmail.com','مهتم بشراء الوحدة رقم 1202 بمشروع رقم 132',NULL,0,'2026-04-16 21:11:44','2026-04-16 21:11:44'),
(570,49,788,'عبدالرحمن الشمراني ','+966530006908',NULL,'مهتم بشراء الوحدة رقم 103 بمشروع رقم 128',NULL,0,'2026-04-17 06:58:44','2026-04-17 06:58:44'),
(571,55,1448,'مهند حسين','+966558441060',NULL,'مهتم بشراء الوحدة رقم 1104 بمشروع رقم 132',NULL,0,'2026-04-17 12:12:55','2026-04-17 12:12:55'),
(572,55,1448,'روان','+966559182318','Rawansaif2019@gmail.com','مهتم بشراء الوحدة رقم 1104 بمشروع رقم 132',NULL,0,'2026-04-18 07:21:39','2026-04-18 07:21:39'),
(573,55,1465,'Mohannad','+966558441060',NULL,'مهتم بشراء الوحدة رقم 1224 بمشروع رقم 132',NULL,0,'2026-04-18 07:52:32','2026-04-18 07:52:32'),
(574,55,1451,'ياسر','+966503456177','yaserwathlan@gmail.com','مهتم بشراء الوحدة رقم 1113 بمشروع رقم 132',NULL,0,'2026-04-19 11:48:57','2026-04-19 11:48:57'),
(575,55,1416,'ولاء','+966565274172',NULL,'مهتم بشراء الوحدة رقم 1026 بمشروع رقم 132',NULL,0,'2026-04-20 22:10:16','2026-04-20 22:10:16'),
(576,55,1078,'Walaa','+966565274172',NULL,'مهتم بشراء الوحدة رقم 132 بمشروع رقم 132',NULL,0,'2026-04-20 22:12:03','2026-04-20 22:12:03'),
(577,55,1077,'رزان','+966533335393','xxoxx-000@hotmail.com','مهتم بشراء الوحدة رقم 131 بمشروع رقم 132',NULL,0,'2026-04-25 21:06:26','2026-04-25 21:06:26');

--
-- Table structure for table `s_models`
--

CREATE TABLE `s_models` (
  `id` bigint(20) unsigned NOT NULL AUTO_INCREMENT,
  `name` varchar(255) NOT NULL,
  `project_id` bigint(20) unsigned DEFAULT 0,
  `active` tinyint(1) NOT NULL DEFAULT 0,
  `created_at` timestamp NULL DEFAULT NULL,
  `updated_at` timestamp NULL DEFAULT NULL,
  PRIMARY KEY (`id`)
) ENGINE=InnoDB AUTO_INCREMENT=56 DEFAULT CHARSET=utf8mb4 COLLATE=utf8mb4_unicode_ci;

--
-- Dumping data for table `s_models`
--

INSERT INTO `s_models` VALUES
(2,'A',2,1,'2025-02-23 19:07:07','2025-02-23 19:07:07'),
(3,'B',2,1,'2025-02-23 19:07:07','2025-02-23 19:07:07'),
(4,'C',2,1,'2025-02-23 19:07:07','2025-02-23 19:07:07'),
(5,'D',2,1,'2025-02-23 19:07:07','2025-02-23 19:07:07'),
(6,'E',2,1,'2025-02-23 19:07:07','2025-02-23 19:07:07'),
(7,'A',35,1,'2025-02-23 19:07:07','2025-02-23 19:07:07'),
(8,'B',35,1,'2025-02-23 19:07:07','2025-02-23 19:07:07'),
(9,'C',35,1,'2025-02-23 19:07:07','2025-02-23 19:07:07'),
(10,'D',35,1,'2025-02-23 19:07:07','2025-02-23 19:07:07'),
(11,'E',35,1,'2025-02-23 19:07:07','2025-02-23 19:07:07'),
(12,'A',43,1,'2025-02-23 19:07:07','2025-02-23 19:07:07'),
(13,'B',43,1,'2025-02-23 19:07:07','2025-02-23 19:07:07'),
(14,'C',43,1,'2025-02-23 19:07:07','2025-02-23 19:07:07'),
(15,'D',43,1,'2025-02-23 19:07:07','2025-02-23 19:07:07'),
(16,'E',43,1,'2025-02-23 19:07:07','2025-02-23 19:07:07'),
(17,'A',45,1,'2025-02-23 19:07:07','2025-02-23 19:07:07'),
(18,'B',45,1,'2025-02-23 19:07:07','2025-02-23 19:07:07'),
(19,'C',45,1,'2025-02-23 19:07:07','2025-02-23 19:07:07'),
(20,'D',45,1,'2025-02-23 19:07:07','2025-02-23 19:07:07'),
(21,'A',49,1,'2025-02-23 19:07:07','2025-02-23 19:07:07'),
(22,'B',49,1,'2025-02-23 19:07:07','2025-02-23 19:07:07'),
(23,'C',49,1,'2025-02-23 19:07:07','2025-02-23 19:07:07'),
(24,'D',49,1,'2025-02-23 19:07:07','2025-02-23 19:07:07'),
(25,'A',51,1,'2025-02-23 19:07:07','2025-02-23 19:07:07'),
(26,'B',51,1,'2025-02-23 19:07:07','2025-02-23 19:07:07'),
(27,'C',51,1,'2025-02-23 19:07:07','2025-02-23 19:07:07'),
(28,'D',51,1,'2025-02-23 19:07:07','2025-02-23 19:07:07'),
(29,'E',51,1,'2025-02-23 19:07:07','2025-02-23 19:07:07'),
(30,'F',51,0,'2025-02-23 19:07:07','2025-03-02 10:17:36'),
(31,'G',51,0,'2025-02-23 19:07:07','2025-03-02 10:17:32'),
(32,'H',51,0,'2025-02-23 19:07:07','2025-03-02 10:17:29'),
(33,'I',51,0,'2025-02-23 19:07:07','2025-03-02 10:17:25'),
(34,'A',55,1,'2025-02-25 07:24:07','2025-02-25 07:24:07'),
(35,'B',55,1,'2025-02-25 07:24:12','2025-02-25 07:24:12'),
(36,'C',55,1,'2025-02-25 07:24:17','2025-02-25 07:24:17'),
(37,'D',55,1,'2025-02-25 07:24:23','2025-02-25 07:24:23'),
(38,'E',55,1,'2025-03-13 09:49:22','2025-03-13 09:49:22'),
(39,'F',55,1,'2025-03-13 09:49:38','2025-03-13 09:49:38'),
(40,'G',55,1,'2025-03-13 09:49:48','2025-03-13 09:49:48'),
(46,'A',54,1,'2025-04-27 07:51:41','2025-04-27 07:51:41'),
(47,'B',54,1,'2025-04-27 07:51:49','2025-04-27 07:51:49'),
(48,'C',54,1,'2025-04-27 07:51:59','2025-04-27 07:51:59'),
(49,'D',54,1,'2025-04-27 09:39:48','2025-04-27 09:39:48'),
(50,'H',55,1,'2025-05-25 12:13:08','2025-05-25 12:13:08'),
(51,'I',55,1,'2025-05-25 12:13:20','2025-05-25 12:13:20'),
(52,'L',55,1,'2025-09-04 12:56:50','2025-09-04 12:56:50'),
(53,'M',55,1,'2025-09-04 13:11:18','2025-09-04 13:11:18'),
(54,'J',55,1,'2026-03-14 03:13:19','2026-03-14 03:13:19'),
(55,'K',55,1,'2026-03-14 03:13:32','2026-03-14 03:13:32');

--
